000
CXUS53 KILX 252300
CF6LWV
PRELIMINARY LOCAL CLIMATOLOGICAL DATA (WS FORM: F-6)

                                          STATION:   LAWRENCEVILLE IL AIRPORT
                                          MONTH:     FEBRUARY
                                          YEAR:      2018
                                          LATITUDE:   38 45 N
                                          LONGITUDE:  87 36 W

  TEMPERATURE IN F:       :PCPN:    SNOW:  WIND      :SUNSHINE: SKY     :PK WND
================================================================================
1   2   3   4   5  6A  6B    7    8   9   10  11  12  13   14  15   16   17  18
                                     12Z  AVG MX 2MIN
DY MAX MIN AVG DEP HDD CDD  WTR  SNW DPTH SPD SPD DIR MIN PSBL S-S WX    SPD DR
================================================================================

 1  44  17  31  -1  34   0    T    M    M 13.8 24 320   M    M   6        30 330
 2  26  12  19 -13  46   0 0.00    M    M  7.9 22 340   M    M   0        27 330
 3  38  20  29  -4  36   0 0.00    M    M 12.9 22 180   M    M   8        25 170
 4  45  15  30  -3  35   0 0.05    M    M 15.2 30 330   M    M  10 18     36 320
 5  29   8  19 -14  46   0 0.01    M    M  5.1 17 160   M    M   3 18     20 160
 6  32  23  28  -5  37   0    T    M    M  8.1 17 350   M    M   5 1      20 360
 7  34  20  27  -7  38   0 0.02    M    M 11.4 18 330   M    M   5 168    22 330
 8  37  17  27  -7  38   0 0.00    M    M  5.8 14 170   M    M   3 18     18 200
 9  53  30  42   8  23   0 0.00    M    M  7.0 18 210   M    M   4        21 220
10  39  31  35   1  30   0 0.00    M    M 11.7 20  20   M    M  10 18     24  30
11  32  24  28  -6  37   0 0.04    M    M 11.5 21 320   M    M  10 168    24 300
12  40  17  29  -6  36   0 0.00    M    M 10.4 16  40   M    M   0        20  10
13  40  24  32  -3  33   0 0.00    M    M  7.9 14  70   M    M   5 1      16 130
14  58  33  46  11  19   0 0.50    M    M 10.1 21 210   M    M   9 138    25 200
15   M   M   M   M   M   M 0.73    M    M 16.2 28 210   M    M   9 18     38 220
16  60  32  46  10  19   0 0.13    M    M 12.1 25 340   M    M   9 18     30 340
17  40  30  35  -1  30   0 0.09    M    M  6.4 16 310   M    M   6 128    20 310
18  52  27  40   4  25   0 0.00    M    M  8.0 16 170   M    M   2 1      20 150
19  70  46  58  21   7   0 0.02    M    M 18.1 30 210   M    M   8        35 210
20  78  54  66  29   0   1 0.06    M    M 20.7 37 200   M    M   4 1      45 200
21  53  36  45   8  20   0 1.32    M    M 12.9 24 310   M    M  10 1      27 310
22  48  39  44   6  21   0 0.20    M    M 10.7 24  80   M    M  10 1      29  80
23  58  46  52  14  13   0 0.30    M    M  8.5 25 290   M    M   9 1      30 250
24  61  45  53  15  12   0 1.80    M    M 11.8 32 250   M    M   9 1      41 250
================================================================================
SM 1067  646       635   1  5.27    M    264.2          M      154
================================================================================
AV 46.4 28.1                              11.0 FASTST   M    M   6    MAX(MPH)
                                 MISC ---->  # 37 200               # 45  200
================================================================================
NOTES:
# LAST OF SEVERAL OCCURRENCES

COLUMN 17 PEAK WIND IN M.P.H.

PRELIMINARY LOCAL CLIMATOLOGICAL DATA (WS FORM: F-6) , PAGE 2

                                          STATION:  LAWRENCEVILLE IL AIRPORT
                                          MONTH:    FEBRUARY
                                          YEAR:     2018
                                          LATITUDE:   38 45 N
                                          LONGITUDE:  87 36 W

[TEMPERATURE DATA]      [PRECIPITATION DATA]       SYMBOLS USED IN COLUMN 16

AVERAGE MONTHLY: 37.2   TOTAL FOR MONTH:   5.27    1 = FOG OR MIST
DPTR FM NORMAL:   2.2   DPTR FM NORMAL:    3.50    2 = FOG REDUCING VISIBILITY
HIGHEST:    78 ON 20    GRTST 24HR  1.80 ON 24-24      TO 1/4 MILE OR LESS
LOWEST:      8 ON  5                               3 = THUNDER
                        SNOW, ICE PELLETS, HAIL    4 = ICE PELLETS
                        TOTAL MONTH:    M          5 = HAIL
                        GRTST 24HR    M  ON   M    6 = FREEZING RAIN OR DRIZZLE
                        GRTST DEPTH:  M  ON   M    7 = DUSTSTORM OR SANDSTORM:
                                                       VSBY 1/2 MILE OR LESS
                                                   8 = SMOKE OR HAZE
[NO. OF DAYS WITH]      [WEATHER - DAYS WITH]      9 = BLOWING SNOW
                                                   X = TORNADO
MAX 32 OR BELOW:   4    0.01 INCH OR MORE:  14
MAX 90 OR ABOVE:   0    0.10 INCH OR MORE:   7
MIN 32 OR BELOW:  16    0.50 INCH OR MORE:   4
MIN  0 OR BELOW:   0    1.00 INCH OR MORE:   2

[HDD (BASE 65) ]
TOTAL THIS MO.   635    CLEAR  (SCALE 0-3)   4
DPTR FM NORMAL   -87    PTCLDY (SCALE 4-7)   8
TOTAL FM JUL 1  3549    CLOUDY (SCALE 8-10) 12
DPTR FM NORMAL   -24

[CDD (BASE 65) ]
TOTAL THIS MO.     1
DPTR FM NORMAL     1    [PRESSURE DATA]
TOTAL FM JAN 1     1    HIGHEST SLP M ON M
DPTR FM NORMAL     1    LOWEST  SLP 29.57 ON 24

[REMARKS]
