000
CXUS55 KEAX 290736
CF6LXT
PRELIMINARY LOCAL CLIMATOLOGICAL DATA (WS FORM: F-6)

                                          STATION:   Lee`s Summit MO
                                          MONTH:     MARCH
                                          YEAR:      2017
                                          LATITUDE:   38 57 N
                                          LONGITUDE:  94 22 W

  TEMPERATURE IN F:       :PCPN:    SNOW:  WIND      :SUNSHINE: SKY     :PK WND
================================================================================
1   2   3   4   5  6A  6B    7    8   9   10  11  12  13   14  15   16   17  18
                                     12Z  AVG MX 2MIN
DY MAX MIN AVG DEP HDD CDD  WTR  SNW DPTH SPD SPD DIR MIN PSBL S-S WX    SPD DR
================================================================================

 1  51  35  43   4  22   0 0.00    M    M 14.5 28 300   M    M   5        36 300
 2  55  29  42   3  23   0 0.00    M    M 10.4 23 330   M    M   1        32 290
 3  56  26  41   1  24   0 0.00    M    M 11.4 22 160   M    M   1        27 150
 4  69  49  59  19   6   0 0.00    M    M 21.2 32 190   M    M   1        41 210
 5  60  54  57  17   8   0 0.00    M    M 19.5 30 200   M    M  10        41 200
 6  75  49  62  22   3   0 0.28    M    M 27.8 49 290   M    M   7 138    64 280
 7  59  36  48   7  17   0 0.00    M    M 13.6 30 280   M    M   1        44 260
 8  67  39  53  12  12   0 0.00    M    M 10.3 26 220   M    M   0        31 210
 9  69  39  54  12  11   0    T    M    M 10.1 28  20   M    M   2 3      34  10
10  43  27  35  -7  30   0 0.00    M    M 12.9 23  20   M    M   3        30  20
11  35  27  31 -11  34   0 0.01    M    M  9.4 18  70   M    M  10 1      27 340
12  44  23  34  -9  31   0    T    M    M  7.4 20 160   M    M   4 1      25 170
13  41  27  34  -9  31   0    T    M    M 14.6 24 320   M    M  10 1      31 290
14  33  25  29 -14  36   0    T    M    M  7.9 14 360   M    M   8 1      16 360
15  35  18  27 -17  38   0 0.00    M    M  7.0 12 150   M    M   5        18 210
16  67  33  50   6  15   0 0.00    M    M 13.2 22 180   M    M   3        29 190
17  73  53  63  19   2   0 0.00    M    M 10.5 23 200   M    M   4        29 190
18  65  39  52   7  13   0 0.00    M    M  6.9 17 350   M    M   1        23 360
19  86  50  68  23   0   3    T    M    M 14.7 28 190   M    M   3        35 210
20  82  64  73  28   0   8 0.00    M    M 12.2 17 200   M    M   0        27 200
21  61  45  53   7  12   0    T    M    M 14.5 26  50   M    M   5        33  20
22  57  37  47   1  18   0 0.00    M    M 13.0 21 140   M    M   4        35  60
23  79  50  65  19   0   0 0.00    M    M 15.7 30 180   M    M   4        39 190
24  70  56  63  16   2   0 0.31    M    M 12.8 29 200   M    M   6 1      34 200
25  62  46  54   7  11   0 0.21    M    M  8.8 18  10   M    M   8 1      22  10
26  54  44  49   2  16   0 0.01    M    M  7.2 17  10   M    M  10        19  10
27  53  46  50   2  15   0 0.38    M    M  9.7 23  70   M    M  10 1      27  50
28  54  48  51   3  14   0 0.00    M    M  9.4 22  70   M    M  10 1      33 130
================================================================================
SM 1655 1114       444  11  1.20    M    346.6          M      136
================================================================================
AV 59.1 39.8                              12.4 FASTST   M    M   5    MAX(MPH)
                                 MISC ---->  # 49 290               # 64  280
================================================================================
NOTES:
# LAST OF SEVERAL OCCURRENCES

COLUMN 17 PEAK WIND IN M.P.H.

PRELIMINARY LOCAL CLIMATOLOGICAL DATA (WS FORM: F-6) , PAGE 2

                                          STATION:  Lee`s Summit MO
                                          MONTH:    MARCH
                                          YEAR:     2017
                                          LATITUDE:   38 57 N
                                          LONGITUDE:  94 22 W

[TEMPERATURE DATA]      [PRECIPITATION DATA]       SYMBOLS USED IN COLUMN 16

AVERAGE MONTHLY: 49.5   TOTAL FOR MONTH:   1.20    1 = FOG OR MIST
DPTR FM NORMAL:   6.0   DPTR FM NORMAL:   -0.89    2 = FOG REDUCING VISIBILITY
HIGHEST:    86 ON 19    GRTST 24HR  0.38 ON 27-27      TO 1/4 MILE OR LESS
LOWEST:     18 ON 15                               3 = THUNDER
                        SNOW, ICE PELLETS, HAIL    4 = ICE PELLETS
                        TOTAL MONTH:    M          5 = HAIL
                        GRTST 24HR    M  ON   M    6 = FREEZING RAIN OR DRIZZLE
                        GRTST DEPTH:  M  ON   M    7 = DUSTSTORM OR SANDSTORM:
                                                       VSBY 1/2 MILE OR LESS
                                                   8 = SMOKE OR HAZE
[NO. OF DAYS WITH]      [WEATHER - DAYS WITH]      9 = BLOWING SNOW
                                                   X = TORNADO
MAX 32 OR BELOW:   0    0.01 INCH OR MORE:   6
MAX 90 OR ABOVE:   0    0.10 INCH OR MORE:   4
MIN 32 OR BELOW:   8    0.50 INCH OR MORE:   0
MIN  0 OR BELOW:   0    1.00 INCH OR MORE:   0

[HDD (BASE 65) ]
TOTAL THIS MO.   444    CLEAR  (SCALE 0-3)  10
DPTR FM NORMAL  -159    PTCLDY (SCALE 4-7)  12
TOTAL FM JUL 1  3451    CLOUDY (SCALE 8-10)  6
DPTR FM NORMAL -1110

[CDD (BASE 65) ]
TOTAL THIS MO.    11
DPTR FM NORMAL    11    [PRESSURE DATA]
TOTAL FM JAN 1    11    HIGHEST SLP  0.00 ON M
DPTR FM NORMAL    11    LOWEST  SLP  0.00 ON M

[REMARKS]
