000
CXUS55 KEAX 240736
CF6LXT
PRELIMINARY LOCAL CLIMATOLOGICAL DATA (WS FORM: F-6)

                                          STATION:   Lee`s Summit MO
                                          MONTH:     JUNE
                                          YEAR:      2017
                                          LATITUDE:   38 57 N
                                          LONGITUDE:  94 22 W

  TEMPERATURE IN F:       :PCPN:    SNOW:  WIND      :SUNSHINE: SKY     :PK WND
================================================================================
1   2   3   4   5  6A  6B    7    8   9   10  11  12  13   14  15   16   17  18
                                     12Z  AVG MX 2MIN
DY MAX MIN AVG DEP HDD CDD  WTR  SNW DPTH SPD SPD DIR MIN PSBL S-S WX    SPD DR
================================================================================

 1  80  62  71   2   0   6 0.16    M    M  7.7 17 270   M    M   4 1      24 260
 2  85  68  77   7   0  12 0.00    M    M  6.1 14 160   M    M   2        17 150
 3  86  66  76   6   0  11 0.00    M    M  4.9 13 130   M    M   1        18 130
 4  84  70  77   7   0  12 0.75    M    M  2.6 24  40   M    M   4 13     30  40
 5  92  66  79   9   0  14 0.00    M    M  6.0 16  30   M    M   1 1      20  40
 6  82  64  73   2   0   8 0.00    M    M 10.4 15  40   M    M   0        20  30
 7  81  58  70  -1   0   5 0.00    M    M  3.7 13  60   M    M   0        16  60
 8  82  62  72   1   0   7 0.00    M    M  6.0 13 220   M    M   0        16 240
 9  85  61  73   1   0   8 0.00    M    M 11.3 20 210   M    M   0       170 210
10  89  67  78   6   0  13 0.00    M    M 17.2 26 200   M    M   1        49 160
11  90  70  80   8   0  15 0.00    M    M 17.4 30 190   M    M   0        37 170
12  92  70  81   8   0  16 0.00    M    M 13.3 25 200   M    M   0        32 200
13  90  75  83  10   0  18 0.00    M    M 16.1 28 190   M    M   2        42 200
14  90  72  81   8   0  16 0.30    M    M 14.2 31 250   M    M   3 38     44 230
15  92  67  80   7   0  15 0.08    M    M 12.7 32 250   M    M   1 3      41 250
16  90  68  79   5   0  14 0.03    M    M 11.3 25 220   M    M   1 3      38 210
17  91  68  80   6   0  15 1.62    M    M 10.0 46 310   M    M   2 13     54 300
18  81  65  73  -1   0   8 0.20    M    M  9.6 20 330   M    M   2 1      26 320
19  85  62  74   0   0   9 0.00    M    M  8.4 23 240   M    M   3        29 240
20  90  66  78   3   0  13 0.00    M    M 10.4 17 230   M    M   1        23 230
21  92  72  82   7   0  17 0.00    M    M 14.2 24 190   M    M   0        34 190
22  87  70  79   4   0  14 0.00    M    M 11.8 20 220   M    M   3        27 190
23  83  65  74  -2   0   9    T    M    M 12.1 26  20   M    M   3        32 340
================================================================================
SM 1999 1534         0 275  3.14    M    237.4          M       34
================================================================================
AV 86.9 66.7                              10.3 FASTST   M    M   1    MAX(MPH)
                                 MISC ---->  # 46 310               #170  210
================================================================================
NOTES:
# LAST OF SEVERAL OCCURRENCES

COLUMN 17 PEAK WIND IN M.P.H.

PRELIMINARY LOCAL CLIMATOLOGICAL DATA (WS FORM: F-6) , PAGE 2

                                          STATION:  Lee`s Summit MO
                                          MONTH:    JUNE
                                          YEAR:     2017
                                          LATITUDE:   38 57 N
                                          LONGITUDE:  94 22 W

[TEMPERATURE DATA]      [PRECIPITATION DATA]       SYMBOLS USED IN COLUMN 16

AVERAGE MONTHLY: 76.8   TOTAL FOR MONTH:   3.14    1 = FOG OR MIST
DPTR FM NORMAL:   4.3   DPTR FM NORMAL:   -1.94    2 = FOG REDUCING VISIBILITY
HIGHEST:    92 ON 21,15 GRTST 24HR  1.62 ON 17-17      TO 1/4 MILE OR LESS
LOWEST:     58 ON  7                               3 = THUNDER
                        SNOW, ICE PELLETS, HAIL    4 = ICE PELLETS
                        TOTAL MONTH:    M          5 = HAIL
                        GRTST 24HR    M  ON   M    6 = FREEZING RAIN OR DRIZZLE
                        GRTST DEPTH:  M  ON   M    7 = DUSTSTORM OR SANDSTORM:
                                                       VSBY 1/2 MILE OR LESS
                                                   8 = SMOKE OR HAZE
[NO. OF DAYS WITH]      [WEATHER - DAYS WITH]      9 = BLOWING SNOW
                                                   X = TORNADO
MAX 32 OR BELOW:   0    0.01 INCH OR MORE:   7
MAX 90 OR ABOVE:  10    0.10 INCH OR MORE:   5
MIN 32 OR BELOW:   0    0.50 INCH OR MORE:   2
MIN  0 OR BELOW:   0    1.00 INCH OR MORE:   1

[HDD (BASE 65) ]
TOTAL THIS MO.     0    CLEAR  (SCALE 0-3)  21
DPTR FM NORMAL    -4    PTCLDY (SCALE 4-7)   2
TOTAL FM JUL 1  3785    CLOUDY (SCALE 8-10)  0
DPTR FM NORMAL -1259

[CDD (BASE 65) ]
TOTAL THIS MO.   275
DPTR FM NORMAL    97    [PRESSURE DATA]
TOTAL FM JAN 1   423    HIGHEST SLP  0.00 ON M
DPTR FM NORMAL   153    LOWEST  SLP  0.00 ON M

[REMARKS]
