000
CXUS55 KPUB 281059
CF6LXV
PRELIMINARY LOCAL CLIMATOLOGICAL DATA (WS FORM: F-6)

                                          STATION:   LEADVILLE CO
                                          MONTH:     JULY
                                          YEAR:      2015
                                          LATITUDE:   39 15 N
                                          LONGITUDE: 106 18 W

  TEMPERATURE IN F:       :PCPN:    SNOW:  WIND      :SUNSHINE: SKY     :PK WND
================================================================================
1   2   3   4   5  6A  6B    7    8   9   10  11  12  13   14  15   16   17  18
                                     12Z  AVG MX 2MIN
DY MAX MIN AVG DEP HDD CDD  WTR  SNW DPTH SPD SPD DIR MIN PSBL S-S WX    SPD DR
================================================================================

 1  76  42  59   6   6   0 0.03  0.0    0  5.5 23 290   M    M   3 3      29 300
 2  72  42  57   4   8   0 0.04  0.0    0  7.0 29 180   M    M   3 3      35 190
 3  73  39  56   3   9   0    T  0.0    0  6.2 24 180   M    M   4        32 300
 4  72  42  57   4   8   0 0.24  0.0    0  5.3 24  10   M    M   3 3      31 360
 5  67  44  56   3   9   0 0.10  0.0    0  6.5 16 290   M    M   6 13     21 330
 6  63  45  54   1  11   0 0.01  0.0    0  6.9 22 320   M    M   6 1      29 320
 7  59  45  52  -2  13   0 0.33  0.0    0  7.4 18 180   M    M   8 13     23 310
 8  59  42  51  -3  14   0 0.03  0.0    0  6.8 23 320   M    M   8 12     33 340
 9  62  35  49  -5  16   0 0.10  0.0    0  5.3 24 170   M    M   5 3      30 170
10  63  36  50  -4  15   0 0.03  0.0    0  6.3 18 280   M    M   3 1      23 290
11  66  37  52  -2  13   0 0.05  0.0    0  6.1 26 260   M    M   3 1      35 260
12  71  37  54   0  11   0 0.00  0.0    0  6.0 20 230   M    M   1        27 260
13  71  46  59   5   6   0 0.01    M    0  4.8 22 160   M    M   5 3      30 290
14  67  42  55   1  10   0 0.05  0.0    0  6.2 20 180   M    M   6 3      25 320
15  66  36  51  -3  14   0    T  0.0    0  9.0 20 270   M    M   2        32 300
16  67  38  53  -1  12   0 0.00  0.0    0  7.6 22 260   M    M   3        29 260
17  68  36  52  -3  13   0    T  0.0    0  5.9 23 310   M    M   4 3      31 300
18  69  35  52  -3  13   0    T  0.0    0  4.7 21 340   M    M   3 3      27 340
19  61  40  51  -4  14   0 0.03  0.0    0  6.9 18 320   M    M   7 1      26 320
20  65  37  51  -4  14   0 0.16  0.0    0  7.2 26 170   M    M   7 13     30 170
21  61  44  53  -2  12   0 0.19  0.0    0  5.6 21 260   M    M   6 123    30 260
22  69  39  54  -1  11   0 0.00  0.0    0  7.2 25 310   M    M   3        35 290
23  72  36  54  -1  11   0 0.00  0.0    0  5.2 18 280   M    M   3        25 290
24  59  41  50  -5  15   0 0.21  0.0    0  4.9 18 160   M    M   7 1      24 150
25  72  35  54  -1  11   0 0.00  0.0    0  6.6 17 290   M    M   1        22 350
26  68  37  53  -2  12   0 0.05  0.0    0  2.3 17 190   M    M   4 1      20 190
27  72  41  57   2   8   0    T  0.0    0  6.8 24 200   M    M   3        40 240
================================================================================
SM 1810 1069       309   0  1.66     0.0 166.2          M      117
================================================================================
AV 67.0 39.6                               6.2 FASTST   M    M   4    MAX(MPH)
                                 MISC ---->  # 29 180               # 40  240
================================================================================
NOTES:
# LAST OF SEVERAL OCCURRENCES

COLUMN 17 PEAK WIND IN M.P.H.

PRELIMINARY LOCAL CLIMATOLOGICAL DATA (WS FORM: F-6) , PAGE 2

                                          STATION:  LEADVILLE CO
                                          MONTH:    JULY
                                          YEAR:     2015
                                          LATITUDE:   39 15 N
                                          LONGITUDE: 106 18 W

[TEMPERATURE DATA]      [PRECIPITATION DATA]       SYMBOLS USED IN COLUMN 16

AVERAGE MONTHLY: 53.3   TOTAL FOR MONTH:   1.66    1 = FOG OR MIST
DPTR FM NORMAL:  -0.9   DPTR FM NORMAL:    0.09    2 = FOG REDUCING VISIBILITY
HIGHEST:    76 ON  1    GRTST 24HR  0.33 ON  7- 7      TO 1/4 MILE OR LESS
LOWEST:     35 ON 25,18                            3 = THUNDER
                        SNOW, ICE PELLETS, HAIL    4 = ICE PELLETS
                        TOTAL MONTH:   0.0 INCH    5 = HAIL
                        GRTST 24HR     0.0         6 = FREEZING RAIN OR DRIZZLE
                        GRTST DEPTH:   0           7 = DUSTSTORM OR SANDSTORM:
                                                       VSBY 1/2 MILE OR LESS
                                                   8 = SMOKE OR HAZE
[NO. OF DAYS WITH]      [WEATHER - DAYS WITH]      9 = BLOWING SNOW
                                                   X = TORNADO
MAX 32 OR BELOW:   0    0.01 INCH OR MORE:  17
MAX 90 OR ABOVE:   0    0.10 INCH OR MORE:   7
MIN 32 OR BELOW:   0    0.50 INCH OR MORE:   0
MIN  0 OR BELOW:   0    1.00 INCH OR MORE:   0

[HDD (BASE 65) ]
TOTAL THIS MO.   309    CLEAR  (SCALE 0-3)  11
DPTR FM NORMAL    18    PTCLDY (SCALE 4-7)  14
TOTAL FM JUL 1   309    CLOUDY (SCALE 8-10)  2
DPTR FM NORMAL    18

[CDD (BASE 65) ]
TOTAL THIS MO.     0
DPTR FM NORMAL     0    [PRESSURE DATA]
TOTAL FM JAN 1     0    HIGHEST SLP M ON M
DPTR FM NORMAL     0    LOWEST  SLP 29.81 ON 27

[REMARKS]
