000
CXUS51 KRNK 171115
CF6LYH

PRELIMINARY LOCAL CLIMATOLOGICAL DATA (WS FORM: F-6)

                                          STATION:   LYNCHBURG VA
                                          MONTH:     JANUARY
                                          YEAR:      2018
                                          LATITUDE:   37 19 N
                                          LONGITUDE:  79 12 W

  TEMPERATURE IN F:       :PCPN:    SNOW:  WIND      :SUNSHINE: SKY     :PK WND
================================================================================
1   2   3   4   5  6A  6B    7    8   9   10  11  12  13   14  15   16   17  18
                                     12Z  AVG MX 2MIN
DY MAX MIN AVG DEP HDD CDD  WTR  SNW DPTH SPD SPD DIR MIN PSBL S-S WX    SPD DR
================================================================================

 1  25   7  16 -19  49   0 0.00  0.0    0  3.7 13  10   M    M   0        20  10
 2  30   3  17 -18  48   0 0.00  0.0    0  3.0  9 210   M    M   0        12 260
 3  31   5  18 -17  47   0    T    T    0  1.7 10 200   M    M   4        13 220
 4  27  14  21 -14  44   0 0.00  0.0    0  9.6 18 360   M    M   0        30 340
 5  22  10  16 -19  49   0 0.00  0.0    0  7.6 17 260   M    M   0        27 310
 6  21   2  12 -23  53   0 0.00  0.0    0  5.3 13 290   M    M   0        20 260
 7  26  -2  12 -23  53   0 0.00  0.0    0  3.9 12 170   M    M   0        14 200
 8  42  15  29  -6  36   0 0.24  0.0    0  6.5 13 210   M    M   5 1      17 220
 9  54  26  40   5  25   0 0.00  0.0    0  2.3  9 270   M    M   1 12     13 280
10  45  32  39   4  26   0 0.00  0.0    0  2.1 10  10   M    M  10        13  10
11  61  40  51  16  14   0 0.14  0.0    0  3.0 17 150   M    M  10 12     22 150
12  70  54  62  27   3   0 1.10  0.0    0 10.5 21 170   M    M   9 1      27 170
13  55  22  39   4  26   0    T  0.0    0  9.0 17 260   M    M   3        30 260
14  29  16  23 -12  42   0 0.00  0.0    0  6.0 12  20   M    M   0        15  30
15  33  12  23 -12  42   0 0.00  0.0    0  2.6  9  30   M    M   0        12  40
16  42  18  30  -5  35   0 0.00  0.0    0  1.4  9 180   M    M   2        12 190
================================================================================
SM  613  274       592   0  1.48    T     78.2          M       44
================================================================================
AV 38.3 17.1                               4.9 FASTST   M    M   3    MAX(MPH)
                                 MISC ---->  # 21 170               # 30  340
================================================================================
NOTES:
# LAST OF SEVERAL OCCURRENCES

COLUMN 17 PEAK WIND IN M.P.H.

PRELIMINARY LOCAL CLIMATOLOGICAL DATA (WS FORM: F-6) , PAGE 2

                                          STATION:  LYNCHBURG VA
                                          MONTH:    JANUARY
                                          YEAR:     2018
                                          LATITUDE:   37 19 N
                                          LONGITUDE:  79 12 W

[TEMPERATURE DATA]      [PRECIPITATION DATA]       SYMBOLS USED IN COLUMN 16

AVERAGE MONTHLY: 27.7   TOTAL FOR MONTH:   1.48    1 = FOG OR MIST
DPTR FM NORMAL:  -7.3   DPTR FM NORMAL:   -0.12    2 = FOG REDUCING VISIBILITY
HIGHEST:    70 ON 12    GRTST 24HR  1.10 ON 12-12      TO 1/4 MILE OR LESS
LOWEST:     -2 ON  7                               3 = THUNDER
                        SNOW, ICE PELLETS, HAIL    4 = ICE PELLETS
                        TOTAL MONTH:    T          5 = HAIL
                        GRTST 24HR    T  ON  3- 3  6 = FREEZING RAIN OR DRIZZLE
                        GRTST DEPTH:   0           7 = DUSTSTORM OR SANDSTORM:
                                                       VSBY 1/2 MILE OR LESS
                                                   8 = SMOKE OR HAZE
[NO. OF DAYS WITH]      [WEATHER - DAYS WITH]      9 = BLOWING SNOW
                                                   X = TORNADO
MAX 32 OR BELOW:   8    0.01 INCH OR MORE:   3
MAX 90 OR ABOVE:   0    0.10 INCH OR MORE:   3
MIN 32 OR BELOW:  14    0.50 INCH OR MORE:   1
MIN  0 OR BELOW:   1    1.00 INCH OR MORE:   1

[HDD (BASE 65) ]
TOTAL THIS MO.   592    CLEAR  (SCALE 0-3)  11
DPTR FM NORMAL   112    PTCLDY (SCALE 4-7)   2
TOTAL FM JUL 1  2259    CLOUDY (SCALE 8-10)  3
DPTR FM NORMAL    34

[CDD (BASE 65) ]
TOTAL THIS MO.     0
DPTR FM NORMAL     0    [PRESSURE DATA]
TOTAL FM JAN 1     0    HIGHEST SLP M ON M
DPTR FM NORMAL     0    LOWEST  SLP 29.49 ON 12


[REMARKS]
DUE TO MISSING DATA FROM JANUARY 4-9...ALL INFORMATION WILL
BE CALCULATED WITHOUT DATA FROM THESE DATES.
