000
CXUS54 KLZK 271130
CF6LZK
PRELIMINARY LOCAL CLIMATOLOGICAL DATA (WS FORM: F-6)

                                          STATION:   North Little Rock
                                          MONTH:     APRIL
                                          YEAR:      2017
                                          LATITUDE:   34 50 N
                                          LONGITUDE:  92 16 W

  TEMPERATURE IN F:       :PCPN:    SNOW:  WIND      :SUNSHINE: SKY     :PK WND
================================================================================
1   2   3   4   5  6A  6B    7    8   9   10  11  12  13   14  15   16   17  18
                                     12Z  AVG MX 2MIN
DY MAX MIN AVG DEP HDD CDD  WTR  SNW DPTH SPD SPD DIR MIN PSBL S-S WX    SPD DR
================================================================================

 1  70  50  60   1   5   0 0.00  0.0    M 10.0 12  90   M    M   0        20  70
 2  70  55  63   4   2   0 1.48  0.0    M  7.4 12 110   M    M   0 13     23  90
 3  75  59  67   8   0   2 0.00  0.0    0  6.5 10 250   M    M   0        24 180
 4  81  55  68   8   0   3 0.00  0.0    0  2.7  9 140   M    M   0        20 140
 5  69  48  59  -1   6   0 0.03  0.0    0  7.9 13 270   M    M   0 3      32 270
 6  66  45  56  -4   9   0 0.00  0.0    0  6.3  9 320   M    M   0        24 320
 7  67  45  56  -4   9   0 0.00  0.0    0  3.5  6 340   M    M   0         M  M
 8  79  50  65   4   0   0 0.00  0.0    0  7.1 12 200   M    M   0        22 200
 9  81  60  71  10   0   6 0.00  0.0    0  8.9 13 220   M    M   0        25 220
10  72  63  68   7   0   3 0.33  0.0    0  6.3 10 180   M    M   0 13     37 180
11  66  56  61  -1   4   0 0.00  0.0    0  3.3  6 110   M    M   0         M  M
12  78  53  66   4   0   1 0.00  0.0    0  4.6 10 140   M    M   0        17 140
13  82  60  71   9   0   6 0.00  0.0    0  2.6  7 160   M    M   0         M  M
14  82  64  73  11   0   8 0.00  0.0    0  3.1  7 200   M    M   0         M  M
15  81  62  72   9   0   7    T  0.0    0  6.9  9 180   M    M   0        20 200
16  79  65  72   9   0   7 0.00  0.0    0  4.9 10 180   M    M   0        27 180
17  73  63  68   5   0   3 0.87  0.0    0  3.5  7  50   M    M   0 13      M  M
18  78  63  71   7   0   6    T  0.0    0  3.8  7 110   M    M   0         M  M
19  82  62  72   8   0   7    T  0.0    0  4.9  9 180   M    M   0        18 180
20  82  65  74  10   0   9 0.00  0.0    0  5.0  9 220   M    M   0        18 220
21  71  55  63  -1   2   0 0.12  0.0    0  6.1 13  90   M    M   0 3      27 360
22  58  49  54 -11  11   0 0.30  0.0    0  6.8 13  20   M    M   0 3      25  20
23  71  49  60  -5   5   0 0.00  0.0    0  6.5  9 360   M    M   0        20 360
24  77  49  63  -2   2   0 0.00  0.0    0  4.7  7 140   M    M   0         M  M
25  82  53  68   3   0   3 0.00  0.0    0  7.4 12 180   M    M   0        25 180
26  72  50  61  -5   4   0 1.43  0.0    0  8.0 13 160   M    M   0        23 180
================================================================================
SM 1944 1448        59  71  4.56     0.0 148.7          M        0
================================================================================
AV 74.8 55.7                               5.7 FASTST   M    M   0    MAX(MPH)
                                 MISC ---->  # 13 270               # 37  180
================================================================================
NOTES:
# LAST OF SEVERAL OCCURRENCES

COLUMN 17 PEAK WIND IN M.P.H.

PRELIMINARY LOCAL CLIMATOLOGICAL DATA (WS FORM: F-6) , PAGE 2

                                          STATION:  North Little Rock
                                          MONTH:    APRIL
                                          YEAR:     2017
                                          LATITUDE:   34 50 N
                                          LONGITUDE:  92 16 W

[TEMPERATURE DATA]      [PRECIPITATION DATA]       SYMBOLS USED IN COLUMN 16

AVERAGE MONTHLY: 65.2   TOTAL FOR MONTH:   4.56    1 = FOG OR MIST
DPTR FM NORMAL:   3.0   DPTR FM NORMAL:    0.44    2 = FOG REDUCING VISIBILITY
HIGHEST:    82 ON 25,20 GRTST 24HR  1.48 ON  2- 2      TO 1/4 MILE OR LESS
LOWEST:     45 ON  7, 6                            3 = THUNDER
                        SNOW, ICE PELLETS, HAIL    4 = ICE PELLETS
                        TOTAL MONTH:   0.0 INCH    5 = HAIL
                        GRTST 24HR     0.0         6 = FREEZING RAIN OR DRIZZLE
                        GRTST DEPTH:   0           7 = DUSTSTORM OR SANDSTORM:
                                                       VSBY 1/2 MILE OR LESS
                                                   8 = SMOKE OR HAZE
[NO. OF DAYS WITH]      [WEATHER - DAYS WITH]      9 = BLOWING SNOW
                                                   X = TORNADO
MAX 32 OR BELOW:   0    0.01 INCH OR MORE:   7
MAX 90 OR ABOVE:   0    0.10 INCH OR MORE:   6
MIN 32 OR BELOW:   0    0.50 INCH OR MORE:   3
MIN  0 OR BELOW:   0    1.00 INCH OR MORE:   2

[HDD (BASE 65) ]
TOTAL THIS MO.    59    CLEAR  (SCALE 0-3)  26
DPTR FM NORMAL   -70    PTCLDY (SCALE 4-7)   0
TOTAL FM JUL 1  2161    CLOUDY (SCALE 8-10)  0
DPTR FM NORMAL  -814

[CDD (BASE 65) ]
TOTAL THIS MO.    71
DPTR FM NORMAL    17    [PRESSURE DATA]
TOTAL FM JAN 1   115    HIGHEST SLP M ON M
DPTR FM NORMAL    42    LOWEST  SLP M ON M

[REMARKS]
