000
CXUS54 KLZK 211330
CF6M19
PRELIMINARY LOCAL CLIMATOLOGICAL DATA (WS FORM: F-6)

                                          STATION:   Newport Airport
                                          MONTH:     OCTOBER
                                          YEAR:      2014
                                          LATITUDE:   35 35 N
                                          LONGITUDE:  91 16 W

  TEMPERATURE IN F:       :PCPN:    SNOW:  WIND      :SUNSHINE: SKY     :PK WND
================================================================================
1   2   3   4   5  6A  6B    7    8   9   10  11  12  13   14  15   16   17  18
                                     12Z  AVG MX 2MIN
DY MAX MIN AVG DEP HDD CDD  WTR  SNW DPTH SPD SPD DIR MIN PSBL S-S WX    SPD DR
================================================================================

 1  91  61  76  10   0  11 0.06  0.0    0  8.7 27 150   M    M   2 18     30 150
 2  90  64  77  11   0  12 0.57  0.0    0 12.8 20 160   M    M   5 13     24 210
 3  78  50  64  -2   1   0 0.00  0.0    0 13.0 24 320   M    M   3        35 310
 4  69  46  58  -7   7   0 0.00  0.0    0  9.6 22 290   M    M   0        31 300
 5  82  47  65   0   0   0 0.00  0.0    0 10.6 20 230   M    M   3        24 230
 6  84  59  72   8   0   7 0.09  0.0    0 10.2 16 220   M    M   4 3       M  M
 7  89  65  77  13   0  12    T  0.0    0 11.1 16 200   M    M   1        21 190
 8  83  63  73   9   0   8    T  0.0    0  6.4 10  90   M    M   2 18      M  M
 9  88  64  76  13   0  11 0.00  0.0    0  8.5 17 220   M    M   2 1       M  M
10   M   M   M   M   M   M 0.76    M    0  9.2 22  90   M    M   7 13     21  30
11  59  53  56  -7   9   0 0.28  0.0    0 10.4 18  30   M    M  10 1      25  30
12  71  56  64   2   1   0 0.25  0.0    0  6.0 10 170   M    M   9 123     M  M
13  73  61  67   5   0   2 0.52  0.0    0 16.7 25 160   M    M   9 13     33 160
14  65  58  62   0   3   0    T  0.0    0 12.1 18 280   M    M  10        31 280
15  72  52  62   1   3   0 0.00  0.0    0  8.5 16 300   M    M   3        27 320
16  77  47  62   1   3   0    T    M    0  7.0 12 190   M    M   0         M  M
17  84  53  69   8   0   4 0.00  0.0    0  7.5 14 330   M    M   0         M  M
18  69  50  60   0   5   0 0.00  0.0    0  8.9 15  30   M    M   1 18     21  30
19  67  44  56  -4   9   0    T    M    0  3.5  7 300   M    M   0 8       M  M
20  76  47  62   2   3   0 0.00  0.0    0  6.4 10 220   M    M   2         M  M
================================================================================
SM 1467 1040        44  67  2.53     0.0 187.1          M       73
================================================================================
AV 77.2 54.7                               9.4 FASTST   M    M   4    MAX(MPH)
                                 MISC ---->  # 27 150               # 35  310
================================================================================
NOTES:
# LAST OF SEVERAL OCCURRENCES

COLUMN 17 PEAK WIND IN M.P.H.

PRELIMINARY LOCAL CLIMATOLOGICAL DATA (WS FORM: F-6) , PAGE 2

                                          STATION:  Newport Airport
                                          MONTH:    OCTOBER
                                          YEAR:     2014
                                          LATITUDE:   35 35 N
                                          LONGITUDE:  91 16 W

[TEMPERATURE DATA]      [PRECIPITATION DATA]       SYMBOLS USED IN COLUMN 16

AVERAGE MONTHLY: 66.0   TOTAL FOR MONTH:   2.53    1 = FOG OR MIST
DPTR FM NORMAL:   3.1   DPTR FM NORMAL:    0.03    2 = FOG REDUCING VISIBILITY
HIGHEST:    91 ON  1    GRTST 24HR  0.76 ON 10-10      TO 1/4 MILE OR LESS
LOWEST:     44 ON 19                               3 = THUNDER
                        SNOW, ICE PELLETS, HAIL    4 = ICE PELLETS
                        TOTAL MONTH:   0.0 INCH    5 = HAIL
                        GRTST 24HR     0.0         6 = FREEZING RAIN OR DRIZZLE
                        GRTST DEPTH:   0           7 = DUSTSTORM OR SANDSTORM:
                                                       VSBY 1/2 MILE OR LESS
                                                   8 = SMOKE OR HAZE
[NO. OF DAYS WITH]      [WEATHER - DAYS WITH]      9 = BLOWING SNOW
                                                   X = TORNADO
MAX 32 OR BELOW:   0    0.01 INCH OR MORE:   7
MAX 90 OR ABOVE:   2    0.10 INCH OR MORE:   5
MIN 32 OR BELOW:   0    0.50 INCH OR MORE:   3
MIN  0 OR BELOW:   0    1.00 INCH OR MORE:   0

[HDD (BASE 65) ]
TOTAL THIS MO.    44    CLEAR  (SCALE 0-3)  12
DPTR FM NORMAL   -42    PTCLDY (SCALE 4-7)   4
TOTAL FM JUL 1    56    CLOUDY (SCALE 8-10)  4
DPTR FM NORMAL   -52

[CDD (BASE 65) ]
TOTAL THIS MO.    67
DPTR FM NORMAL    24    [PRESSURE DATA]
TOTAL FM JAN 1  1849    HIGHEST SLP M ON M
DPTR FM NORMAL   -18    LOWEST  SLP M ON M

[REMARKS]
