000
CXUS54 KMAF 241100
CF6MAF
PRELIMINARY LOCAL CLIMATOLOGICAL DATA (WS FORM: F-6)

                                          STATION:   Midland International Airport
                                          MONTH:     APRIL
                                          YEAR:      2014
                                          LATITUDE:   31 57 N
                                          LONGITUDE: 102 11 W

  TEMPERATURE IN F:       :PCPN:    SNOW:  WIND      :SUNSHINE: SKY     :PK WND
================================================================================
1   2   3   4   5  6A  6B    7    8   9   10  11  12  13   14  15   16   17  18
                                     12Z  AVG MX 2MIN
DY MAX MIN AVG DEP HDD CDD  WTR  SNW DPTH SPD SPD DIR MIN PSBL S-S WX    SPD DR
================================================================================

 1  89  56  73  13   0   8 0.00  0.0    0 10.2 24 230   M    M   0 8      30 260
 2  88  63  76  16   0  11 0.00  0.0    0 13.1 26 240   M    M   0 18     35 230
 3  81  52  67   7   0   2 0.00  0.0    0 19.6 40 280   M    M   1 8      48 280
 4  67  36  52  -9  13   0 0.00  0.0    0 11.1 24  40   M    M   0        29  40
 5  73  53  63   2   2   0 0.00  0.0    0 19.5 30 150   M    M   2        39 160
 6  71  46  59  -2   6   0    T    M    0  7.2 25 280   M    M   3 8      40  20
 7  70  41  56  -6   9   0    T    M    0 14.5 45 330   M    M   2 38     54 340
 8  75  40  58  -4   7   0 0.00  0.0    0  6.0 17 250   M    M   0        22 260
 9  90  50  70   8   0   5 0.00  0.0    0 12.6 22 160   M    M   0        29 240
10  92  60  76  14   0  11 0.00  0.0    0 12.6 21 270   M    M   0        26 190
11  90  55  73  10   0   8 0.00  0.0    0  6.9 16 220   M    M   0        19 220
12  93  63  78  15   0  13 0.00  0.0    0 15.3 36 240   M    M   1 78     44 220
13  87  61  74  11   0   9 0.00  0.0    0 16.5 39 240   M    M   2 78     48 250
14  63  36  50 -14  15   0 0.00  0.0    0 22.5 37  20   M    M   4 78     42  10
15  67  30  49 -15  16   0 0.00  0.0    0  9.4 21 170   M    M   0 8      27 160
16  81  48  65   1   0   0 0.00  0.0    0 18.1 25 160   M    M   0        30 170
17  77  52  65   0   0   0 0.00  0.0    0 12.3 25  50   M    M   1        29  70
18  78  51  65   0   0   0 0.00  0.0    0 11.2 22 150   M    M   5 18     27 150
19  77  57  67   2   0   2 0.45  0.0    0 12.6 29 170   M    M   4 13     35 170
20  81  58  70   4   0   5 0.00  0.0    0 10.3 17 170   M    M   4 18     23 170
21  88  63  76  10   0  11 0.00  0.0    0 11.3 21  70   M    M   2 18     27  80
22  87  58  73   7   0   8 0.00  0.0    0 11.9 21 120   M    M   0        26 140
23  91  65  78  11   0  13 0.00  0.0    0 15.8 25 230   M    M   0        32 200
================================================================================
SM 1856 1194        68 106  0.45     0.0 300.5          M       31
================================================================================
AV 80.7 51.9                              13.1 FASTST   M    M   1    MAX(MPH)
                                 MISC ---->  # 45 330               # 54  340
================================================================================
NOTES:
# LAST OF SEVERAL OCCURRENCES

COLUMN 17 PEAK WIND IN M.P.H.

PRELIMINARY LOCAL CLIMATOLOGICAL DATA (WS FORM: F-6) , PAGE 2

                                          STATION:  Midland International Airport
                                          MONTH:    APRIL
                                          YEAR:     2014
                                          LATITUDE:   31 57 N
                                          LONGITUDE: 102 11 W

[TEMPERATURE DATA]      [PRECIPITATION DATA]       SYMBOLS USED IN COLUMN 16

AVERAGE MONTHLY: 66.3   TOTAL FOR MONTH:   0.45    1 = FOG OR MIST
DPTR FM NORMAL:   3.2   DPTR FM NORMAL:   -0.04    2 = FOG REDUCING VISIBILITY
HIGHEST:    93 ON 12    GRTST 24HR  0.45 ON 19-19      TO 1/4 MILE OR LESS
LOWEST:     30 ON 15                               3 = THUNDER
                        SNOW, ICE PELLETS, HAIL    4 = ICE PELLETS
                        TOTAL MONTH:   0.0 INCH    5 = HAIL
                        GRTST 24HR     0.0         6 = FREEZING RAIN OR DRIZZLE
                        GRTST DEPTH:   0           7 = DUSTSTORM OR SANDSTORM:
                                                       VSBY 1/2 MILE OR LESS
                                                   8 = SMOKE OR HAZE
[NO. OF DAYS WITH]      [WEATHER - DAYS WITH]      9 = BLOWING SNOW
                                                   X = TORNADO
MAX 32 OR BELOW:   0    0.01 INCH OR MORE:   1
MAX 90 OR ABOVE:   5    0.10 INCH OR MORE:   1
MIN 32 OR BELOW:   1    0.50 INCH OR MORE:   0
MIN  0 OR BELOW:   0    1.00 INCH OR MORE:   0

[HDD (BASE 65) ]
TOTAL THIS MO.    68    CLEAR  (SCALE 0-3)  19
DPTR FM NORMAL   -31    PTCLDY (SCALE 4-7)   4
TOTAL FM JUL 1  2598    CLOUDY (SCALE 8-10)  0
DPTR FM NORMAL   -45

[CDD (BASE 65) ]
TOTAL THIS MO.   106
DPTR FM NORMAL    49    [PRESSURE DATA]
TOTAL FM JAN 1   131    HIGHEST SLP M ON M
DPTR FM NORMAL    56    LOWEST  SLP 29.49 ON 13

[REMARKS]
