000
CXUS55 KLIX 200830
CF6MCB
PRELIMINARY LOCAL CLIMATOLOGICAL DATA (WS FORM: F-6)

                                          STATION:   MCCOMB
                                          MONTH:     APRIL
                                          YEAR:      2014
                                          LATITUDE:   31 10 N
                                          LONGITUDE:  90 28 W

  TEMPERATURE IN F:       :PCPN:    SNOW:  WIND      :SUNSHINE: SKY     :PK WND
================================================================================
1   2   3   4   5  6A  6B    7    8   9   10  11  12  13   14  15   16   17  18
                                     12Z  AVG MX 2MIN
DY MAX MIN AVG DEP HDD CDD  WTR  SNW DPTH SPD SPD DIR MIN PSBL S-S WX    SPD DR
================================================================================

 1  79  56  68   6   0   3 0.00  0.0    0  7.2 16 170   M    M   6 13     22 160
 2  82  62  72  10   0   7 0.00  0.0    0  9.6 18 160   M    M   7        25 170
 3  82  68  75  13   0  10 0.00  0.0    0 12.9 24 150   M    M   7 18     33 150
 4  75  60  68   6   0   3 0.69  0.0    0  7.5 20 310   M    M   7 13     25 310
 5  72  55  64   1   1   0 0.02  0.0    0  6.0 13  20   M    M   7 13     19  30
 6  72  52  62  -1   3   0 0.58  0.0    0  8.5 21 180   M    M   9 13     29 190
 7  71  51  61  -2   4   0 0.54  0.0    0  9.9 18 200   M    M   6 13     30 220
 8  68  47  58  -5   7   0 0.07    M    0  7.5 37 300   M    M   4 13     47 280
 9  71  42  57  -7   8   0 0.00  0.0    0  4.6 16 340   M    M   0        20 230
10  76  41  59  -5   6   0 0.00  0.0    0  6.9 18 160   M    M   0 1      26 150
11  77  49  63  -1   2   0 0.00  0.0    0  6.5 15 190   M    M   4 1      21 200
12  81  60  71   7   0   6 0.00  0.0    0 10.4 20 160   M    M   5 1      25 190
13  82  62  72   8   0   7 0.00  0.0    0 12.5 24 170   M    M   6        31 170
14  74  48  61  -4   4   0 1.33  0.0    0  9.1 24 320   M    M  10 13     31 330
15  57  40  49 -16  16   0    T  0.0    0 13.9 26 350   M    M   4        35 350
16  65  35  50 -15  15   0 0.00  0.0    0  3.3 12 140   M    M   0        17 120
17  65  43  54 -11  11   0 0.00  0.0    0  4.5 10 140   M    M   7        15  60
18  74  54  64  -2   1   0 0.00  0.0    0  5.2 15  20   M    M   5        23  20
19  79  50  65  -1   0   0 0.00  0.0    0  6.1 15 330   M    M   0        21 350
================================================================================
SM 1402  975        78  36  3.23     0.0 152.1          M       94
================================================================================
AV 73.8 51.3                               8.0 FASTST   M    M   5    MAX(MPH)
                                 MISC ---->  # 37 300               # 47  280
================================================================================
NOTES:
# LAST OF SEVERAL OCCURRENCES

COLUMN 17 PEAK WIND IN M.P.H.

PRELIMINARY LOCAL CLIMATOLOGICAL DATA (WS FORM: F-6) , PAGE 2

                                          STATION:  MCCOMB
                                          MONTH:    APRIL
                                          YEAR:     2014
                                          LATITUDE:   31 10 N
                                          LONGITUDE:  90 28 W

[TEMPERATURE DATA]      [PRECIPITATION DATA]       SYMBOLS USED IN COLUMN 16

AVERAGE MONTHLY: 62.6   TOTAL FOR MONTH:   3.23    1 = FOG OR MIST
DPTR FM NORMAL:  -1.2   DPTR FM NORMAL:    0.01    2 = FOG REDUCING VISIBILITY
HIGHEST:    82 ON 13, 3 GRTST 24HR  1.33 ON 14-14      TO 1/4 MILE OR LESS
LOWEST:     35 ON 16                               3 = THUNDER
                        SNOW, ICE PELLETS, HAIL    4 = ICE PELLETS
                        TOTAL MONTH:   0.0 INCH    5 = HAIL
                        GRTST 24HR     0.0         6 = FREEZING RAIN OR DRIZZLE
                        GRTST DEPTH:   0           7 = DUSTSTORM OR SANDSTORM:
                                                       VSBY 1/2 MILE OR LESS
                                                   8 = SMOKE OR HAZE
[NO. OF DAYS WITH]      [WEATHER - DAYS WITH]      9 = BLOWING SNOW
                                                   X = TORNADO
MAX 32 OR BELOW:   0    0.01 INCH OR MORE:   6
MAX 90 OR ABOVE:   0    0.10 INCH OR MORE:   4
MIN 32 OR BELOW:   0    0.50 INCH OR MORE:   4
MIN  0 OR BELOW:   0    1.00 INCH OR MORE:   1

[HDD (BASE 65) ]
TOTAL THIS MO.    78    CLEAR  (SCALE 0-3)   4
DPTR FM NORMAL     8    PTCLDY (SCALE 4-7)  13
TOTAL FM JUL 1  2342    CLOUDY (SCALE 8-10)  2
DPTR FM NORMAL   336

[CDD (BASE 65) ]
TOTAL THIS MO.    36
DPTR FM NORMAL   -10    [PRESSURE DATA]
TOTAL FM JAN 1    53    HIGHEST SLP M ON M
DPTR FM NORMAL   -39    LOWEST  SLP 29.62 ON  6

[REMARKS]
