000
CXUS55 KLIX 300830
CF6MCB
PRELIMINARY LOCAL CLIMATOLOGICAL DATA (WS FORM: F-6)

                                          STATION:   MCCOMB
                                          MONTH:     OCTOBER
                                          YEAR:      2014
                                          LATITUDE:   31 10 N
                                          LONGITUDE:  90 28 W

  TEMPERATURE IN F:       :PCPN:    SNOW:  WIND      :SUNSHINE: SKY     :PK WND
================================================================================
1   2   3   4   5  6A  6B    7    8   9   10  11  12  13   14  15   16   17  18
                                     12Z  AVG MX 2MIN
DY MAX MIN AVG DEP HDD CDD  WTR  SNW DPTH SPD SPD DIR MIN PSBL S-S WX    SPD DR
================================================================================

 1  86  71  79   7   0  14 0.00  0.0    0  7.4 17 160   M    M   7 128    20 160
 2  90  75  83  12   0  18 0.09  0.0    0  8.1 26 180   M    M   6 13     33 180
 3  81  60  71   0   0   6 0.90  0.0    0  7.8 30 330   M    M   1 13     39 320
 4  71  49  60 -10   5   0 0.00  0.0    0  7.5 21 340   M    M   0        26 340
 5  78  46  62  -8   3   0 0.00  0.0    0  4.7 15 190   M    M   1        20 170
 6  82  59  71   1   0   6 0.00  0.0    0  5.8 17 170   M    M   1 1      22 170
 7  86  65  76   6   0  11 0.00  0.0    0  3.0 10 190   M    M   4 12     15 190
 8  86  64  75   6   0  10 0.00  0.0    0  2.0 12 160   M    M   3 128    14 150
 9  87  68  78   9   0  13 0.00  0.0    0  5.8 14 180   M    M   6 12     18 180
10  88  70  79  11   0  14 0.00  0.0    0  5.1 14 230   M    M   4 1      19 210
11  87  67  77   9   0  12 0.00  0.0    0  2.1 12 290   M    M   4 12     14 280
12  87  65  76   8   0  11 0.01  0.0    0  5.6 16 170   M    M   3 13     21 170
13  88  61  75   7   0  10 1.12  0.0    0 10.7 28 300   M    M   8 13     40 160
14  73  52  63  -4   2   0 0.00  0.0    0  7.3 18 260   M    M   3        30 230
15  74  47  61  -6   4   0 0.00  0.0    0  5.4 20 320   M    M   0        26 290
16  81  45  63  -4   2   0 0.00  0.0    0  2.2 13 320   M    M   0        17 340
17  81  50  66   0   0   1 0.00  0.0    0  3.0 14 210   M    M   0 1      17 200
18  84  59  72   6   0   7 0.00  0.0    0  6.2 14  10   M    M   2 1      22 330
19  75  51  63  -3   2   0 0.00  0.0    0  4.3 12 100   M    M   0        17  80
20  76  48  62  -3   3   0 0.00  0.0    0  1.7 10 340   M    M   0        13 340
21  80  52  66   1   0   1 0.00  0.0    0  3.7 12 350   M    M   0        15 350
22  79  56  68   3   0   3 0.00  0.0    0  5.6 15 350   M    M   0        18  30
23  73  50  62  -2   3   0 0.00  0.0    0  5.8 10 360   M    M   0 8      15  50
24  76  47  62  -2   3   0 0.00  0.0    0  5.6 13 350   M    M   0        18 360
25  82  47  65   1   0   0 0.00  0.0    0  4.7 14 330   M    M   0        18 330
26  84  53  69   5   0   4 0.00  0.0    0  1.0  9 220   M    M   0 1      12  10
27  82  53  68   5   0   3 0.00  0.0    0  5.1 16 170   M    M   1 18     20 220
28  83  62  73  10   0   8 0.00  0.0    0  5.5 14 190   M    M   5 12     18 180
29  79  58  69   6   0   4 0.00  0.0    0  5.9 17 340   M    M   5 12     22 340
================================================================================
SM 2359 1650        27 156  2.12     0.0 148.6          M       64
================================================================================
AV 81.3 56.9                               5.1 FASTST   M    M   2    MAX(MPH)
                                 MISC ---->  # 30 330               # 40  160
================================================================================
NOTES:
# LAST OF SEVERAL OCCURRENCES

COLUMN 17 PEAK WIND IN M.P.H.

PRELIMINARY LOCAL CLIMATOLOGICAL DATA (WS FORM: F-6) , PAGE 2

                                          STATION:  MCCOMB
                                          MONTH:    OCTOBER
                                          YEAR:     2014
                                          LATITUDE:   31 10 N
                                          LONGITUDE:  90 28 W

[TEMPERATURE DATA]      [PRECIPITATION DATA]       SYMBOLS USED IN COLUMN 16

AVERAGE MONTHLY: 69.1   TOTAL FOR MONTH:   2.12    1 = FOG OR MIST
DPTR FM NORMAL:   2.1   DPTR FM NORMAL:   -1.37    2 = FOG REDUCING VISIBILITY
HIGHEST:    90 ON  2    GRTST 24HR  1.12 ON 13-13      TO 1/4 MILE OR LESS
LOWEST:     45 ON 16                               3 = THUNDER
                        SNOW, ICE PELLETS, HAIL    4 = ICE PELLETS
                        TOTAL MONTH:   0.0 INCH    5 = HAIL
                        GRTST 24HR     0.0         6 = FREEZING RAIN OR DRIZZLE
                        GRTST DEPTH:   0           7 = DUSTSTORM OR SANDSTORM:
                                                       VSBY 1/2 MILE OR LESS
                                                   8 = SMOKE OR HAZE
[NO. OF DAYS WITH]      [WEATHER - DAYS WITH]      9 = BLOWING SNOW
                                                   X = TORNADO
MAX 32 OR BELOW:   0    0.01 INCH OR MORE:   4
MAX 90 OR ABOVE:   1    0.10 INCH OR MORE:   2
MIN 32 OR BELOW:   0    0.50 INCH OR MORE:   2
MIN  0 OR BELOW:   0    1.00 INCH OR MORE:   1

[HDD (BASE 65) ]
TOTAL THIS MO.    27    CLEAR  (SCALE 0-3)  20
DPTR FM NORMAL   -39    PTCLDY (SCALE 4-7)   9
TOTAL FM JUL 1    27    CLOUDY (SCALE 8-10)  0
DPTR FM NORMAL   -43

[CDD (BASE 65) ]
TOTAL THIS MO.   156
DPTR FM NORMAL    32    [PRESSURE DATA]
TOTAL FM JAN 1  2280    HIGHEST SLP M ON M
DPTR FM NORMAL    51    LOWEST  SLP 29.72 ON 13

[REMARKS]
