000
CXUS56 KHNX 301146
CF6MCE
PRELIMINARY LOCAL CLIMATOLOGICAL DATA (WS FORM: F-6)

                                          STATION:   MERCED CA AIRPORT
                                          MONTH:     SEPTEMBER
                                          YEAR:      2014
                                          LATITUDE:   37 16 N
                                          LONGITUDE: 120 36 W

  TEMPERATURE IN F:       :PCPN:    SNOW:  WIND      :SUNSHINE: SKY     :PK WND
================================================================================
1   2   3   4   5  6A  6B    7    8   9   10  11  12  13   14  15   16   17  18
                                     12Z  AVG MX 2MIN
DY MAX MIN AVG DEP HDD CDD  WTR  SNW DPTH SPD SPD DIR MIN PSBL S-S WX    SPD DR
================================================================================

 1  98  62  80   5   0  15 0.00  0.0    0  5.1 12 320   M    M   0        19 340
 2 101  64  83   9   0  18 0.00  0.0    0  5.0 16 320   M    M   0 8      19 330
 3  93  62  78   4   0  13 0.00  0.0    0  7.8 14 340   M    M   0        18 350
 4  96  62  79   5   0  14 0.00  0.0    0  6.6 12 310   M    M   0 8      15 310
 5  94  61  78   4   0  13 0.00  0.0    0  6.7 14 330   M    M   0 8       M  M
 6  97  63  80   6   0  15 0.00  0.0    0  7.5 14 330   M    M   0 8      18 340
 7  97  60  79   5   0  14 0.00  0.0    0  7.4 16 320   M    M   0 8      19 320
 8  92  63  78   4   0  13 0.00  0.0    0  8.1 15 330   M    M   3        17 330
 9  92  55  74   1   0   9 0.00  0.0    0  6.0 13 320   M    M   0 8      15 320
10  97  57  77   4   0  12 0.00  0.0    0  5.0 13 350   M    M   0 8      16 300
11 101  61  81   8   0  16 0.00  0.0    0  4.5 16 330   M    M   0 8      19 330
12 102  63  83  10   0  18 0.00  0.0    0  6.3 15 330   M    M   0        17 340
13 103  63  83  10   0  18 0.00  0.0    0  3.9 10 330   M    M   0        12 330
14 102  65  84  12   0  19 0.00  0.0    0  6.8 14 330   M    M   0        16 340
15 100  70  85  13   0  20 0.00  0.0    0  9.2 17 330   M    M   0        21 330
16  94  63  79   7   0  14 0.00  0.0    0  7.3 14 330   M    M   0        18 340
17  97  62  80   8   0  15 0.00  0.0    0  6.4 16 260   M    M   0        25  30
18  88  65  77   5   0  12 0.00  0.0    0  7.5 20 340   M    M   1        24 330
19  90  64  77   6   0  12 0.00  0.0    0  8.0 13 340   M    M   0        18 350
20  92  63  78   7   0  13 0.00  0.0    0  7.9 17 340   M    M   0        22 330
21  88  62  75   4   0  10 0.00  0.0    0  8.9 16 340   M    M   0        20 350
22  90  60  75   4   0  10 0.00  0.0    0  6.8 13 330   M    M   0 8      15 320
23  94  62  78   8   0  13 0.00  0.0    0  7.1 14 330   M    M   0        18 320
24  91  64  78   8   0  13 0.00  0.0    0  8.3 20 320   M    M   0        26 330
25  72  60  66  -4   0   1    T  0.0    0 10.4 22 320   M    M   4        28 320
26  78  57  68  -2   0   3 0.00  0.0    0  8.9 18 310   M    M   0 18     24 310
27  79  52  66  -3   0   1 0.00  0.0    0  4.7 15 310   M    M   0        21  90
28  77  59  68  -1   0   3    T  0.0    0  4.5 13  10   M    M   2        14  10
29  83  55  69   0   0   4 0.00  0.0    0  5.3 13 320   M    M   0 18     16 330
================================================================================
SM 2678 1779         0 351    T      0.0 197.9          M       10
================================================================================
AV 92.3 61.3                               6.8 FASTST   M    M   0    MAX(MPH)
                                 MISC ---->  # 22 320               # 28  320
================================================================================
NOTES:
# LAST OF SEVERAL OCCURRENCES

COLUMN 17 PEAK WIND IN M.P.H.

PRELIMINARY LOCAL CLIMATOLOGICAL DATA (WS FORM: F-6) , PAGE 2

                                          STATION:  MERCED CA AIRPORT
                                          MONTH:    SEPTEMBER
                                          YEAR:     2014
                                          LATITUDE:   37 16 N
                                          LONGITUDE: 120 36 W

[TEMPERATURE DATA]      [PRECIPITATION DATA]       SYMBOLS USED IN COLUMN 16

AVERAGE MONTHLY: 76.8   TOTAL FOR MONTH:      T    1 = FOG OR MIST
DPTR FM NORMAL:   4.8   DPTR FM NORMAL:   -0.28    2 = FOG REDUCING VISIBILITY
HIGHEST:   103 ON 13    GRTST 24HR    T  ON 28-28      TO 1/4 MILE OR LESS
LOWEST:     52 ON 27                               3 = THUNDER
                        SNOW, ICE PELLETS, HAIL    4 = ICE PELLETS
                        TOTAL MONTH:   0.0 INCH    5 = HAIL
                        GRTST 24HR     0.0         6 = FREEZING RAIN OR DRIZZLE
                        GRTST DEPTH:   0           7 = DUSTSTORM OR SANDSTORM:
                                                       VSBY 1/2 MILE OR LESS
                                                   8 = SMOKE OR HAZE
[NO. OF DAYS WITH]      [WEATHER - DAYS WITH]      9 = BLOWING SNOW
                                                   X = TORNADO
MAX 32 OR BELOW:   0    0.01 INCH OR MORE:   0
MAX 90 OR ABOVE:  22    0.10 INCH OR MORE:   0
MIN 32 OR BELOW:   0    0.50 INCH OR MORE:   0
MIN  0 OR BELOW:   0    1.00 INCH OR MORE:   0

[HDD (BASE 65) ]
TOTAL THIS MO.     0    CLEAR  (SCALE 0-3)  28
DPTR FM NORMAL    -7    PTCLDY (SCALE 4-7)   1
TOTAL FM JUL 1     0    CLOUDY (SCALE 8-10)  0
DPTR FM NORMAL    -8

[CDD (BASE 65) ]
TOTAL THIS MO.   351
DPTR FM NORMAL   139    [PRESSURE DATA]
TOTAL FM JAN 1  1999    HIGHEST SLP M ON M
DPTR FM NORMAL   648    LOWEST  SLP 29.61 ON  3

[REMARKS]
