000
CXUS56 KHNX 231146
CF6MCE
PRELIMINARY LOCAL CLIMATOLOGICAL DATA (WS FORM: F-6)

                                          STATION:   MERCED CA AIRPORT
                                          MONTH:     SEPTEMBER
                                          YEAR:      2017
                                          LATITUDE:   37 16 N
                                          LONGITUDE: 120 36 W

  TEMPERATURE IN F:       :PCPN:    SNOW:  WIND      :SUNSHINE: SKY     :PK WND
================================================================================
1   2   3   4   5  6A  6B    7    8   9   10  11  12  13   14  15   16   17  18
                                     12Z  AVG MX 2MIN
DY MAX MIN AVG DEP HDD CDD  WTR  SNW DPTH SPD SPD DIR MIN PSBL S-S WX    SPD DR
================================================================================

 1 102  64  83   8   0  18 0.00  0.0    0  3.0  7 320   M    M   0 8       M  M
 2 109  69  89  15   0  24 0.00  0.0    0  4.0 10 360   M    M   0 8       M  M
 3 105  70  88  14   0  23 0.00  0.0    0  5.5  9 350   M    M   0 8       M  M
 4  97  74  86  12   0  21 0.00  0.0    0  6.3 14 330   M    M   0 8       M  M
 5  95  73  84  10   0  19 0.00  0.0    0  8.1 12 360   M    M   0         M  M
 6  96  70  83   9   0  18 0.00  0.0    0  6.3 12 310   M    M   0         M  M
 7  86  65  76   2   0  11 0.00  0.0    0 10.3 16 320   M    M   0        16 310
 8  89  61  75   1   0  10 0.00  0.0    0  6.1 12 350   M    M   0 8       M  M
 9  92  61  77   4   0  12 0.00  0.0    0  5.9 12 330   M    M   0 8      18 330
10  99  63  81   8   0  16 0.00  0.0    0  5.2 14 320   M    M   0 8      24 320
11  96  68  82   9   0  17    T  0.0    0  5.1 12 290   M    M   0 3       M  M
12  95  64  80   7   0  15 0.00  0.0    0  5.6 13 330   M    M   0 8      16  99
13  87  64  76   3   0  11 0.00  0.0    0  7.7 16 250   M    M   0         M  M
14  81  61  71  -1   0   6 0.00  0.0    0  5.6 12 260   M    M   0        16 260
15  82  54  68  -4   0   3 0.00  0.0    0  5.8 13 320   M    M   0        18 300
16  88  56  72   0   0   7 0.00  0.0    0  4.3 14 320   M    M   0        17 320
17  90  54  72   0   0   7 0.00  0.0    0  5.9 12 300   M    M   0 8       M  M
18  86  53  70  -2   0   5 0.00  0.0    0  8.8 15 330   M    M   0        23 320
19  80  51  66  -5   0   1 0.00  0.0    0  9.8 17 330   M    M   0        24 330
20  81  55  68  -3   0   3 0.01  0.0    0  7.8 17 330   M    M   2        16 330
21  73  53  63  -8   2   0 0.01  0.0    0  4.9  9 250   M    M   2         M  M
22  75  47  61 -10   4   0 0.00  0.0    0  6.1 12 320   M    M   0         M  M
================================================================================
SM 1984 1350         6 247  0.02     0.0 138.1          M        4
================================================================================
AV 90.2 61.4                               6.3 FASTST   M    M   0    MAX(MPH)
                                 MISC ---->  # 17 330               # 24  320
================================================================================
NOTES:
# LAST OF SEVERAL OCCURRENCES

COLUMN 17 PEAK WIND IN M.P.H.

PRELIMINARY LOCAL CLIMATOLOGICAL DATA (WS FORM: F-6) , PAGE 2

                                          STATION:  MERCED CA AIRPORT
                                          MONTH:    SEPTEMBER
                                          YEAR:     2017
                                          LATITUDE:   37 16 N
                                          LONGITUDE: 120 36 W

[TEMPERATURE DATA]      [PRECIPITATION DATA]       SYMBOLS USED IN COLUMN 16

AVERAGE MONTHLY: 75.8   TOTAL FOR MONTH:   0.02    1 = FOG OR MIST
DPTR FM NORMAL:   3.0   DPTR FM NORMAL:   -0.18    2 = FOG REDUCING VISIBILITY
HIGHEST:   109 ON  2    GRTST 24HR  0.01 ON 21-21      TO 1/4 MILE OR LESS
LOWEST:     47 ON 22                               3 = THUNDER
                        SNOW, ICE PELLETS, HAIL    4 = ICE PELLETS
                        TOTAL MONTH:   0.0 INCH    5 = HAIL
                        GRTST 24HR     0.0         6 = FREEZING RAIN OR DRIZZLE
                        GRTST DEPTH:   0           7 = DUSTSTORM OR SANDSTORM:
                                                       VSBY 1/2 MILE OR LESS
                                                   8 = SMOKE OR HAZE
[NO. OF DAYS WITH]      [WEATHER - DAYS WITH]      9 = BLOWING SNOW
                                                   X = TORNADO
MAX 32 OR BELOW:   0    0.01 INCH OR MORE:   2
MAX 90 OR ABOVE:  11    0.10 INCH OR MORE:   0
MIN 32 OR BELOW:   0    0.50 INCH OR MORE:   0
MIN  0 OR BELOW:   0    1.00 INCH OR MORE:   0

[HDD (BASE 65) ]
TOTAL THIS MO.     6    CLEAR  (SCALE 0-3)  22
DPTR FM NORMAL     6    PTCLDY (SCALE 4-7)   0
TOTAL FM JUL 1     6    CLOUDY (SCALE 8-10)  0
DPTR FM NORMAL     5

[CDD (BASE 65) ]
TOTAL THIS MO.   247
DPTR FM NORMAL    72    [PRESSURE DATA]
TOTAL FM JAN 1  1783    HIGHEST SLP M ON M
DPTR FM NORMAL   469    LOWEST  SLP M ON M

[REMARKS]
