000
CXUS53 KGLD 190800
CF6MCK
PRELIMINARY LOCAL CLIMATOLOGICAL DATA (WS FORM: F-6)

                                          STATION:   MCCOOK NE
                                          MONTH:     DECEMBER
                                          YEAR:      2014
                                          LATITUDE:   40 13 N
                                          LONGITUDE: 100 35 W

  TEMPERATURE IN F:       :PCPN:    SNOW:  WIND      :SUNSHINE: SKY     :PK WND
================================================================================
1   2   3   4   5  6A  6B    7    8   9   10  11  12  13   14  15   16   17  18
                                     12Z  AVG MX 2MIN
DY MAX MIN AVG DEP HDD CDD  WTR  SNW DPTH SPD SPD DIR MIN PSBL S-S WX    SPD DR
================================================================================

 1  29  12  21 -10  44   0 0.00    M    M  7.9 18 170   M    M   1        23 170
 2  70  17  44  13  21   0 0.00    M    M  8.4 23  30   M    M   0        28  30
 3  40  20  30   0  35   0 0.00    M    M  6.7 16 140   M    M   1        19 150
 4  57  15  36   6  29   0 0.00    M    M  4.6 13 190   M    M   0        15 180
 5  60  26  43  13  22   0 0.00    M    M  8.1 18 360   M    M   0 1      23  10
 6  44  16  30   1  35   0 0.00    M    M  6.5 14 130   M    M   2        17 130
 7  63  27  45  16  20   0 0.00    M    M  8.7 23 320   M    M   3 12     27 320
 8  57  22  40  11  25   0 0.00    M    M  8.6 14 260   M    M   0        17 270
 9  40  13  27  -2  38   0 0.00    M    M  4.0 13 150   M    M   2 18     15 150
10  50  12  31   3  34   0 0.00    M    M  5.1 12 100   M    M   1 12     14 100
11  46  30  38  10  27   0 0.00    M    M  7.1 14 150   M    M   8 12     17 140
12  51  40  46  18  19   0 0.00    M    M 10.9 20 200   M    M  10 18     25 170
13  58  48  53  25  12   0 0.00    M    M 11.4 21 200   M    M  10 1      28 170
14  55  34  45  17  20   0 0.82    M    M 11.8 25  20   M    M   8 138    32  10
15  34  25  30   2  35   0 0.02    M    M 22.9 38 330   M    M  10 18     47 340
16  32  17  25  -3  40   0 0.00    M    M  8.1 21 330   M    M   4        25 350
17  26  21  24  -3  41   0    T    M    M  8.1 13 100   M    M  10 1      15 120
18  30  21  26  -1  39   0 0.05    M    M  3.8  9 240   M    M  10 12     12 240
================================================================================
SM  842  416       536   0  0.89    M    152.7          M       80
================================================================================
AV 46.8 23.1                               8.5 FASTST   M    M   4    MAX(MPH)
                                 MISC ---->  # 38 330               # 47  340
================================================================================
NOTES:
# LAST OF SEVERAL OCCURRENCES

COLUMN 17 PEAK WIND IN M.P.H.

PRELIMINARY LOCAL CLIMATOLOGICAL DATA (WS FORM: F-6) , PAGE 2

                                          STATION:  MCCOOK NE
                                          MONTH:    DECEMBER
                                          YEAR:     2014
                                          LATITUDE:   40 13 N
                                          LONGITUDE: 100 35 W

[TEMPERATURE DATA]      [PRECIPITATION DATA]       SYMBOLS USED IN COLUMN 16

AVERAGE MONTHLY: 34.9   TOTAL FOR MONTH:   0.89    1 = FOG OR MIST
DPTR FM NORMAL:   6.2   DPTR FM NORMAL:    0.51    2 = FOG REDUCING VISIBILITY
HIGHEST:    70 ON  2    GRTST 24HR  0.84 ON 14-15      TO 1/4 MILE OR LESS
LOWEST:     12 ON 10, 1                            3 = THUNDER
                        SNOW, ICE PELLETS, HAIL    4 = ICE PELLETS
                        TOTAL MONTH:    M          5 = HAIL
                        GRTST 24HR    M  ON   M    6 = FREEZING RAIN OR DRIZZLE
                        GRTST DEPTH:  M  ON   M    7 = DUSTSTORM OR SANDSTORM:
                                                       VSBY 1/2 MILE OR LESS
                                                   8 = SMOKE OR HAZE
[NO. OF DAYS WITH]      [WEATHER - DAYS WITH]      9 = BLOWING SNOW
                                                   X = TORNADO
MAX 32 OR BELOW:   4    0.01 INCH OR MORE:   3
MAX 90 OR ABOVE:   0    0.10 INCH OR MORE:   1
MIN 32 OR BELOW:  15    0.50 INCH OR MORE:   1
MIN  0 OR BELOW:   0    1.00 INCH OR MORE:   0

[HDD (BASE 65) ]
TOTAL THIS MO.   536    CLEAR  (SCALE 0-3)  10
DPTR FM NORMAL  -117    PTCLDY (SCALE 4-7)   2
TOTAL FM JUL 1  1789    CLOUDY (SCALE 8-10)  6
DPTR FM NORMAL  -227

[CDD (BASE 65) ]
TOTAL THIS MO.     0
DPTR FM NORMAL     0    [PRESSURE DATA]
TOTAL FM JAN 1  1096    HIGHEST SLP M ON M
DPTR FM NORMAL   140    LOWEST  SLP 29.59 ON 14

[REMARKS]
