000
CXUS53 KGLD 010800
CF6MCK
PRELIMINARY LOCAL CLIMATOLOGICAL DATA (WS FORM: F-6)

                                          STATION:   MCCOOK NE
                                          MONTH:     MAY
                                          YEAR:      2015
                                          LATITUDE:   40 13 N
                                          LONGITUDE: 100 35 W

  TEMPERATURE IN F:       :PCPN:    SNOW:  WIND      :SUNSHINE: SKY     :PK WND
================================================================================
1   2   3   4   5  6A  6B    7    8   9   10  11  12  13   14  15   16   17  18
                                     12Z  AVG MX 2MIN
DY MAX MIN AVG DEP HDD CDD  WTR  SNW DPTH SPD SPD DIR MIN PSBL S-S WX    SPD DR
================================================================================

 1  80  56  68  13   0   3 0.00    M    M  8.7 28 300   M    M   2        32 290
 2  89  51  70  15   0   5 0.00    M    M  7.2 18 220   M    M   0        23 220
 3  90  51  71  15   0   6 0.00    M    M 11.2 23 360   M    M   0        29  20
 4  62  51  57   1   8   0 0.06    M    M 12.0 22  20   M    M   8 13     28  20
 5  65  51  58   2   7   0 0.26    M    M 10.9 29 140   M    M  10 12     37 130
 6  72  58  65   9   0   0 0.05    M    M 12.4 23 160   M    M   8 1      29 190
 7  73  49  61   4   4   0 0.01    M    M 12.7 21 320   M    M   5        26 310
 8  71  47  59   2   6   0    T    M    M 10.4 22  70   M    M   5        29  50
 9  62   M   M   M   M   M 0.41    M    M 17.0 41 120   M    M  10 13     51 120
10   M   M   M   M   M   M 0.00    M    M 19.4 28 320   M    M   8 18     39 300
11  62   M   M   M   M   M 0.00    M    M 18.1 31 320   M    M   0        43 300
12  75  29  52  -6  13   0 0.00    M    M 15.2 33 180   M    M   0        42 190
13  71  51  61   2   4   0 0.14    M    M 16.6 29 190   M    M   6 1      38 180
14  79  53  66   7   0   1    T    M    M  5.8 13 110   M    M   4 18     16 120
15  82  59  71  12   0   6 0.01    M    M 15.8 31 130   M    M   3 3      40 130
16  78  53  66   6   0   1 0.25    M    M 15.1 31 180   M    M   4 3      47 170
17  79  49  64   4   1   0 0.05    M    M 11.4 23 270   M    M   2 1      31 350
18  66  44  55  -5  10   0    T    M    M  9.0 20  10   M    M   3        25  20
19  50  39  45 -15  20   0 1.23    M    M 12.5 32  60   M    M  10 1      36  60
20  54  40  47 -14  18   0    T    M    M  8.2 16 330   M    M  10 18     22 330
21  63  34  49 -12  16   0 0.00    M    M  4.7 13 120   M    M   3 12     18 150
22  53  47  50 -11  15   0 0.45    M    M 11.1 21 120   M    M   8 1      29 140
23  69  53  61  -1   4   0 0.11    M    M 12.1 22 120   M    M  10 13     29 130
24  72  53  63   1   2   0 0.33    M    M  9.0 32 280   M    M   8 13     41 280
25  75  51  63   1   2   0 0.06    M    M  9.6 23 290   M    M   1 1      28 280
26  74  51  63   0   2   0 0.00    M    M  8.7 17 360   M    M   3        23 340
27  76  50  63   0   2   0 0.15    M    M  9.7 22 140   M    M   5 13     31 140
28  78  53  66   3   0   1 0.27    M    M  9.8 41 320   M    M   4 13     51 320
29  77  51  64   0   1   0    T    M    M 15.0 49 330   M    M   4 3      57 340
30  67  43  55  -9  10   0 0.00    M    M  8.8 20 350   M    M   2        27  10
31  78  42  60  -4   5   0 0.00    M    M 11.3 24 170   M    M   0        34 100
================================================================================
SM 2142 1359       150  23  3.84    M    359.4          M      146
================================================================================
AV 71.4 48.5                              11.6 FASTST   M    M   5    MAX(MPH)
                                 MISC ---->  # 49 330               # 57  340
================================================================================
NOTES:
# LAST OF SEVERAL OCCURRENCES

COLUMN 17 PEAK WIND IN M.P.H.

PRELIMINARY LOCAL CLIMATOLOGICAL DATA (WS FORM: F-6) , PAGE 2

                                          STATION:  MCCOOK NE
                                          MONTH:    MAY
                                          YEAR:     2015
                                          LATITUDE:   40 13 N
                                          LONGITUDE: 100 35 W

[TEMPERATURE DATA]      [PRECIPITATION DATA]       SYMBOLS USED IN COLUMN 16

AVERAGE MONTHLY: 60.0   TOTAL FOR MONTH:   3.84    1 = FOG OR MIST
DPTR FM NORMAL:   0.4   DPTR FM NORMAL:    0.70    2 = FOG REDUCING VISIBILITY
HIGHEST:    90 ON  3    GRTST 24HR  1.23 ON 19-19      TO 1/4 MILE OR LESS
LOWEST:     29 ON 12                               3 = THUNDER
                        SNOW, ICE PELLETS, HAIL    4 = ICE PELLETS
                        TOTAL MONTH:    M          5 = HAIL
                        GRTST 24HR    M  ON   M    6 = FREEZING RAIN OR DRIZZLE
                        GRTST DEPTH:  M  ON   M    7 = DUSTSTORM OR SANDSTORM:
                                                       VSBY 1/2 MILE OR LESS
                                                   8 = SMOKE OR HAZE
[NO. OF DAYS WITH]      [WEATHER - DAYS WITH]      9 = BLOWING SNOW
                                                   X = TORNADO
MAX 32 OR BELOW:   0    0.01 INCH OR MORE:  16
MAX 90 OR ABOVE:   1    0.10 INCH OR MORE:  10
MIN 32 OR BELOW:   1    0.50 INCH OR MORE:   1
MIN  0 OR BELOW:   0    1.00 INCH OR MORE:   1

[HDD (BASE 65) ]
TOTAL THIS MO.   150    CLEAR  (SCALE 0-3)  12
DPTR FM NORMAL   -56    PTCLDY (SCALE 4-7)  13
TOTAL FM JUL 1  5275    CLOUDY (SCALE 8-10)  6
DPTR FM NORMAL  -834

[CDD (BASE 65) ]
TOTAL THIS MO.    23
DPTR FM NORMAL   -16    [PRESSURE DATA]
TOTAL FM JAN 1    31    HIGHEST SLP M ON M
DPTR FM NORMAL   -14    LOWEST  SLP 29.50 ON 16

[REMARKS]
#FINAL-05-15#
