000
CXUS52 KMLB 010633
CF6MCO
PRELIMINARY LOCAL CLIMATOLOGICAL DATA (WS FORM: F-6)

                                          STATION:   ORLANDO INTL
                                          MONTH:     APRIL
                                          YEAR:      2016
                                          LATITUDE:   28 25 N
                                          LONGITUDE:  81 19 W

  TEMPERATURE IN F:       :PCPN:    SNOW:  WIND      :SUNSHINE: SKY     :PK WND
================================================================================
1   2   3   4   5  6A  6B    7    8   9   10  11  12  13   14  15   16   17  18
                                     12Z  AVG MX 2MIN
DY MAX MIN AVG DEP HDD CDD  WTR  SNW DPTH SPD SPD DIR MIN PSBL S-S WX    SPD DR
================================================================================

 1  89  68  79  10   0  14 0.00  0.0    0  8.1 17 180   M    M   5 1      25 250
 2  78  69  74   5   0   9 0.41  0.0    0 12.0 23 220   M    M   8 13     30 220
 3  77  58  68  -1   0   3 0.00  0.0    0  9.6 21  10   M    M   3        25  10
 4  82  57  70   1   0   5 0.00  0.0    0  4.4 15 270   M    M   4        18 270
 5  85  59  72   2   0   7 0.00  0.0    0  8.8 20  80   M    M   1        23  80
 6  78  61  70   0   0   5 0.02  0.0    0 10.9 21 100   M    M   5 1      25 100
 7  83  61  72   2   0   7 0.06  0.0    0  9.1 21 270   M    M   6 1      24 270
 8  86  58  72   2   0   7 0.00  0.0    0  8.5 22 270   M    M   4 1      28 280
 9  77  56  67  -3   0   2 0.00  0.0    0  8.4 23  10   M    M   3        28 360
10  80  55  68  -2   0   3 0.00  0.0    0  9.4 17 110   M    M   5        22  90
11  82  59  71   1   0   6 0.00  0.0    0  8.4 20 100   M    M   5        25 100
12  83  57  70  -1   0   5 0.00  0.0    0  3.6 13 310   M    M   6        15 280
13  85  63  74   3   0   9 0.12  0.0    0  4.2 16  50   M    M   7 13     20  60
14  86  66  76   5   0  11 0.01  0.0    0  6.7 20  40   M    M   7 13     24  10
15  81  67  74   3   0   9    T  0.0    0  9.9 23  60   M    M   7 1      27  60
16  80  65  73   2   0   8    T  0.0    0 15.6 25  50   M    M   8        32  50
17  80  61  71   0   0   6 0.00  0.0    0 13.4 23  60   M    M   4        30  50
18  81  60  71  -1   0   6    T  0.0    0 12.7 20  40   M    M   4 1      27  60
19  82  59  71  -1   0   6 0.00  0.0    0  8.3 17  60   M    M   4        22  70
20  81  56  69  -3   0   4 0.00  0.0    0  8.4 16 100   M    M   7        16 100
21  85  61  73   1   0   8 0.00  0.0    0  9.3 23 100   M    M   6        29 100
22  86  62  74   2   0   9 0.01  0.0    0  7.3 21 220   M    M   8 3      26 220
23  85  67  76   4   0  11    T  0.0    0  9.5 18 280   M    M   5        28 260
24  88  63  76   3   0  11 0.00  0.0    0  6.5 18  80   M    M   4        22  60
25  84  66  75   2   0  10 0.00  0.0    0  8.7 20 100   M    M   6        24  70
26  88  62  75   2   0  10 0.00  0.0    0  5.3 17 100   M    M   2        26 100
27  88  64  76   3   0  11 0.00  0.0    0  6.4 17 110   M    M   3        21 120
28  89  65  77   3   0  12 0.64  0.0    0  5.4 24  20   M    M   6 13     28 360
29  90  68  79   5   0  14    T  0.0    0  3.9 16 110   M    M   4 13     19 100
30  87  71  79   5   0  14 0.00  0.0    0  8.6 17 100   M    M   7        22 110
================================================================================
SM 2506 1864         0 242  1.27     0.0 251.3          M      154
================================================================================
AV 83.5 62.1                               8.4 FASTST   M    M   5    MAX(MPH)
                                 MISC ---->  # 25  50               # 32   50
================================================================================
NOTES:
# LAST OF SEVERAL OCCURRENCES

COLUMN 17 PEAK WIND IN M.P.H.

PRELIMINARY LOCAL CLIMATOLOGICAL DATA (WS FORM: F-6) , PAGE 2

                                          STATION:  ORLANDO INTL
                                          MONTH:    APRIL
                                          YEAR:     2016
                                          LATITUDE:   28 25 N
                                          LONGITUDE:  81 19 W

[TEMPERATURE DATA]      [PRECIPITATION DATA]       SYMBOLS USED IN COLUMN 16

AVERAGE MONTHLY: 72.8   TOTAL FOR MONTH:   1.27    1 = FOG OR MIST
DPTR FM NORMAL:   1.6   DPTR FM NORMAL:   -1.41    2 = FOG REDUCING VISIBILITY
HIGHEST:    90 ON 29    GRTST 24HR  0.64 ON 28-28      TO 1/4 MILE OR LESS
LOWEST:     55 ON 10                               3 = THUNDER
                        SNOW, ICE PELLETS, HAIL    4 = ICE PELLETS
                        TOTAL MONTH:   0.0 INCH    5 = HAIL
                        GRTST 24HR     0.0         6 = FREEZING RAIN OR DRIZZLE
                        GRTST DEPTH:   0           7 = DUSTSTORM OR SANDSTORM:
                                                       VSBY 1/2 MILE OR LESS
                                                   8 = SMOKE OR HAZE
[NO. OF DAYS WITH]      [WEATHER - DAYS WITH]      9 = BLOWING SNOW
                                                   X = TORNADO
MAX 32 OR BELOW:   0    0.01 INCH OR MORE:   7
MAX 90 OR ABOVE:   1    0.10 INCH OR MORE:   3
MIN 32 OR BELOW:   0    0.50 INCH OR MORE:   1
MIN  0 OR BELOW:   0    1.00 INCH OR MORE:   0

[HDD (BASE 65) ]
TOTAL THIS MO.     0    CLEAR  (SCALE 0-3)   3
DPTR FM NORMAL   -12    PTCLDY (SCALE 4-7)  27
TOTAL FM JUL 1   370    CLOUDY (SCALE 8-10)  0
DPTR FM NORMAL  -200

[CDD (BASE 65) ]
TOTAL THIS MO.   242
DPTR FM NORMAL    43    [PRESSURE DATA]
TOTAL FM JAN 1   521    HIGHEST SLP M ON M
DPTR FM NORMAL   100    LOWEST  SLP 29.78 ON  2

[REMARKS]
#FINAL-04-16#
