000
CXUS54 KMAF 171100
CF6MDD
PRELIMINARY LOCAL CLIMATOLOGICAL DATA (WS FORM: F-6)

                                          STATION:   Midland Airpark
                                          MONTH:     JANUARY
                                          YEAR:      2017
                                          LATITUDE:   32  2 N
                                          LONGITUDE: 102  6 W

  TEMPERATURE IN F:       :PCPN:    SNOW:  WIND      :SUNSHINE: SKY     :PK WND
================================================================================
1   2   3   4   5  6A  6B    7    8   9   10  11  12  13   14  15   16   17  18
                                     12Z  AVG MX 2MIN
DY MAX MIN AVG DEP HDD CDD  WTR  SNW DPTH SPD SPD DIR MIN PSBL S-S WX    SPD DR
================================================================================

 1  71  46  59   M   6   0 0.01    M    0  9.7 32 300   M    M   3        43 300
 2  65  46  56   M   9   0 0.00  0.0    0 12.3 18 260   M    M   0        24 260
 3  61  38  50   M  15   0 0.00  0.0    0  8.1 14  70   M    M   0        17  70
 4  55  33  44   M  21   0 0.00  0.0    0  8.0 14  70   M    M   1         M  M
 5  48  22  35   M  30   0 0.00  0.0    0 11.7 21  60   M    M   0        25  70
 6  27  17  22   M  43   0 0.00  0.0    0  9.9 16  50   M    M   3        23  50
 7  41  15  28   M  37   0 0.00  0.0    0  3.8 10 160   M    M   0         M  M
 8  61  28  45   M  20   0 0.00  0.0    0 10.8 15 180   M    M   0        21 190
 9  80  36  58   M   7   0 0.00  0.0    0 11.1 17 180   M    M   0        22 190
10  74  48  61   M   4   0 0.00  0.0    0  8.2 20 190   M    M   0        24 190
11  83  50  67   M   0   2 0.00  0.0    0 10.6 23 240   M    M   0        31 240
12  74  45  60   M   5   0 0.00  0.0    0  6.2 12 100   M    M   1         M  M
13  51  37  44   M  21   0 0.00  0.0    0 11.8 14  30   M    M  10 8      18  50
14  38  34  36   M  29   0 0.01    M    0  9.2 13  50   M    M  10 13      M  M
15  48  35  42   M  23   0 0.12    M    0  7.7 17  60   M    M   8 123    21  60
16  64  37  51   M  14   0 0.00  0.0    0  5.3 13 270   M    M   0        17 230
================================================================================
SM  941  567       284   2  0.14     0.0 144.4          M       36
================================================================================
AV 58.8 35.4                               9.0 FASTST   M    M   2    MAX(MPH)
                                 MISC ---->    32   M                 43    M
================================================================================
NOTES:
# LAST OF SEVERAL OCCURRENCES

COLUMN 17 PEAK WIND IN M.P.H.

PRELIMINARY LOCAL CLIMATOLOGICAL DATA (WS FORM: F-6) , PAGE 2

                                          STATION:  Midland Airpark
                                          MONTH:    JANUARY
                                          YEAR:     2017
                                          LATITUDE:   32  2 N
                                          LONGITUDE: 102  6 W

[TEMPERATURE DATA]      [PRECIPITATION DATA]       SYMBOLS USED IN COLUMN 16

AVERAGE MONTHLY: 47.1   TOTAL FOR MONTH:   0.14    1 = FOG OR MIST
DPTR FM NORMAL:     M   DPTR FM NORMAL:       M    2 = FOG REDUCING VISIBILITY
HIGHEST:    83 ON 11    GRTST 24HR  0.12 ON 15-15      TO 1/4 MILE OR LESS
LOWEST:     15 ON  7                               3 = THUNDER
                        SNOW, ICE PELLETS, HAIL    4 = ICE PELLETS
                        TOTAL MONTH:   0.0 INCH    5 = HAIL
                        GRTST 24HR     0.0         6 = FREEZING RAIN OR DRIZZLE
                        GRTST DEPTH:   0           7 = DUSTSTORM OR SANDSTORM:
                                                       VSBY 1/2 MILE OR LESS
                                                   8 = SMOKE OR HAZE
[NO. OF DAYS WITH]      [WEATHER - DAYS WITH]      9 = BLOWING SNOW
                                                   X = TORNADO
MAX 32 OR BELOW:   1    0.01 INCH OR MORE:   3
MAX 90 OR ABOVE:   0    0.10 INCH OR MORE:   1
MIN 32 OR BELOW:   4    0.50 INCH OR MORE:   0
MIN  0 OR BELOW:   0    1.00 INCH OR MORE:   0

[HDD (BASE 65) ]
TOTAL THIS MO.   284    CLEAR  (SCALE 0-3)  13
DPTR FM NORMAL     M    PTCLDY (SCALE 4-7)   0
TOTAL FM JUL 1   966    CLOUDY (SCALE 8-10)  3
DPTR FM NORMAL     M

[CDD (BASE 65) ]
TOTAL THIS MO.     2
DPTR FM NORMAL     M    [PRESSURE DATA]
TOTAL FM JAN 1     2    HIGHEST SLP M ON M
DPTR FM NORMAL     M    LOWEST  SLP M ON M

[REMARKS]
