000
CXUS53 KPAH 242237
CF6MDH
PRELIMINARY LOCAL CLIMATOLOGICAL DATA (WS FORM: F-6)

                                          STATION:   CARBONDALE IL
                                          MONTH:     FEBRUARY
                                          YEAR:      2017
                                          LATITUDE:   37 46 N
                                          LONGITUDE:  89 15 W

  TEMPERATURE IN F:       :PCPN:    SNOW:  WIND      :SUNSHINE: SKY     :PK WND
================================================================================
1   2   3   4   5  6A  6B    7    8   9   10  11  12  13   14  15   16   17  18
                                     12Z  AVG MX 2MIN
DY MAX MIN AVG DEP HDD CDD  WTR  SNW DPTH SPD SPD DIR MIN PSBL S-S WX    SPD DR
================================================================================

 1  50  35  43   9  22   0 0.00  0.0    0  6.3 14 360   M    M   0        17  20
 2  36  21  29  -5  36   0 0.00  0.0    0  7.4 18 350   M    M   1        22  10
 3  34  17  26  -8  39   0 0.00  0.0    0  6.3 16 340   M    M   0        22  10
 4  42  12  27  -7  38   0 0.00  0.0    0  9.1 22 230   M    M   4        29 230
 5  56  31  44   9  21   0 0.00  0.0    0  6.3 15 220   M    M   0        20 220
 6  65  33  49  14  16   0    T    M    0 10.3 30 200   M    M   9 1      41 200
 7  73  44  59  24   6   0 0.10  0.0    0 14.9 32 200   M    M   5 13     40 200
 8  44  26  35   0  30   0    T    M    0 12.6 23 340   M    M   8 1      30 340
 9  30  18  24 -12  41   0 0.00  0.0    0  7.6 21 320   M    M   2        29 310
10  59  23  41   5  24   0 0.00  0.0    0 17.6 36 200   M    M   0        42 210
11  69  51  60  24   5   0 0.00  0.0    0 13.6 22 190   M    M   5        30 220
12  67  36  52  16  13   0 0.00  0.0    0 13.1 23 340   M    M   2 18     31 330
13  49  23  36   0  29   0 0.00  0.0    0  2.6  8 100   M    M   2        11  80
14  51  36  44   7  21   0    T    M    0  5.7 13 250   M    M   5        15 240
15  46  24  35  -2  30   0 0.00  0.0    0  9.2 23 340   M    M   0        27 320
16  61  23  42   5  23   0 0.00  0.0    0  9.3 22 190   M    M   0        27 210
17  69  39  54  16  11   0 0.00  0.0    0 12.7 22 200   M    M   0        28 200
18  56  46  51  13  14   0 0.15    M    0  7.3 14 200   M    M   8 1      17 200
19  67  47  57  19   8   0 0.00  0.0    0  5.3 13 240   M    M   5 12     16 230
20  74  43  59  20   6   0 0.00  0.0    0  8.1 20 170   M    M   2 12     25 200
21  65  53  59  20   6   0    T  0.0    0  4.9 14 140   M    M   5 1      17 140
22  73  50  62  23   3   0 0.00  0.0    0  8.0 21 200   M    M   3 12     26 210
23  71  51  61  21   4   0 0.00  0.0    0 12.1 22 180   M    M   3        28 180
================================================================================
SM 1307  782       446   0  0.25     0.0 210.3          M       69
================================================================================
AV 56.8 34.0                               9.1 FASTST   M    M   3    MAX(MPH)
                                 MISC ---->  # 36 200               # 42  210
================================================================================
NOTES:
# LAST OF SEVERAL OCCURRENCES

COLUMN 17 PEAK WIND IN M.P.H.

PRELIMINARY LOCAL CLIMATOLOGICAL DATA (WS FORM: F-6) , PAGE 2

                                          STATION:  CARBONDALE IL
                                          MONTH:    FEBRUARY
                                          YEAR:     2017
                                          LATITUDE:   37 46 N
                                          LONGITUDE:  89 15 W

[TEMPERATURE DATA]      [PRECIPITATION DATA]       SYMBOLS USED IN COLUMN 16

AVERAGE MONTHLY: 45.4   TOTAL FOR MONTH:   0.25    1 = FOG OR MIST
DPTR FM NORMAL:   9.0   DPTR FM NORMAL:   -2.03    2 = FOG REDUCING VISIBILITY
HIGHEST:    74 ON 20    GRTST 24HR  0.15 ON 18-18      TO 1/4 MILE OR LESS
LOWEST:     12 ON  4                               3 = THUNDER
                        SNOW, ICE PELLETS, HAIL    4 = ICE PELLETS
                        TOTAL MONTH:   0.0 INCH    5 = HAIL
                        GRTST 24HR     0.0         6 = FREEZING RAIN OR DRIZZLE
                        GRTST DEPTH:   0           7 = DUSTSTORM OR SANDSTORM:
                                                       VSBY 1/2 MILE OR LESS
                                                   8 = SMOKE OR HAZE
[NO. OF DAYS WITH]      [WEATHER - DAYS WITH]      9 = BLOWING SNOW
                                                   X = TORNADO
MAX 32 OR BELOW:   1    0.01 INCH OR MORE:   2
MAX 90 OR ABOVE:   0    0.10 INCH OR MORE:   2
MIN 32 OR BELOW:  10    0.50 INCH OR MORE:   0
MIN  0 OR BELOW:   0    1.00 INCH OR MORE:   0

[HDD (BASE 65) ]
TOTAL THIS MO.   446    CLEAR  (SCALE 0-3)  14
DPTR FM NORMAL  -211    PTCLDY (SCALE 4-7)   7
TOTAL FM JUL 1  2826    CLOUDY (SCALE 8-10)  2
DPTR FM NORMAL  -588

[CDD (BASE 65) ]
TOTAL THIS MO.     0
DPTR FM NORMAL     0    [PRESSURE DATA]
TOTAL FM JAN 1     0    HIGHEST SLP M ON M
DPTR FM NORMAL     0    LOWEST  SLP 29.51 ON  7

[REMARKS]
