000
CXUS53 KPAH 220636
CF6MDH
PRELIMINARY LOCAL CLIMATOLOGICAL DATA (WS FORM: F-6)

                                          STATION:   CARBONDALE IL
                                          MONTH:     SEPTEMBER
                                          YEAR:      2017
                                          LATITUDE:   37 46 N
                                          LONGITUDE:  89 15 W

  TEMPERATURE IN F:       :PCPN:    SNOW:  WIND      :SUNSHINE: SKY     :PK WND
================================================================================
1   2   3   4   5  6A  6B    7    8   9   10  11  12  13   14  15   16   17  18
                                     12Z  AVG MX 2MIN
DY MAX MIN AVG DEP HDD CDD  WTR  SNW DPTH SPD SPD DIR MIN PSBL S-S WX    SPD DR
================================================================================

 1  76  54  65  -9   0   0 0.00  0.0    0  7.4 15 330   M    M   7        21  30
 2  78  49  64  -9   1   0 0.00  0.0    0  4.4 13 310   M    M   0        18 340
 3  88  55  72  -1   0   7 0.00  0.0    0  4.8 12 240   M    M   4        16 220
 4  90  69  80   7   0  15 0.05  0.0    0 10.4 24 200   M    M   2 13     30 210
 5  77  49  63  -9   2   0 0.00  0.0    0  6.4 17 340   M    M   2 1      26 310
 6  72  44  58 -14   7   0 0.00  0.0    0  5.5 20 310   M    M   2 1      27 310
 7  74  42  58 -14   7   0 0.00  0.0    0  2.5 12 310   M    M   2 1      15 330
 8  80  47  64  -7   1   0 0.00  0.0    0  2.2 10 190   M    M   0 1      16 200
 9  82  49  66  -5   0   1 0.00  0.0    0  3.0 14  80   M    M   0 12     19  80
10  77  49  63  -7   2   0 0.00  0.0    0  4.8 16  80   M    M   1 1      21 110
11  78  44  61  -9   4   0 0.00  0.0    0  5.8 15  50   M    M   0 1      21  40
12  67  59  63  -7   2   0 0.08  0.0    0  5.5 16  40   M    M   7 1      23  50
13  71  62  67  -2   0   2 0.07  0.0    0  2.0  7 210   M    M   9 1      10  60
14  86  58  72   3   0   7 0.00  0.0    0  2.1  9 250   M    M   3 12     12 200
15  85  56  71   3   0   6 0.00  0.0    0  4.7 14 160   M    M   2 12     19 160
16  87  60  74   6   0   9 0.00  0.0    0  4.3 13 140   M    M   1 1      19 130
17  86  62  74   6   0   9 1.05  0.0    0  2.2 23 200   M    M   4 13     28 220
18  83  63  73   6   0   8 0.41  0.0    0  1.9 26 190   M    M   3 123    41 210
19  86  66  76   9   0  11 0.11  0.0    0  2.9 12 200   M    M   3 13     15 200
20  90  68  79  13   0  14 0.00  0.0    0  7.1 17 210   M    M   0 1      23 210
21  90  66  78  12   0  13 0.00  0.0    0  3.6 12 200   M    M   0 12     15 210
================================================================================
SM 1703 1171        26 102  1.77     0.0  93.5          M       52
================================================================================
AV 81.1 55.8                               4.5 FASTST   M    M   2    MAX(MPH)
                                 MISC ---->  # 26 190               # 41  210
================================================================================
NOTES:
# LAST OF SEVERAL OCCURRENCES

COLUMN 17 PEAK WIND IN M.P.H.

PRELIMINARY LOCAL CLIMATOLOGICAL DATA (WS FORM: F-6) , PAGE 2

                                          STATION:  CARBONDALE IL
                                          MONTH:    SEPTEMBER
                                          YEAR:     2017
                                          LATITUDE:   37 46 N
                                          LONGITUDE:  89 15 W

[TEMPERATURE DATA]      [PRECIPITATION DATA]       SYMBOLS USED IN COLUMN 16

AVERAGE MONTHLY: 68.4   TOTAL FOR MONTH:   1.77    1 = FOG OR MIST
DPTR FM NORMAL:  -1.5   DPTR FM NORMAL:   -0.53    2 = FOG REDUCING VISIBILITY
HIGHEST:    90 ON 21,20 GRTST 24HR  1.05 ON 17-17      TO 1/4 MILE OR LESS
LOWEST:     42 ON  7                               3 = THUNDER
                        SNOW, ICE PELLETS, HAIL    4 = ICE PELLETS
                        TOTAL MONTH:   0.0 INCH    5 = HAIL
                        GRTST 24HR     0.0         6 = FREEZING RAIN OR DRIZZLE
                        GRTST DEPTH:   0           7 = DUSTSTORM OR SANDSTORM:
                                                       VSBY 1/2 MILE OR LESS
                                                   8 = SMOKE OR HAZE
[NO. OF DAYS WITH]      [WEATHER - DAYS WITH]      9 = BLOWING SNOW
                                                   X = TORNADO
MAX 32 OR BELOW:   0    0.01 INCH OR MORE:   6
MAX 90 OR ABOVE:   3    0.10 INCH OR MORE:   3
MIN 32 OR BELOW:   0    0.50 INCH OR MORE:   1
MIN  0 OR BELOW:   0    1.00 INCH OR MORE:   1

[HDD (BASE 65) ]
TOTAL THIS MO.    26    CLEAR  (SCALE 0-3)  16
DPTR FM NORMAL    12    PTCLDY (SCALE 4-7)   4
TOTAL FM JUL 1    26    CLOUDY (SCALE 8-10)  1
DPTR FM NORMAL    11

[CDD (BASE 65) ]
TOTAL THIS MO.   102
DPTR FM NORMAL   -17    [PRESSURE DATA]
TOTAL FM JAN 1  1219    HIGHEST SLP M ON M
DPTR FM NORMAL   -97    LOWEST  SLP 29.71 ON 13

[REMARKS]
