000
CXUS55 KCTP 301131
CF6MDT
PRELIMINARY LOCAL CLIMATOLOGICAL DATA (WS FORM: F-6)

                                          STATION:   HARRISBURG PA
                                          MONTH:     MAY
                                          YEAR:      2016
                                          LATITUDE:   40 11 N
                                          LONGITUDE:  76 46 W

  TEMPERATURE IN F:       :PCPN:    SNOW:  WIND      :SUNSHINE: SKY     :PK WND
================================================================================
1   2   3   4   5  6A  6B    7    8   9   10  11  12  13   14  15   16   17  18
                                     12Z  AVG MX 2MIN
DY MAX MIN AVG DEP HDD CDD  WTR  SNW DPTH SPD SPD DIR MIN PSBL S-S WX    SPD DR
================================================================================

 1  54  46  50  -8  15   0 0.44  0.0    0  8.7 16 120   M    M   9 1      19 120
 2  68  51  60   2   5   0 0.32  0.0    0  5.6 13 110   M    M   9 138    15  20
 3  65  54  60   2   5   0 0.22  0.0    0  5.2 12 130   M    M   9 18     20  50
 4  58  50  54  -4  11   0 0.10  0.0    0  7.0 12 100   M    M  10 18     17  60
 5  58  49  54  -5  11   0    T  0.0    0  4.9 10 360   M    M  10 1      17  40
 6  56  50  53  -6  12   0 0.57  0.0    0  6.3 14  30   M    M  10 1      21  40
 7  63  49  56  -3   9   0 0.05  0.0    0  3.6  9 170   M    M   8 1      13 200
 8  69  46  58  -2   7   0 0.01  0.0    0 10.4 29 310   M    M   6        37 300
 9  67  43  55  -5  10   0 0.00  0.0    0  5.8 21 220   M    M   6        26 220
10  58  51  55  -5  10   0 0.01  0.0    0  3.1  8 110   M    M  10        11 120
11  62  52  57  -4   8   0 0.00  0.0    0  1.1  6 100   M    M  10 18     11  50
12  74  51  63   2   2   0 0.00  0.0    0  4.4 12 150   M    M   9 128    16 180
13  76  58  67   6   0   2 0.26  0.0    0  7.8 20 310   M    M   7 18     25 310
14  72  49  61  -1   4   0 0.05  0.0    0  7.0 31 260   M    M   5 3      43 240
15  57  43  50 -12  15   0    T  0.0    0 15.6 29 310   M    M   6        38 290
16  67  43  55  -7  10   0 0.00  0.0    0  8.9 21 310   M    M   4        30 300
17  61  51  56  -6   9   0 0.02  0.0    0  1.9 10 320   M    M   9        12 320
18  62  52  57  -6   8   0 0.02  0.0    0  3.2  9 100   M    M  10 1      15  80
19  73  50  62  -1   3   0 0.00  0.0    0  6.0 13 320   M    M   5        15 310
20  76  47  62  -1   3   0 0.00  0.0    0  3.9  9 190   M    M   4        10  50
21  62  54  58  -6   7   0 0.74  0.0    0  2.3 10 120   M    M  10 1      15  50
22  62  52  57  -7   8   0 0.11  0.0    0  7.6 14 320   M    M  10 18     18 340
23  72  55  64   0   1   0 0.16  0.0    0  6.8 20 360   M    M   8 138    25 350
24  83  57  70   6   0   5 0.00  0.0    0 10.9 21 280   M    M   4        26 290
25  86  53  70   5   0   5 0.00  0.0    0  6.0 16 230   M    M   4        21 230
26  90  59  75  10   0  10 0.00  0.0    0  2.4  9 220   M    M   7 8      13 200
27  90  68  79  13   0  14    T  0.0    0  3.0 22 250   M    M   7 18     26 250
28  91  67  79  13   0  14 0.00  0.0    0  4.2 10 190   M    M   3 18     14 180
29  89  66  78  12   0  13 0.07  0.0    0  5.5 13 320   M    M   6 1      18 180
================================================================================
SM 2021 1516       173  63  3.15     0.0 169.1          M      215
================================================================================
AV 69.7 52.3                               5.8 FASTST   M    M   7    MAX(MPH)
                                 MISC ---->  # 31 260               # 43  240
================================================================================
NOTES:
# LAST OF SEVERAL OCCURRENCES

COLUMN 17 PEAK WIND IN M.P.H.

PRELIMINARY LOCAL CLIMATOLOGICAL DATA (WS FORM: F-6) , PAGE 2

                                          STATION:  HARRISBURG PA
                                          MONTH:    MAY
                                          YEAR:     2016
                                          LATITUDE:   40 11 N
                                          LONGITUDE:  76 46 W

[TEMPERATURE DATA]      [PRECIPITATION DATA]       SYMBOLS USED IN COLUMN 16

AVERAGE MONTHLY: 61.0   TOTAL FOR MONTH:   3.15    1 = FOG OR MIST
DPTR FM NORMAL:  -0.8   DPTR FM NORMAL:   -0.37    2 = FOG REDUCING VISIBILITY
HIGHEST:    91 ON 28    GRTST 24HR  0.83 ON 21-22      TO 1/4 MILE OR LESS
LOWEST:     43 ON 16,15                            3 = THUNDER
                        SNOW, ICE PELLETS, HAIL    4 = ICE PELLETS
                        TOTAL MONTH:   0.0 INCH    5 = HAIL
                        GRTST 24HR     0.0         6 = FREEZING RAIN OR DRIZZLE
                        GRTST DEPTH:   0           7 = DUSTSTORM OR SANDSTORM:
                                                       VSBY 1/2 MILE OR LESS
                                                   8 = SMOKE OR HAZE
[NO. OF DAYS WITH]      [WEATHER - DAYS WITH]      9 = BLOWING SNOW
                                                   X = TORNADO
MAX 32 OR BELOW:   0    0.01 INCH OR MORE:  16
MAX 90 OR ABOVE:   3    0.10 INCH OR MORE:   9
MIN 32 OR BELOW:   0    0.50 INCH OR MORE:   2
MIN  0 OR BELOW:   0    1.00 INCH OR MORE:   0

[HDD (BASE 65) ]
TOTAL THIS MO.   173    CLEAR  (SCALE 0-3)   0
DPTR FM NORMAL    30    PTCLDY (SCALE 4-7)  15
TOTAL FM JUL 1  4456    CLOUDY (SCALE 8-10) 14
DPTR FM NORMAL  -790

[CDD (BASE 65) ]
TOTAL THIS MO.    63
DPTR FM NORMAL    11    [PRESSURE DATA]
TOTAL FM JAN 1    75    HIGHEST SLP M ON M
DPTR FM NORMAL    16    LOWEST  SLP 29.59 ON M

[REMARKS]
