000
CXUS54 KJAN 290800
CF6MEI
PRELIMINARY LOCAL CLIMATOLOGICAL DATA (WS FORM: F-6)

                                          STATION:   MERIDIAN
                                          MONTH:     MARCH
                                          YEAR:      2017
                                          LATITUDE:   32 19 N
                                          LONGITUDE:  88 45 W

  TEMPERATURE IN F:       :PCPN:    SNOW:  WIND      :SUNSHINE: SKY     :PK WND
================================================================================
1   2   3   4   5  6A  6B    7    8   9   10  11  12  13   14  15   16   17  18
                                     12Z  AVG MX 2MIN
DY MAX MIN AVG DEP HDD CDD  WTR  SNW DPTH SPD SPD DIR MIN PSBL S-S WX    SPD DR
================================================================================

 1  83  55  69  17   0   4 0.18  0.0    0 11.6 26 320   M    M   7 13     32 220
 2  64  38  51  -1  14   0 0.00  0.0    0  9.9 23  30   M    M   0        31  10
 3  68  32  50  -3  15   0 0.00  0.0    0  5.2 21  40   M    M   0        26  60
 4  69  32  51  -2  14   0 0.00  0.0    0  4.0 13 130   M    M   0        18 130
 5  66  50  58   5   7   0 0.02  0.0    0  5.6 13  90   M    M   7        19 150
 6  78  61  70  17   0   5    T  0.0    0 12.9 25 160   M    M   8        32 160
 7  76  54  65  11   0   0 1.47  0.0    0  9.6 24 300   M    M   8 13     33 290
 8  73  40  57   3   8   0 0.00  0.0    0  4.7 15  50   M    M   1 1      23  80
 9  79  46  63   9   2   0 0.15  0.0    0  3.7 13 220   M    M   5 13     17 260
10  75  52  64  10   1   0 0.69  0.0    0  7.0 25 360   M    M   3 13     31 350
11  58  43  51  -4  14   0 0.56  0.0    0 11.1 17  30   M    M   6 1      20  40
12  60  39  50  -5  15   0 0.36  0.0    0  9.6 22  20   M    M   5 1      28  10
13  53  44  49  -6  16   0 0.38  0.0    0  5.6 17 330   M    M   9 1      24 300
14  48  36  42 -13  23   0 0.00  0.0    0  9.7 17 310   M    M  10        23 330
15  52  32  42 -14  23   0 0.00  0.0    0  6.6 16 350   M    M   0        23 330
16  54  31  43 -13  22   0 0.00  0.0    0  2.8  8 200   M    M   7         M  M
17  74  40  57   1   8   0 0.00  0.0    0  7.3 17 190   M    M   7        22 180
18  75  49  62   6   3   0 0.00  0.0    0  6.6 18 270   M    M   5 12     23 290
19  80  42  61   5   4   0 0.00  0.0    0  2.4 12  40   M    M   2 12     14  40
20  86  49  68  11   0   3 0.00  0.0    0  5.7 17 220   M    M   2        22 240
21  89  56  73  16   0   8 0.00  0.0    0  6.1 17 240   M    M   0 1      21 260
22  82  53  68  11   0   3 0.00  0.0    0  6.9 15  30   M    M   0        19  30
23  85  50  68  11   0   3 0.00  0.0    0  7.1 22 170   M    M   2        27 170
24  78  65  72  15   0   7 0.00  0.0    0 14.3 22 150   M    M   7        29 170
25  69  58  64   6   1   0 1.13  0.0    0  8.7 31 260   M    M   6 13     40 260
26  82  60  71  13   0   6 0.00  0.0    0  8.4 18 200   M    M   6 1      24 190
27  85  63  74  16   0   9 0.68  0.0    0  9.6 23 190   M    M   6 13     30 260
28  85  65  75  17   0  10 0.00  0.0    0  4.9 12 180   M    M   5 1      15 230
================================================================================
SM 2026 1335       190  58  5.62     0.0 207.6          M      124
================================================================================
AV 72.4 47.7                               7.4 FASTST   M    M   4    MAX(MPH)
                                 MISC ---->  # 31 260               # 40  260
================================================================================
NOTES:
# LAST OF SEVERAL OCCURRENCES

COLUMN 17 PEAK WIND IN M.P.H.

PRELIMINARY LOCAL CLIMATOLOGICAL DATA (WS FORM: F-6) , PAGE 2

                                          STATION:  MERIDIAN
                                          MONTH:    MARCH
                                          YEAR:     2017
                                          LATITUDE:   32 19 N
                                          LONGITUDE:  88 45 W

[TEMPERATURE DATA]      [PRECIPITATION DATA]       SYMBOLS USED IN COLUMN 16

AVERAGE MONTHLY: 60.0   TOTAL FOR MONTH:   5.62    1 = FOG OR MIST
DPTR FM NORMAL:   4.7   DPTR FM NORMAL:    0.71    2 = FOG REDUCING VISIBILITY
HIGHEST:    89 ON 21    GRTST 24HR  1.47 ON  7- 7      TO 1/4 MILE OR LESS
LOWEST:     31 ON 16                               3 = THUNDER
                        SNOW, ICE PELLETS, HAIL    4 = ICE PELLETS
                        TOTAL MONTH:   0.0 INCH    5 = HAIL
                        GRTST 24HR     0.0         6 = FREEZING RAIN OR DRIZZLE
                        GRTST DEPTH:   0           7 = DUSTSTORM OR SANDSTORM:
                                                       VSBY 1/2 MILE OR LESS
                                                   8 = SMOKE OR HAZE
[NO. OF DAYS WITH]      [WEATHER - DAYS WITH]      9 = BLOWING SNOW
                                                   X = TORNADO
MAX 32 OR BELOW:   0    0.01 INCH OR MORE:  10
MAX 90 OR ABOVE:   0    0.10 INCH OR MORE:   9
MIN 32 OR BELOW:   4    0.50 INCH OR MORE:   5
MIN  0 OR BELOW:   0    1.00 INCH OR MORE:   2

[HDD (BASE 65) ]
TOTAL THIS MO.   190    CLEAR  (SCALE 0-3)  10
DPTR FM NORMAL   -96    PTCLDY (SCALE 4-7)  14
TOTAL FM JUL 1  1318    CLOUDY (SCALE 8-10)  4
DPTR FM NORMAL -1065

[CDD (BASE 65) ]
TOTAL THIS MO.    58
DPTR FM NORMAL    38    [PRESSURE DATA]
TOTAL FM JAN 1   104    HIGHEST SLP M ON M
DPTR FM NORMAL    77    LOWEST  SLP 29.82 ON 27

[REMARKS]
