000
CXUS53 KGRB 270646
CF6MFI
PRELIMINARY LOCAL CLIMATOLOGICAL DATA (WS FORM: F-6)

                                          STATION:   MARSHFIELD WI
                                          MONTH:     MARCH
                                          YEAR:      2017
                                          LATITUDE:   44 37 N
                                          LONGITUDE:  90 11 W

  TEMPERATURE IN F:       :PCPN:    SNOW:  WIND      :SUNSHINE: SKY     :PK WND
================================================================================
1   2   3   4   5  6A  6B    7    8   9   10  11  12  13   14  15   16   17  18
                                     12Z  AVG MX 2MIN
DY MAX MIN AVG DEP HDD CDD  WTR  SNW DPTH SPD SPD DIR MIN PSBL S-S WX    SPD DR
================================================================================

 1  34  16  25   1  40   0 0.48  6.0    8 13.4 25 340   M    M   8 12     31 340
 2  26   7  17  -7  48   0    T    T    0  9.9 21 300   M    M   3 1      27 310
 3  24  -1  12 -12  53   0 0.00  0.0    4  4.9 10 330   M    M   1        12 330
 4  33  18  26   1  39   0 0.00  0.0    4 13.8 25 140   M    M   6        35 150
 5  42  27  35  10  30   0    T  0.0    3 10.6 21 130   M    M   7 18     28 130
 6  56  41  49  23  16   0 0.24  0.0    T 14.6 30 240   M    M  10 13     42 250
 7  52  31  42  16  23   0    T    T    0 22.8 38 250   M    M   6 8      52 240
 8  37  26  32   6  33   0    T    T    0 25.5 39 280   M    M   4        59 290
 9  31  20  26  -1  39   0 0.00  0.0    0 12.4 21 330   M    M   3        26 320
10  20   7  14 -13  51   0 0.00  0.0    0 14.4 23 330   M    M   0        27 340
11  24   4  14 -14  51   0 0.00  0.0    0 10.4 18 350   M    M   1        23 320
12  25   9  17 -11  48   0 0.03    M    0  4.9 13 100   M    M   5 18     17  90
13  26  14  20  -9  45   0    T    M    M 10.2 18  60   M    M   9 18     23  80
14  27   7  17 -12  48   0    T    M    M  9.2 18 330   M    M   2        23 330
15  33   8  21  -9  44   0 0.00  0.0    0  8.3 17 310   M    M   0        22 300
16  40  11  26  -4  39   0 0.03    M    M  5.8 14 160   M    M   2 1      19 160
17  39  30  35   4  30   0 0.19    M    M 10.7 20 300   M    M  10 168    26 310
18  34  27  31   0  34   0    T    M    M 11.6 24 320   M    M   8 1      33 330
19  49  23  36   4  29   0    T  0.0    0  9.4 23 160   M    M   2        29 170
20  52  32  42  10  23   0 0.00  0.0    0  5.7 18  20   M    M   3 18     26  10
21  39  21  30  -3  35   0 0.00  0.0    0 11.5 24 340   M    M   0        29 340
22  36  15  26  -7  39   0 0.00  0.0    0  7.2 13  90   M    M   1        19 110
23  41  28  35   1  30   0    M    M    M 12.2 22 140   M    M  10 3      29 140
24  39  35  37   3  28   0 0.46  0.0    0  7.5 14  70   M    M  10 13     19  80
25  39  33  36   1  29   0    T  0.0    0 15.4 23  70   M    M  10 1      29  70
26  40  33  37   2  28   0 0.14  0.0    0  6.6 16  80   M    M  10 12     20  90
================================================================================
SM  938  522       952   0  1.57     6.0 288.9          M      131
================================================================================
AV 36.1 20.1                              11.1 FASTST   M    M   5    MAX(MPH)
                                 MISC ---->  # 39 280               # 59  290
================================================================================
NOTES:
# LAST OF SEVERAL OCCURRENCES

COLUMN 17 PEAK WIND IN M.P.H.

PRELIMINARY LOCAL CLIMATOLOGICAL DATA (WS FORM: F-6) , PAGE 2

                                          STATION:  MARSHFIELD WI
                                          MONTH:    MARCH
                                          YEAR:     2017
                                          LATITUDE:   44 37 N
                                          LONGITUDE:  90 11 W

[TEMPERATURE DATA]      [PRECIPITATION DATA]       SYMBOLS USED IN COLUMN 16

AVERAGE MONTHLY: 28.1   TOTAL FOR MONTH:   1.57    1 = FOG OR MIST
DPTR FM NORMAL:  -1.1   DPTR FM NORMAL:    0.76    2 = FOG REDUCING VISIBILITY
HIGHEST:    56 ON  6    GRTST 24HR  0.48 ON  1- 1      TO 1/4 MILE OR LESS
LOWEST:     -1 ON  3                               3 = THUNDER
                        SNOW, ICE PELLETS, HAIL    4 = ICE PELLETS
                        TOTAL MONTH:   6.0 INCHES  5 = HAIL
                        GRTST 24HR   6.0 ON  1- 1  6 = FREEZING RAIN OR DRIZZLE
                        GRTST DEPTH:   8 ON  1     7 = DUSTSTORM OR SANDSTORM:
                                                       VSBY 1/2 MILE OR LESS
                                                   8 = SMOKE OR HAZE
[NO. OF DAYS WITH]      [WEATHER - DAYS WITH]      9 = BLOWING SNOW
                                                   X = TORNADO
MAX 32 OR BELOW:   8    0.01 INCH OR MORE:   7
MAX 90 OR ABOVE:   0    0.10 INCH OR MORE:   5
MIN 32 OR BELOW:  22    0.50 INCH OR MORE:   0
MIN  0 OR BELOW:   1    1.00 INCH OR MORE:   0

[HDD (BASE 65) ]
TOTAL THIS MO.   952    CLEAR  (SCALE 0-3)  11
DPTR FM NORMAL    20    PTCLDY (SCALE 4-7)   7
TOTAL FM JUL 1  6060    CLOUDY (SCALE 8-10)  8
DPTR FM NORMAL  -991

[CDD (BASE 65) ]
TOTAL THIS MO.     0
DPTR FM NORMAL     0    [PRESSURE DATA]
TOTAL FM JAN 1     0    HIGHEST SLP M ON M
DPTR FM NORMAL     0    LOWEST  SLP 29.28 ON  7

[REMARKS]
