000
CXUS53 KGRB 260700
CF6MFI
PRELIMINARY LOCAL CLIMATOLOGICAL DATA (WS FORM: F-6)

                                          STATION:   MARSHFIELD WI
                                          MONTH:     FEBRUARY
                                          YEAR:      2017
                                          LATITUDE:   44 37 N
                                          LONGITUDE:  90 11 W

  TEMPERATURE IN F:       :PCPN:    SNOW:  WIND      :SUNSHINE: SKY     :PK WND
================================================================================
1   2   3   4   5  6A  6B    7    8   9   10  11  12  13   14  15   16   17  18
                                     12Z  AVG MX 2MIN
DY MAX MIN AVG DEP HDD CDD  WTR  SNW DPTH SPD SPD DIR MIN PSBL S-S WX    SPD DR
================================================================================

 1  28   2  15  -1  50   0    T    T    7 10.9 25 320   M    M   5 18     29 320
 2  11  -1   5 -11  60   0 0.00  0.0    7 11.5 18 280   M    M   0        24 280
 3  15  -3   6 -10  59   0 0.00  0.0    7  9.9 16 280   M    M   0        20 280
 4  28  -3  13  -3  52   0    T    T    7  9.4 22 190   M    M   5        29 200
 5  27  11  19   3  46   0    T    T    7  8.7 24 330   M    M   4 8      30 330
 6  32  10  21   5  44   0 0.00  0.0    6  8.1 18 100   M    M   4 8      24  90
 7  30  18  24   7  41   0    T  0.0    6 13.1 28 320   M    M  10 168    34 320
 8  18   1  10  -7  55   0    T    T    6 11.8 21 330   M    M   6 8      24 330
 9  13  -3   5 -12  60   0 0.00  0.0    6 10.0 17 300   M    M   1        26 290
10  36  13  25   8  40   0 0.00  0.0    6 11.6 24 180   M    M   3        28 170
11  39  32  36  18  29   0 0.00  0.0    6  4.5 14 330   M    M   4 8      17 330
12  36  25  31  13  34   0    T  0.0    5 16.1 35 310   M    M   3 1      43 290
13  43  18  31  13  34   0 0.00  0.0    5 10.5 22 250   M    M   0        29 240
14  38  20  29  11  36   0 0.00  0.0    5 13.3 28 300   M    M   2        35 320
15  26  16  21   2  44   0 0.00  0.0    4 10.4 20 320   M    M   4        23 310
16  31  21  26   7  39   0 0.00  0.0    4  7.8 15 130   M    M   3        18 150
17  51  22  37  18  28   0 0.00  0.0    4  6.5 13 180   M    M   0 18     16 270
18  50  36  43  23  22   0 0.00  0.0    3  9.1 15 300   M    M   0        19 310
19  55  30  43  23  22   0 0.00  0.0    2  4.7 10 110   M    M   0 1      14 120
20  52  39  46  26  19   0 0.48  0.0    M 11.4 21 170   M    M   6 128    29 150
21  57  38  48  27  17   0    T  0.0    0  9.2 20 250   M    M   5 1      27 250
22  57  37  47  26  18   0 0.00  0.0    0  6.2 20 310   M    M   2        26 290
23  44  31  38  17  27   0    M    M    M 10.8 21 340   M    M   8 1      27 340
24  31  17  24   2  41   0 0.27    M    0 13.9 21 340   M    M  10 1238   27  30
25  23  12  18  -4  47   0    M    M    M 15.1 29 320   M    M   5        32 320
================================================================================
SM  871  439       964   0  0.75    T    254.5          M       90
================================================================================
AV 34.8 17.6                              10.2 FASTST   M    M   4    MAX(MPH)
                                 MISC ---->  # 35 310               # 43  290
================================================================================
NOTES:
# LAST OF SEVERAL OCCURRENCES

COLUMN 17 PEAK WIND IN M.P.H.

PRELIMINARY LOCAL CLIMATOLOGICAL DATA (WS FORM: F-6) , PAGE 2

                                          STATION:  MARSHFIELD WI
                                          MONTH:    FEBRUARY
                                          YEAR:     2017
                                          LATITUDE:   44 37 N
                                          LONGITUDE:  90 11 W

[TEMPERATURE DATA]      [PRECIPITATION DATA]       SYMBOLS USED IN COLUMN 16

AVERAGE MONTHLY: 26.2   TOTAL FOR MONTH:   0.75    1 = FOG OR MIST
DPTR FM NORMAL:   7.8   DPTR FM NORMAL:    0.67    2 = FOG REDUCING VISIBILITY
HIGHEST:    57 ON 22,21 GRTST 24HR  0.48 ON 20-20      TO 1/4 MILE OR LESS
LOWEST:     -3 ON  9, 4                            3 = THUNDER
                        SNOW, ICE PELLETS, HAIL    4 = ICE PELLETS
                        TOTAL MONTH:    T          5 = HAIL
                        GRTST 24HR    T  ON  8- 8  6 = FREEZING RAIN OR DRIZZLE
                        GRTST DEPTH:   7 ON  5, 4  7 = DUSTSTORM OR SANDSTORM:
                                                       VSBY 1/2 MILE OR LESS
                                                   8 = SMOKE OR HAZE
[NO. OF DAYS WITH]      [WEATHER - DAYS WITH]      9 = BLOWING SNOW
                                                   X = TORNADO
MAX 32 OR BELOW:  13    0.01 INCH OR MORE:   2
MAX 90 OR ABOVE:   0    0.10 INCH OR MORE:   2
MIN 32 OR BELOW:  21    0.50 INCH OR MORE:   0
MIN  0 OR BELOW:   4    1.00 INCH OR MORE:   0

[HDD (BASE 65) ]
TOTAL THIS MO.   964    CLEAR  (SCALE 0-3)  10
DPTR FM NORMAL  -200    PTCLDY (SCALE 4-7)  13
TOTAL FM JUL 1  5007    CLOUDY (SCALE 8-10)  2
DPTR FM NORMAL  -985

[CDD (BASE 65) ]
TOTAL THIS MO.     0
DPTR FM NORMAL     0    [PRESSURE DATA]
TOTAL FM JAN 1     0    HIGHEST SLP M ON M
DPTR FM NORMAL     0    LOWEST  SLP 29.36 ON  7

[REMARKS]
