000
CXUS54 KBMX 231216
CF6MGM
PRELIMINARY LOCAL CLIMATOLOGICAL DATA (WS FORM: F-6)

                                          STATION:   MONTGOMERY
                                          MONTH:     SEPTEMBER
                                          YEAR:      2014
                                          LATITUDE:   32 17 N
                                          LONGITUDE:  86 24 W

  TEMPERATURE IN F:       :PCPN:    SNOW:  WIND      :SUNSHINE: SKY     :PK WND
================================================================================
1   2   3   4   5  6A  6B    7    8   9   10  11  12  13   14  15   16   17  18
                                     12Z  AVG MX 2MIN
DY MAX MIN AVG DEP HDD CDD  WTR  SNW DPTH SPD SPD DIR MIN PSBL S-S WX    SPD DR
================================================================================

 1  95  73  84   4   0  19 0.00  0.0    0  2.7  8 240   M    M   0        12 250
 2  96  73  85   5   0  20 0.00  0.0    0  3.2 10 240   M    M   1        14 240
 3  94  74  84   4   0  19 0.01  0.0    0  3.8 20 170   M    M   1 3      26 170
 4  92  73  83   3   0  18 0.03  0.0    0  2.9 18 100   M    M   3 13     22 100
 5  93  73  83   4   0  18 0.00  0.0    0  1.5 10 280   M    M   2 1      12 280
 6  96  73  85   6   0  20 0.00  0.0    0  2.7 14 320   M    M   2 13     16 320
 7  93  72  83   4   0  18 0.17  0.0    0  2.3 22  50   M    M   3 13     30  10
 8  92  72  82   3   0  17 0.00  0.0    0  3.7 13 180   M    M   5 18     24 150
 9  91  72  82   4   0  17 0.00  0.0    0  5.9 14  60   M    M   5 12     16  60
10  92  73  83   5   0  18 0.00  0.0    0  5.4 13 110   M    M   3 1      22 100
11  95  73  84   6   0  19 0.00  0.0    0  3.1  9 150   M    M   1 1      17 170
12  95  73  84   6   0  19 0.01  0.0    0  2.8 20 330   M    M   1 13     25 330
13  86  74  80   3   0  15 0.00  0.0    0  6.1 14 330   M    M   6 1      17  10
14  94  70  82   5   0  17 0.13  0.0    0  4.0 17  80   M    M   4 13     21  80
15  92  73  83   6   0  18 0.16  0.0    0  4.3 14 350   M    M   5 13     18 350
16  92  73  83   7   0  18 0.00  0.0    0  4.2 12 170   M    M   2 1      16 170
17  93  70  82   6   0  17 0.00  0.0    0  3.7 12 290   M    M   3 12     15 320
18  92  65  79   3   0  14 0.00  0.0    0  2.3  9  40   M    M   0        12  40
19  93  67  80   5   0  15    T  0.0    0  5.3 25 130   M    M   0 3      33 130
20  85  68  77   2   0  12 0.00  0.0    0  7.1 17  80   M    M   4        21  70
21  91  63  77   2   0  12 0.00  0.0    0  2.4 10 320   M    M   0 1      14 260
22  87  63  75   1   0  10 0.02  0.0    0  5.4 16  10   M    M   3 18     21 340
================================================================================
SM 2029 1560         0 370  0.53     0.0  84.8          M       54
================================================================================
AV 92.2 70.9                               3.9 FASTST   M    M   2    MAX(MPH)
                                 MISC ---->  # 25 130               # 33  130
================================================================================
NOTES:
# LAST OF SEVERAL OCCURRENCES

COLUMN 17 PEAK WIND IN M.P.H.

PRELIMINARY LOCAL CLIMATOLOGICAL DATA (WS FORM: F-6) , PAGE 2

                                          STATION:  MONTGOMERY
                                          MONTH:    SEPTEMBER
                                          YEAR:     2014
                                          LATITUDE:   32 17 N
                                          LONGITUDE:  86 24 W

[TEMPERATURE DATA]      [PRECIPITATION DATA]       SYMBOLS USED IN COLUMN 16

AVERAGE MONTHLY: 81.6   TOTAL FOR MONTH:   0.53    1 = FOG OR MIST
DPTR FM NORMAL:   4.0   DPTR FM NORMAL:   -2.45    2 = FOG REDUCING VISIBILITY
HIGHEST:    96 ON  6, 2 GRTST 24HR  0.29 ON 14-15      TO 1/4 MILE OR LESS
LOWEST:     63 ON 22,21                            3 = THUNDER
                        SNOW, ICE PELLETS, HAIL    4 = ICE PELLETS
                        TOTAL MONTH:   0.0 INCH    5 = HAIL
                        GRTST 24HR     0.0         6 = FREEZING RAIN OR DRIZZLE
                        GRTST DEPTH:   0           7 = DUSTSTORM OR SANDSTORM:
                                                       VSBY 1/2 MILE OR LESS
                                                   8 = SMOKE OR HAZE
[NO. OF DAYS WITH]      [WEATHER - DAYS WITH]      9 = BLOWING SNOW
                                                   X = TORNADO
MAX 32 OR BELOW:   0    0.01 INCH OR MORE:   7
MAX 90 OR ABOVE:  19    0.10 INCH OR MORE:   3
MIN 32 OR BELOW:   0    0.50 INCH OR MORE:   0
MIN  0 OR BELOW:   0    1.00 INCH OR MORE:   0

[HDD (BASE 65) ]
TOTAL THIS MO.     0    CLEAR  (SCALE 0-3)  15
DPTR FM NORMAL     0    PTCLDY (SCALE 4-7)   7
TOTAL FM JUL 1     0    CLOUDY (SCALE 8-10)  0
DPTR FM NORMAL     0

[CDD (BASE 65) ]
TOTAL THIS MO.   370
DPTR FM NORMAL    93    [PRESSURE DATA]
TOTAL FM JAN 1  2269    HIGHEST SLP M ON M
DPTR FM NORMAL   203    LOWEST  SLP 29.92 ON M

[REMARKS]
