000
CXUS55 KFSD 220905
CF6MHE
PRELIMINARY LOCAL CLIMATOLOGICAL DATA (WS FORM: F-6)

                                          STATION:   MITCHELL SD
                                          MONTH:     AUGUST
                                          YEAR:      2014
                                          LATITUDE:   43 46 N
                                          LONGITUDE:  98  2 W

  TEMPERATURE IN F:       :PCPN:    SNOW:  WIND      :SUNSHINE: SKY     :PK WND
================================================================================
1   2   3   4   5  6A  6B    7    8   9   10  11  12  13   14  15   16   17  18
                                     12Z  AVG MX 2MIN
DY MAX MIN AVG DEP HDD CDD  WTR  SNW DPTH SPD SPD DIR MIN PSBL S-S WX    SPD DR
================================================================================

 1  84  56  70  -4   0   5 0.00  0.0    0  5.4 14 250   M    M   0 1      17 240
 2  86  62  74   0   0   9 0.10  0.0    0  7.9 21 160   M    M   2 13     22 160
 3  86  59  73  -1   0   8 0.00  0.0    0  3.8 12 120   M    M   0 123    20 170
 4  85  63  74   0   0   9 0.00  0.0    0  5.6 13  80   M    M   1 13     16  80
 5  68  65  67  -7   0   2 0.31  0.0    0  7.1 14 110   M    M   8 1      17 110
 6  69  63  66  -7   0   1 1.20  0.0    0 10.5 21 120   M    M  10 1      27 120
 7  78  63  71  -2   0   6 0.00  0.0    0  5.6 15 120   M    M   9 1      19 120
 8  74  66  70  -3   0   5 0.03  0.0    0  8.2 13 110   M    M   9 1      17  90
 9  81  63  72  -1   0   7 0.00  0.0    0  8.6 16 170   M    M   5        20 170
10  78  58  68  -5   0   3 0.00  0.0    0  7.4 16 360   M    M   4 1      20  10
11  76  53  65  -8   0   0 0.00  0.0    0  9.0 20 360   M    M   0        27 340
12  82  49  66  -7   0   1 0.00    M    0  3.3 10  60   M    M   0        17 110
13  84  68  76   3   0  11 0.00  0.0    0 10.5 13 150   M    M   0        20 150
14  80  63  72   0   0   7 0.05  0.0    0 11.5 25 160   M    M   2 1      31 150
15  79  66  73   1   0   8    T  0.0    0  9.2 25 160   M    M   2 1      34 160
16  84  65  75   3   0  10    T  0.0    0  6.4 14 160   M    M   6 128    17 160
17  84  64  74   2   0   9    T  0.0    0  6.4 16 330   M    M   4 123    20 310
18  88  57  73   1   0   8 0.00  0.0    0  7.0 21 310   M    M   0        29 300
19  87  57  72   0   0   7 0.00  0.0    0  5.0 10  80   M    M   0        14  80
20  87  65  76   4   0  11 0.30  0.0    0 11.2 24 170   M    M   1 13     29 170
21  88  68  78   7   0  13 0.00  0.0    0  5.8 15 350   M    M   2 12     19 350
================================================================================
SM 1708 1293         0 140  1.99     0.0 155.4          M       65
================================================================================
AV 81.3 61.6                               7.4 FASTST   M    M   3    MAX(MPH)
                                 MISC ---->  # 25 160               # 34  160
================================================================================
NOTES:
# LAST OF SEVERAL OCCURRENCES

COLUMN 17 PEAK WIND IN M.P.H.

PRELIMINARY LOCAL CLIMATOLOGICAL DATA (WS FORM: F-6) , PAGE 2

                                          STATION:  MITCHELL SD
                                          MONTH:    AUGUST
                                          YEAR:     2014
                                          LATITUDE:   43 46 N
                                          LONGITUDE:  98  2 W

[TEMPERATURE DATA]      [PRECIPITATION DATA]       SYMBOLS USED IN COLUMN 16

AVERAGE MONTHLY: 71.5   TOTAL FOR MONTH:   1.99    1 = FOG OR MIST
DPTR FM NORMAL:  -1.4   DPTR FM NORMAL:    0.32    2 = FOG REDUCING VISIBILITY
HIGHEST:    88 ON 21,18 GRTST 24HR  1.50 ON  5- 6      TO 1/4 MILE OR LESS
LOWEST:     49 ON 12                               3 = THUNDER
                        SNOW, ICE PELLETS, HAIL    4 = ICE PELLETS
                        TOTAL MONTH:   0.0 INCH    5 = HAIL
                        GRTST 24HR     0.0         6 = FREEZING RAIN OR DRIZZLE
                        GRTST DEPTH:   0           7 = DUSTSTORM OR SANDSTORM:
                                                       VSBY 1/2 MILE OR LESS
                                                   8 = SMOKE OR HAZE
[NO. OF DAYS WITH]      [WEATHER - DAYS WITH]      9 = BLOWING SNOW
                                                   X = TORNADO
MAX 32 OR BELOW:   0    0.01 INCH OR MORE:   6
MAX 90 OR ABOVE:   0    0.10 INCH OR MORE:   4
MIN 32 OR BELOW:   0    0.50 INCH OR MORE:   1
MIN  0 OR BELOW:   0    1.00 INCH OR MORE:   1

[HDD (BASE 65) ]
TOTAL THIS MO.     0    CLEAR  (SCALE 0-3)  13
DPTR FM NORMAL     0    PTCLDY (SCALE 4-7)   4
TOTAL FM JUL 1     9    CLOUDY (SCALE 8-10)  4
DPTR FM NORMAL     4

[CDD (BASE 65) ]
TOTAL THIS MO.   140
DPTR FM NORMAL   -30    [PRESSURE DATA]
TOTAL FM JAN 1   592    HIGHEST SLP M ON M
DPTR FM NORMAL   -96    LOWEST  SLP 29.60 ON 21

[REMARKS]
