000
CXUS55 KFSD 300905
CF6MHE
PRELIMINARY LOCAL CLIMATOLOGICAL DATA (WS FORM: F-6)

                                          STATION:   MITCHELL SD
                                          MONTH:     JUNE
                                          YEAR:      2015
                                          LATITUDE:   43 46 N
                                          LONGITUDE:  98  2 W

  TEMPERATURE IN F:       :PCPN:    SNOW:  WIND      :SUNSHINE: SKY     :PK WND
================================================================================
1   2   3   4   5  6A  6B    7    8   9   10  11  12  13   14  15   16   17  18
                                     12Z  AVG MX 2MIN
DY MAX MIN AVG DEP HDD CDD  WTR  SNW DPTH SPD SPD DIR MIN PSBL S-S WX    SPD DR
================================================================================

 1  82  56  69   5   0   4 0.00  0.0    0 16.4 26 160   M    M   4        35 160
 2  85  61  73   8   0   8 0.00  0.0    0 17.8 26 170   M    M   0        34 160
 3  79  62  71   6   0   6 0.20  0.0    0  9.2 20 320   M    M   4 13     23 310
 4  76  55  66   0   0   1    T  0.0    0  8.8 21  30   M    M   6 1      24  30
 5  81  62  72   6   0   7 0.76  0.0    0  7.2 13 110   M    M   6 1      16 120
 6  86  65  76  10   0  11    T  0.0    0 11.3 20 180   M    M   4 3      28 180
 7  80  61  71   4   0   6 1.05  0.0    0  8.7 20  40   M    M   1 123    26  40
 8  89  59  74   7   0   9 0.00  0.0    0  9.0 21 320   M    M   0        25 300
 9  99  68  84  17   0  19 0.00  0.0    0  8.1 16  30   M    M   0        22  30
10  81  60  71   3   0   6 0.09  0.0    0 10.4 20  50   M    M   3 3      24  50
11  70  58  64  -4   1   0 0.01  0.0    0  9.4 17  60   M    M   7 1      23  90
12  74  52  63  -5   2   0 0.00  0.0    0  6.4 14 150   M    M   5 1      16 150
13  84  63  74   5   0   9 0.00  0.0    0  9.0 17 160   M    M   2 1      22 140
14  88  64  76   7   0  11    T  0.0    0  9.5 22 360   M    M   3 3      27 350
15  81  61  71   1   0   6 0.00  0.0    0 11.0 18  30   M    M   1        23  10
16  72  57  65  -5   0   0 0.01  0.0    0 11.2 21 160   M    M   5        26 140
17  75  56  66  -4   0   1 0.00  0.0    0  9.6 21 310   M    M   4        25 320
18  80  56  68  -3   0   3    T  0.0    0  5.0 10 110   M    M   1 1      15  70
19  83  56  70  -1   0   5 0.00  0.0    0 12.6 25 170   M    M   2        32 170
20  85  64  75   4   0  10 0.45  0.0    0  8.8 41 340   M    M   0 13     52 330
21  86  64  75   3   0  10 0.00  0.0    0  6.5 15 130   M    M   1        20 140
22  80  61  71  -1   0   6 0.58  0.0    0 15.7 43  30   M    M   0 13     53  30
23  79  57  68  -4   0   3    T  0.0    0  5.3 10 110   M    M   4        12 120
24  82  59  71  -1   0   6    T  0.0    0  6.0 22 130   M    M   1        26 140
25  81  64  73   0   0   8    T  0.0    0  3.0  9  80   M    M   4 13     13  90
26  84  62  73   0   0   8 0.00  0.0    0  4.4 12  80   M    M   3 3      22 250
27  88  60  74   1   0   9 0.15  0.0    0  6.5 29 330   M    M   2 13     37 340
28  84  65  75   1   0  10 0.00  0.0    0 10.6 22 340   M    M   0        28 330
29  87  62  75   1   0  10 0.00  0.0    0  5.8 15 320   M    M   0 18     18 330
================================================================================
SM 2381 1750         3 192  3.30     0.0 263.2          M       73
================================================================================
AV 82.1 60.3                               9.1 FASTST   M    M   3    MAX(MPH)
                                 MISC ---->  # 43  30               # 53   30
================================================================================
NOTES:
# LAST OF SEVERAL OCCURRENCES

COLUMN 17 PEAK WIND IN M.P.H.

PRELIMINARY LOCAL CLIMATOLOGICAL DATA (WS FORM: F-6) , PAGE 2

                                          STATION:  MITCHELL SD
                                          MONTH:    JUNE
                                          YEAR:     2015
                                          LATITUDE:   43 46 N
                                          LONGITUDE:  98  2 W

[TEMPERATURE DATA]      [PRECIPITATION DATA]       SYMBOLS USED IN COLUMN 16

AVERAGE MONTHLY: 71.2   TOTAL FOR MONTH:   3.30    1 = FOG OR MIST
DPTR FM NORMAL:   1.8   DPTR FM NORMAL:   -0.73    2 = FOG REDUCING VISIBILITY
HIGHEST:    99 ON  9    GRTST 24HR  1.05 ON  7- 7      TO 1/4 MILE OR LESS
LOWEST:     52 ON 12                               3 = THUNDER
                        SNOW, ICE PELLETS, HAIL    4 = ICE PELLETS
                        TOTAL MONTH:   0.0 INCH    5 = HAIL
                        GRTST 24HR     0.0         6 = FREEZING RAIN OR DRIZZLE
                        GRTST DEPTH:   0           7 = DUSTSTORM OR SANDSTORM:
                                                       VSBY 1/2 MILE OR LESS
                                                   8 = SMOKE OR HAZE
[NO. OF DAYS WITH]      [WEATHER - DAYS WITH]      9 = BLOWING SNOW
                                                   X = TORNADO
MAX 32 OR BELOW:   0    0.01 INCH OR MORE:   9
MAX 90 OR ABOVE:   1    0.10 INCH OR MORE:   6
MIN 32 OR BELOW:   0    0.50 INCH OR MORE:   3
MIN  0 OR BELOW:   0    1.00 INCH OR MORE:   1

[HDD (BASE 65) ]
TOTAL THIS MO.     3    CLEAR  (SCALE 0-3)  17
DPTR FM NORMAL   -30    PTCLDY (SCALE 4-7)  12
TOTAL FM JUL 1  6876    CLOUDY (SCALE 8-10)  0
DPTR FM NORMAL  -367

[CDD (BASE 65) ]
TOTAL THIS MO.   192
DPTR FM NORMAL    32    [PRESSURE DATA]
TOTAL FM JAN 1   223    HIGHEST SLP M ON M
DPTR FM NORMAL    23    LOWEST  SLP 29.46 ON 22

[REMARKS]
