000
CXUS56 KMFR 281000
CF6MHS
PRELIMINARY LOCAL CLIMATOLOGICAL DATA (WS FORM: F-6)

                                          STATION:   MT SHASTA CITY CA
                                          MONTH:     AUGUST
                                          YEAR:      2015
                                          LATITUDE:   41 19 N
                                          LONGITUDE: 122 19 W

  TEMPERATURE IN F:       :PCPN:    SNOW:  WIND      :SUNSHINE: SKY     :PK WND
================================================================================
1   2   3   4   5  6A  6B    7    8   9   10  11  12  13   14  15   16   17  18
                                     12Z  AVG MX 2MIN
DY MAX MIN AVG DEP HDD CDD  WTR  SNW DPTH SPD SPD DIR MIN PSBL S-S WX    SPD DR
================================================================================

 1  97  59  78   9   0  13 0.00    M    M  0.5  7  70   M    M   0 8      11 140
 2  87  64  76   7   0  11    T    M    M  0.2  7 100   M    M   3 8      14  80
 3  89  55  72   3   0   7 0.00    M    M  0.9  6 120   M    M   0        12 140
 4  88  50  69   0   0   4 0.00    M    M  0.5  6 130   M    M   0        11 130
 5  82  51  67  -1   0   2 0.00    M    M  0.4  6 150   M    M   2 8      12 140
 6  85  50  68   0   0   3 0.00    M    M  2.7  9 290   M    M   6 8      15 280
 7  88  52  70   2   0   5 0.00    M    M  1.0  6  80   M    M   6 8      11 120
 8  83  49  66  -2   0   1 0.00    M    M  0.9  7 130   M    M   7 18     14 150
 9  85  48  67  -1   0   2 0.00    M    M  0.9  7 130   M    M   4 18     14 140
10  84  51  68   0   0   3 0.00    M    M  1.8  9 300   M    M   2 8      14 300
11  83  50  67  -1   0   2 0.00    M    M  0.0  6 140   M    M   0 8      11 130
12  85  46  66  -1   0   1 0.00    M    M  0.6  5 210   M    M   0        19 220
13  86  48  67   0   0   2 0.00    M    M  0.5  7 210   M    M   0 8      21 220
14  80  53  67   0   0   2 0.00    M    M  2.7 10 340   M    M   0 8      18 340
15  85  50  68   1   0   3 0.00    M    M  2.6 10 290   M    M   0        17 300
16  91  52  72   5   0   7 0.00    M    M  2.3  9 290   M    M   0        16 310
17  94  51  73   6   0   8 0.00    M    M  2.3  7 300   M    M   1 8      11 290
18  97  53  75   9   0  10 0.00    M    M  1.2  6 300   M    M   2 8      12 290
19  89  52  71   5   0   6 0.00    M    M  0.3  5  50   M    M   2 8       9 150
20  89  51  70   4   0   5 0.00    M    M  0.7  7 300   M    M   4 8      15  80
21  89  50  70   4   0   5 0.00    M    M  1.9  8 300   M    M   0 8      15 300
22  92  49  71   5   0   6 0.00    M    M  0.3  5  90   M    M   0         9 150
23  87  47  67   2   0   2 0.00    M    M  0.7  7 130   M    M   0        17  70
24  88  51  70   5   0   5 0.00    M    M  0.7  6  80   M    M   0        15 140
25  89  51  70   5   0   5 0.00    M    M  0.3  6 120   M    M   0        15 130
26  88  50  69   4   0   4 0.00    M    M  0.7  6 120   M    M   0        15 150
27  89  49  69   4   0   4 0.00    M    M  0.8  6 120   M    M   0        17 140
================================================================================
SM 2369 1382         0 128    T     M     28.4          M       39
================================================================================
AV 87.7 51.2                               1.1 FASTST   M    M   1    MAX(MPH)
                                 MISC ---->  # 10 340               # 21  220
================================================================================
NOTES:
# LAST OF SEVERAL OCCURRENCES

COLUMN 17 PEAK WIND IN M.P.H.

PRELIMINARY LOCAL CLIMATOLOGICAL DATA (WS FORM: F-6) , PAGE 2

                                          STATION:  MT SHASTA CITY CA
                                          MONTH:    AUGUST
                                          YEAR:     2015
                                          LATITUDE:   41 19 N
                                          LONGITUDE: 122 19 W

[TEMPERATURE DATA]      [PRECIPITATION DATA]       SYMBOLS USED IN COLUMN 16

AVERAGE MONTHLY: 69.5   TOTAL FOR MONTH:      T    1 = FOG OR MIST
DPTR FM NORMAL:   2.5   DPTR FM NORMAL:   -0.28    2 = FOG REDUCING VISIBILITY
HIGHEST:    97 ON 18, 1 GRTST 24HR    T  ON  2- 2      TO 1/4 MILE OR LESS
LOWEST:     46 ON 12                               3 = THUNDER
                        SNOW, ICE PELLETS, HAIL    4 = ICE PELLETS
                        TOTAL MONTH:    M          5 = HAIL
                        GRTST 24HR    M  ON   M    6 = FREEZING RAIN OR DRIZZLE
                        GRTST DEPTH:  M  ON   M    7 = DUSTSTORM OR SANDSTORM:
                                                       VSBY 1/2 MILE OR LESS
                                                   8 = SMOKE OR HAZE
[NO. OF DAYS WITH]      [WEATHER - DAYS WITH]      9 = BLOWING SNOW
                                                   X = TORNADO
MAX 32 OR BELOW:   0    0.01 INCH OR MORE:   0
MAX 90 OR ABOVE:   5    0.10 INCH OR MORE:   0
MIN 32 OR BELOW:   0    0.50 INCH OR MORE:   0
MIN  0 OR BELOW:   0    1.00 INCH OR MORE:   0

[HDD (BASE 65) ]
TOTAL THIS MO.     0    CLEAR  (SCALE 0-3)  21
DPTR FM NORMAL   -34    PTCLDY (SCALE 4-7)   6
TOTAL FM JUL 1     5    CLOUDY (SCALE 8-10)  0
DPTR FM NORMAL   -62

[CDD (BASE 65) ]
TOTAL THIS MO.   128
DPTR FM NORMAL    45    [PRESSURE DATA]
TOTAL FM JAN 1   486    HIGHEST SLP M ON M
DPTR FM NORMAL   235    LOWEST  SLP  0.00 ON 20

[REMARKS]
