000
CXUS56 KMFR 301000
CF6MHS
PRELIMINARY LOCAL CLIMATOLOGICAL DATA (WS FORM: F-6)

                                          STATION:   MT SHASTA CITY CA
                                          MONTH:     MARCH
                                          YEAR:      2015
                                          LATITUDE:   41 19 N
                                          LONGITUDE: 122 19 W

  TEMPERATURE IN F:       :PCPN:    SNOW:  WIND      :SUNSHINE: SKY     :PK WND
================================================================================
1   2   3   4   5  6A  6B    7    8   9   10  11  12  13   14  15   16   17  18
                                     12Z  AVG MX 2MIN
DY MAX MIN AVG DEP HDD CDD  WTR  SNW DPTH SPD SPD DIR MIN PSBL S-S WX    SPD DR
================================================================================

 1  51  28  40   0  25   0 0.00    M    M  4.5 12 300   M    M   0 8      18 300
 2  54  33  44   4  21   0 0.00    M    M  4.3 10 300   M    M   4        18 300
 3  54  28  41   1  24   0 0.00    M    M  2.4 10 290   M    M   1 8      18 300
 4  62  22  42   2  23   0 0.00    M    M  2.1  8 290   M    M   0 8      14 290
 5  66  25  46   5  19   0 0.00    M    M  0.6  6 110   M    M   0 8      10 130
 6  70  28  49   8  16   0 0.00    M    M  2.8 10 300   M    M   0 8      17 290
 7  70  32  51  10  14   0 0.00    M    M  3.6 10 290   M    M   0        17 310
 8  71  33  52  11  13   0 0.00    M    M  4.2 13 290   M    M   0        20 320
 9  75  33  54  13  11   0 0.00    M    M  3.3 10 300   M    M   0        16 290
10  61  33  47   5  18   0    T    M    M  2.1 12  90   M    M   0        20  90
11  53  42  48   6  17   0 0.09    M    M  2.9 10  90   M    M   9 1      18  70
12  66  33  50   8  15   0 0.00    M    M  2.7  9 320   M    M   2 1      14 320
13  68  39  54  12  11   0 0.00    M    M  3.3  8  90   M    M   1        14 140
14  58  50  54  12  11   0 0.01    M    M  3.0 15  90   M    M   9        22  80
15  58  44  51   9  14   0 0.36    M    M  3.2 12  90   M    M   6 1      23 140
16  54  39  47   5  18   0 0.22    M    M  0.0  3  70   M    M   9 18      7 170
17  62  35  49   7  16   0 0.00    M    M  3.0 10 290   M    M   3 1      18 290
18  61  36  49   6  16   0 0.00    M    M  5.1 13 340   M    M   0        23 320
19  69  30  50   7  15   0 0.00    M    M  2.6 10 290   M    M   0        17 280
20  65  34  50   7  15   0 0.00    M    M  1.2  9 130   M    M   0        21 140
21  64  40  52   9  13   0 0.00    M    M  1.1  6 120   M    M   1        12 130
22  55  41  48   5  17   0 0.46    M    M  2.5  9  90   M    M   9 1      16 140
23  50  35  43   0  22   0 0.05    M    M  2.7  8  90   M    M   7 1      16 130
24  50  39  45   2  20   0 0.08    M    M  0.1  5 130   M    M  10 1       8 140
25  62  33  48   4  17   0 0.00    M    M  3.2 10 300   M    M   3 1      17 280
26  77  36  57  13   8   0 0.00    M    M  0.9  7 300   M    M   0 1      11 140
27  73  39  56  12   9   0 0.00    M    M  2.0 13 310   M    M   1        24 300
28  66  38  52   8  13   0 0.00    M    M  5.3 16 330   M    M   0        29 350
29  72  40  56  12   9   0 0.00    M    M  3.3 12 310   M    M   0        20 290
================================================================================
SM 1817 1018       460   0  1.27    M     78.0          M       75
================================================================================
AV 62.7 35.1                               2.7 FASTST   M    M   3    MAX(MPH)
                                 MISC ---->  # 16 330               # 29  350
================================================================================
NOTES:
# LAST OF SEVERAL OCCURRENCES

COLUMN 17 PEAK WIND IN M.P.H.

PRELIMINARY LOCAL CLIMATOLOGICAL DATA (WS FORM: F-6) , PAGE 2

                                          STATION:  MT SHASTA CITY CA
                                          MONTH:    MARCH
                                          YEAR:     2015
                                          LATITUDE:   41 19 N
                                          LONGITUDE: 122 19 W

[TEMPERATURE DATA]      [PRECIPITATION DATA]       SYMBOLS USED IN COLUMN 16

AVERAGE MONTHLY: 48.9   TOTAL FOR MONTH:   1.27    1 = FOG OR MIST
DPTR FM NORMAL:   6.7   DPTR FM NORMAL:   -4.43    2 = FOG REDUCING VISIBILITY
HIGHEST:    77 ON 26    GRTST 24HR  0.46 ON 22-22      TO 1/4 MILE OR LESS
LOWEST:     22 ON  4                               3 = THUNDER
                        SNOW, ICE PELLETS, HAIL    4 = ICE PELLETS
                        TOTAL MONTH:    M          5 = HAIL
                        GRTST 24HR    M  ON   M    6 = FREEZING RAIN OR DRIZZLE
                        GRTST DEPTH:  M  ON   M    7 = DUSTSTORM OR SANDSTORM:
                                                       VSBY 1/2 MILE OR LESS
                                                   8 = SMOKE OR HAZE
[NO. OF DAYS WITH]      [WEATHER - DAYS WITH]      9 = BLOWING SNOW
                                                   X = TORNADO
MAX 32 OR BELOW:   0    0.01 INCH OR MORE:   7
MAX 90 OR ABOVE:   0    0.10 INCH OR MORE:   3
MIN 32 OR BELOW:   7    0.50 INCH OR MORE:   0
MIN  0 OR BELOW:   0    1.00 INCH OR MORE:   0

[HDD (BASE 65) ]
TOTAL THIS MO.   460    CLEAR  (SCALE 0-3)  21
DPTR FM NORMAL  -203    PTCLDY (SCALE 4-7)   3
TOTAL FM JUL 1  3426    CLOUDY (SCALE 8-10)  5
DPTR FM NORMAL -1212

[CDD (BASE 65) ]
TOTAL THIS MO.     0
DPTR FM NORMAL     0    [PRESSURE DATA]
TOTAL FM JAN 1     0    HIGHEST SLP M ON M
DPTR FM NORMAL     0    LOWEST  SLP  0.00 ON  2

[REMARKS]
