000
CXUS52 KMFL 271000
CF6MIA
PRELIMINARY LOCAL CLIMATOLOGICAL DATA (WS FORM: F-6)

                                          STATION:   MIAMI
                                          MONTH:     DECEMBER
                                          YEAR:      2014
                                          LATITUDE:   25 49 N
                                          LONGITUDE:  80 17 W

  TEMPERATURE IN F:       :PCPN:    SNOW:  WIND      :SUNSHINE: SKY     :PK WND
================================================================================
1   2   3   4   5  6A  6B    7    8   9   10  11  12  13   14  15   16   17  18
                                     12Z  AVG MX 2MIN
DY MAX MIN AVG DEP HDD CDD  WTR  SNW DPTH SPD SPD DIR MIN PSBL S-S WX    SPD DR
================================================================================

 1  82  70  76   3   0  11 0.03  0.0    0 14.1 24  80   M    M   6 8      31  80
 2  82  72  77   5   0  12 0.35  0.0    0 10.3 22  90 147   23   9 1      28 100
 3  81  71  76   4   0  11 0.00  0.0    0  8.3 17  60   M    M   5 8      24  60
 4  81  71  76   4   0  11 0.37  0.0    0  8.8 17  70   M    M   6 1      28  70
 5  82  71  77   5   0  12 0.13  0.0    0 10.4 21 100   M    M   5 1      26  70
 6  81  69  75   3   0  10 0.00  0.0    0  5.8 16  90 489   77   2        20  90
 7  80  66  73   1   0   8 0.00  0.0    0  5.6 13 340 541   85   1        18 330
 8  76  61  69  -3   0   4 0.00  0.0    0  6.1 12 290 530   84   3        16 340
 9  69  56  63  -9   2   0    T  0.0    0  7.9 16 310  33    5   6 1      22 310
10  66  51  59 -12   6   0 0.00  0.0    0  5.9 15 360   M    M   3        21 350
11  70  48  59 -12   6   0 0.00  0.0    0  3.2 10 310 510   81   4 8      14 350
12  68  54  61 -10   4   0 0.00  0.0    0  5.8 13 300 190   30   6        17 340
13  76  57  67  -4   0   2 0.00  0.0    0  6.8 14 330 424   67   5        22 320
14  76  57  67  -4   0   2 0.00  0.0    0  5.1 12  70 561   89   2        15 340
15  76  57  67  -3   0   2 0.00  0.0    0  3.1 12 130 437   69   4        19 150
16  78  58  68  -2   0   3 0.00  0.0    0  2.5  9 300   M    M   3        16 300
17  80  58  69  -1   0   4 0.00  0.0    0  3.7 10 130 517   82   0        14 280
18  79  60  70   0   0   5 0.00  0.0    0  2.9  8 260   M    M   2        14 270
19  79  60  70   0   0   5 0.00  0.0    0  5.3 14 110 459   73   4        19 130
20  79  62  71   1   0   6 0.00  0.0    0  3.8 13 140 437   69   4        22 160
21  80  65  73   3   0   8 0.00  0.0    0  5.0 13 130 343   54   8        23 140
22  82  66  74   4   0   9 0.00  0.0    0  5.9 15 140   M    M   7        23 160
23  82  71  77   8   0  12 0.00  0.0    0  9.2 20 150 408   65   7        27 170
24  84  75  80  11   0  15 0.01  0.0    0 10.4 18 160   M    M   8 1      27 170
25  78  68  73   4   0   8 0.43  0.0    0  6.5 18 190   M    M  10 1      27 190
26  79  66  73   4   0   8    T  0.0    0  4.2  9 340   M    M   8 1      12 320
================================================================================
SM 2026 1640        18 168  1.32     0.0 166.6         6026    128
================================================================================
AV 77.9 63.1                               6.4 FASTST  402  64   5    MAX(MPH)
                                 MISC ---->  # 24  80               # 31   80
================================================================================
NOTES:
# LAST OF SEVERAL OCCURRENCES

COLUMN 17 PEAK WIND IN M.P.H.

PRELIMINARY LOCAL CLIMATOLOGICAL DATA (WS FORM: F-6) , PAGE 2

                                          STATION:  MIAMI
                                          MONTH:    DECEMBER
                                          YEAR:     2014
                                          LATITUDE:   25 49 N
                                          LONGITUDE:  80 17 W

[TEMPERATURE DATA]      [PRECIPITATION DATA]       SYMBOLS USED IN COLUMN 16

AVERAGE MONTHLY: 70.5   TOTAL FOR MONTH:   1.32    1 = FOG OR MIST
DPTR FM NORMAL:  -0.3   DPTR FM NORMAL:   -0.43    2 = FOG REDUCING VISIBILITY
HIGHEST:    84 ON 24    GRTST 24HR  0.44 ON 24-25      TO 1/4 MILE OR LESS
LOWEST:     48 ON 11                               3 = THUNDER
                        SNOW, ICE PELLETS, HAIL    4 = ICE PELLETS
                        TOTAL MONTH:   0.0 INCH    5 = HAIL
                        GRTST 24HR     0.0         6 = FREEZING RAIN OR DRIZZLE
                        GRTST DEPTH:   0           7 = DUSTSTORM OR SANDSTORM:
                                                       VSBY 1/2 MILE OR LESS
                                                   8 = SMOKE OR HAZE
[NO. OF DAYS WITH]      [WEATHER - DAYS WITH]      9 = BLOWING SNOW
                                                   X = TORNADO
MAX 32 OR BELOW:   0    0.01 INCH OR MORE:   6
MAX 90 OR ABOVE:   0    0.10 INCH OR MORE:   4
MIN 32 OR BELOW:   0    0.50 INCH OR MORE:   0
MIN  0 OR BELOW:   0    1.00 INCH OR MORE:   0

[HDD (BASE 65) ]
TOTAL THIS MO.    18    CLEAR  (SCALE 0-3)   8
DPTR FM NORMAL    -6    PTCLDY (SCALE 4-7)  15
TOTAL FM JUL 1    29    CLOUDY (SCALE 8-10)  3
DPTR FM NORMAL     2

[CDD (BASE 65) ]
TOTAL THIS MO.   168
DPTR FM NORMAL    -8    [PRESSURE DATA]
TOTAL FM JAN 1  4712    HIGHEST SLP M ON M
DPTR FM NORMAL   164    LOWEST  SLP 29.91 ON 24

[REMARKS]
