000
CXUS53 KMPX 251000
CF6MIC
PRELIMINARY LOCAL CLIMATOLOGICAL DATA (WS FORM: F-6)

                                          STATION:   MINNEAPOLIS CRYSTAL MN
                                          MONTH:     AUGUST
                                          YEAR:      2016
                                          LATITUDE:   45  4 N
                                          LONGITUDE:  93 21 W

  TEMPERATURE IN F:       :PCPN:    SNOW:  WIND      :SUNSHINE: SKY     :PK WND
================================================================================
1   2   3   4   5  6A  6B    7    8   9   10  11  12  13   14  15   16   17  18
                                     12Z  AVG MX 2MIN
DY MAX MIN AVG DEP HDD CDD  WTR  SNW DPTH SPD SPD DIR MIN PSBL S-S WX    SPD DR
================================================================================

 1  86  70  78   5   0  13    T    M    M  9.8 17 140   M    M   4        24 140
 2  89  73  81   8   0  16 0.00    M    M  5.6 12 280   M    M   4        17 260
 3  90  68  79   6   0  14 0.00    M    M  6.8 16 190   M    M   1 1      22 210
 4  83  68  76   3   0  11 1.92    M    M 10.7 24 340   M    M   3 123    34 320
 5  79  62  71  -2   0   6 0.00    M    M  9.3 17 300   M    M   2        25 310
 6  81  60  71  -2   0   6 0.00    M    M  5.0 14 330   M    M   1        18 310
 7  83  59  71  -2   0   6 0.00    M    M  3.0  8 100   M    M   3        12  80
 8  82  62  72  -1   0   7 0.00    M    M  8.2 17 160   M    M   1        22 150
 9  86  69  78   5   0  13 0.00    M    M  8.2 16 210   M    M   3        21 220
10  89  67  78   6   0  13 1.58    M    M  8.6 25 330   M    M   4 13     32 330
11  83  68  76   4   0  11 0.81    M    M  5.0 18 150   M    M   5 1      24 140
12  78  67  73   1   0   8 0.23    M    M  4.6 13 310   M    M   5 1      15 310
13  81  62  72   0   0   7 0.00    M    M  6.4 15 280   M    M   2 12     20 280
14  81  61  71  -1   0   6 0.00    M    M  4.6 13 300   M    M   1        17 330
15  82  60  71  -1   0   6 0.00    M    M  3.1 12 100   M    M   1 1      16 120
16  86  64  75   3   0  10 0.05    M    M  4.3 22 160   M    M   3 3      32 220
17  86  61  74   2   0   9 0.00    M    M  1.2  8  40   M    M   3 128    12  30
18  84  64  74   2   0   9    T    M    M  4.2 16 190   M    M   1 1      23 170
19  79  64  72   1   0   7 0.80    M    M  7.4 30 250   M    M  10 1      45 220
20  69  59  64  -7   1   0 0.30    M    M  8.0 20 330   M    M   7 13     26 330
21  74  55  65  -6   0   0 0.00    M    M  7.2 17 320   M    M   2        23 290
22  83  58  71   0   0   6 0.00    M    M 14.8 28 180   M    M   1        37 170
23  84  67  76   6   0  11 0.37    M    M 13.0 23 160   M    M   2 13     31 160
24  81  64  73   3   0   8 0.06    M    M  7.0 17 270   M    M   4 1      22 260
================================================================================
SM 1979 1532         1 203  6.12    M    166.0          M       73
================================================================================
AV 82.5 63.8                               6.9 FASTST   M    M   3    MAX(MPH)
                                 MISC ---->  # 30 250               # 45  220
================================================================================
NOTES:
# LAST OF SEVERAL OCCURRENCES

COLUMN 17 PEAK WIND IN M.P.H.

PRELIMINARY LOCAL CLIMATOLOGICAL DATA (WS FORM: F-6) , PAGE 2

                                          STATION:  MINNEAPOLIS CRYSTAL MN
                                          MONTH:    AUGUST
                                          YEAR:     2016
                                          LATITUDE:   45  4 N
                                          LONGITUDE:  93 21 W

[TEMPERATURE DATA]      [PRECIPITATION DATA]       SYMBOLS USED IN COLUMN 16

AVERAGE MONTHLY: 73.1   TOTAL FOR MONTH:   6.12    1 = FOG OR MIST
DPTR FM NORMAL:   1.1   DPTR FM NORMAL:    3.18    2 = FOG REDUCING VISIBILITY
HIGHEST:    90 ON  3    GRTST 24HR  2.39 ON 10-11      TO 1/4 MILE OR LESS
LOWEST:     55 ON 21                               3 = THUNDER
                        SNOW, ICE PELLETS, HAIL    4 = ICE PELLETS
                        TOTAL MONTH:    M          5 = HAIL
                        GRTST 24HR    M  ON   M    6 = FREEZING RAIN OR DRIZZLE
                        GRTST DEPTH:  M  ON   M    7 = DUSTSTORM OR SANDSTORM:
                                                       VSBY 1/2 MILE OR LESS
                                                   8 = SMOKE OR HAZE
[NO. OF DAYS WITH]      [WEATHER - DAYS WITH]      9 = BLOWING SNOW
                                                   X = TORNADO
MAX 32 OR BELOW:   0    0.01 INCH OR MORE:   9
MAX 90 OR ABOVE:   1    0.10 INCH OR MORE:   7
MIN 32 OR BELOW:   0    0.50 INCH OR MORE:   4
MIN  0 OR BELOW:   0    1.00 INCH OR MORE:   2

[HDD (BASE 65) ]
TOTAL THIS MO.     1    CLEAR  (SCALE 0-3)  13
DPTR FM NORMAL     1    PTCLDY (SCALE 4-7)  10
TOTAL FM JUL 1     3    CLOUDY (SCALE 8-10)  1
DPTR FM NORMAL    -3

[CDD (BASE 65) ]
TOTAL THIS MO.   203
DPTR FM NORMAL    28    [PRESSURE DATA]
TOTAL FM JAN 1   710    HIGHEST SLP M ON M
DPTR FM NORMAL   112    LOWEST  SLP 29.71 ON 11

[REMARKS]
