000
CXUS55 KEAX 010736
CF6MKC
PRELIMINARY LOCAL CLIMATOLOGICAL DATA (WS FORM: F-6)

                                          STATION:   Downtown Kansas City MO
                                          MONTH:     JANUARY
                                          YEAR:      2015
                                          LATITUDE:   39  7 N
                                          LONGITUDE:  94 36 W

  TEMPERATURE IN F:       :PCPN:    SNOW:  WIND      :SUNSHINE: SKY     :PK WND
================================================================================
1   2   3   4   5  6A  6B    7    8   9   10  11  12  13   14  15   16   17  18
                                     12Z  AVG MX 2MIN
DY MAX MIN AVG DEP HDD CDD  WTR  SNW DPTH SPD SPD DIR MIN PSBL S-S WX    SPD DR
================================================================================

 1  36  19  28  -3  37   0 0.00    M    M  9.5 16 250   M    M   2        21 250
 2  40  29  35   4  30   0    T    M    M  5.4 12 200   M    M  10 18     13 200
 3  42  24  33   2  32   0    T    M    M  4.0 22 320   M    M  10 18     29 320
 4  24  10  17 -14  48   0    T    M    M 10.7 23 320   M    M   4 1      31 320
 5  30   8  19 -12  46   0 0.00    M    M  6.8 16 150   M    M   1        24 130
 6  32  17  25  -6  40   0    T    M    M  9.4 21 310   M    M   3        28 310
 7  20   4  12 -19  53   0    T    M    M 11.5 25  10   M    M   2        33  20
 8  34   3  19 -12  46   0 0.00    M    M 13.7 28 230   M    M   2        38 220
 9  23  11  17 -14  48   0 0.00    M    M 10.4 23 330   M    M   0        34 320
10  41  11  26  -5  39   0 0.00    M    M 11.3 22 210   M    M   0        29 200
11  41  28  35   4  30   0    T    M    M  6.7 16 200   M    M   7        20 210
12  35  12  24  -7  41   0    T    M    M 11.8 18  10   M    M   3 1      24  10
13  28   6  17 -14  48   0 0.00    M    M  5.7 14  50   M    M   1        18  70
14  40  24  32   1  33   0 0.00    M    M  5.2 10 220   M    M   6        13 250
15  52  20  36   5  29   0 0.00    M    M  3.8 15 290   M    M   0        17 300
16  63  21  42  11  23   0 0.00    M    M  7.3 20 220   M    M   0        26 210
17  56  42  49  18  16   0 0.00    M    M 12.0 26 300   M    M   0        38 300
18  61  31  46  15  19   0 0.00    M    M  4.0 12 200   M    M   0        15 240
19  66  28  47  16  18   0 0.00    M    M  4.3 17 290   M    M   0        24 290
20  53  31  42  11  23   0 0.00    M    M  5.2 14 290   M    M   0        18 290
21  52  29  41  10  24   0 0.00    M    M  5.3 18 270   M    M   0        24 270
22  39  27  33   2  32   0 0.00    M    M  4.2 10  20   M    M   8        13  20
23  48  23  36   5  29   0 0.00    M    M  5.2 13 250   M    M   1        17 210
24  62  29  46  15  19   0 0.01    M    M  8.0 22 250   M    M   1        28 230
25  48  31  40   9  25   0    T    M    M 12.1 24 320   M    M   9        33 320
26  62  27  45  14  20   0 0.00    M    M  5.9 20 250   M    M   0 1      25 330
27  58  30  44  13  21   0 0.00    M    M  3.6 12 130   M    M   0        14 130
28  76  37  57  26   8   0 0.00    M    M 10.8 24 200   M    M   0        33 190
29  54  30  42  10  23   0    T    M    M 12.1 25 320   M    M   5        33 320
30  42  22  32   0  33   0 0.00    M    M  3.5  9 200   M    M   0        12 100
31  41  34  38   6  27   0 0.35    M    M  5.9 14 170   M    M   9 1      19 180
================================================================================
SM 1399  698       960   0  0.36    M    235.3          M       84
================================================================================
AV 45.1 22.5                               7.6 FASTST   M    M   3    MAX(MPH)
                                 MISC ---->  # 28 230               # 38  220
================================================================================
NOTES:
# LAST OF SEVERAL OCCURRENCES

COLUMN 17 PEAK WIND IN M.P.H.

PRELIMINARY LOCAL CLIMATOLOGICAL DATA (WS FORM: F-6) , PAGE 2

                                          STATION:  Downtown Kansas City MO
                                          MONTH:    JANUARY
                                          YEAR:     2015
                                          LATITUDE:   39  7 N
                                          LONGITUDE:  94 36 W

[TEMPERATURE DATA]      [PRECIPITATION DATA]       SYMBOLS USED IN COLUMN 16

AVERAGE MONTHLY: 33.8   TOTAL FOR MONTH:   0.36    1 = FOG OR MIST
DPTR FM NORMAL:   2.8   DPTR FM NORMAL:   -0.78    2 = FOG REDUCING VISIBILITY
HIGHEST:    76 ON 28    GRTST 24HR  0.35 ON 31-31      TO 1/4 MILE OR LESS
LOWEST:      3 ON  8                               3 = THUNDER
                        SNOW, ICE PELLETS, HAIL    4 = ICE PELLETS
                        TOTAL MONTH:    M          5 = HAIL
                        GRTST 24HR    M  ON   M    6 = FREEZING RAIN OR DRIZZLE
                        GRTST DEPTH:  M  ON   M    7 = DUSTSTORM OR SANDSTORM:
                                                       VSBY 1/2 MILE OR LESS
                                                   8 = SMOKE OR HAZE
[NO. OF DAYS WITH]      [WEATHER - DAYS WITH]      9 = BLOWING SNOW
                                                   X = TORNADO
MAX 32 OR BELOW:   6    0.01 INCH OR MORE:   2
MAX 90 OR ABOVE:   0    0.10 INCH OR MORE:   1
MIN 32 OR BELOW:  28    0.50 INCH OR MORE:   0
MIN  0 OR BELOW:   0    1.00 INCH OR MORE:   0

[HDD (BASE 65) ]
TOTAL THIS MO.   960    CLEAR  (SCALE 0-3)  22
DPTR FM NORMAL   -95    PTCLDY (SCALE 4-7)   5
TOTAL FM JUL 1  2770    CLOUDY (SCALE 8-10)  4
DPTR FM NORMAL  -132

[CDD (BASE 65) ]
TOTAL THIS MO.     0
DPTR FM NORMAL     0    [PRESSURE DATA]
TOTAL FM JAN 1     0    HIGHEST SLP  0.00 ON M
DPTR FM NORMAL     0    LOWEST  SLP  0.00 ON M

[REMARKS]
#FINAL-01-15#
