000
CXHW52 PHFO 011250
CF6MKK
PRELIMINARY LOCAL CLIMATOLOGICAL DATA (WS FORM: F-6)

                                          STATION:   MOLOKAI HI
                                          MONTH:     AUGUST
                                          YEAR:      2014
                                          LATITUDE:   21  8 N
                                          LONGITUDE: 157  6 W

  TEMPERATURE IN F:       :PCPN:    SNOW:  WIND      :SUNSHINE: SKY     :PK WND
================================================================================
1   2   3   4   5  6A  6B    7    8   9   10  11  12  13   14  15   16   17  18
                                     12Z  AVG MX 2MIN
DY MAX MIN AVG DEP HDD CDD  WTR  SNW DPTH SPD SPD DIR MIN PSBL S-S WX    SPD DR
================================================================================

 1  85  67  76  -2   0  11 0.00  0.0    0 11.4 25  50   M    M   2        33  50
 2  89  75  82   4   0  17 0.03  0.0    0 10.5 18  40   M    M   1        28  50
 3  87  72  80   2   0  15 0.08  0.0    0 11.5 22  50   M    M   0        31  40
 4  87  73  80   2   0  15 0.05  0.0    0 12.3 25  50   M    M   1        37  50
 5  84  75  80   2   0  15 0.04  0.0    0 15.3 29  50   M    M   2        37  50
 6  85  74  80   2   0  15 0.08  0.0    0 13.0 23  50   M    M   2        33  50
 7  82  74  78   0   0  13 0.55  0.0    0 13.8 24  50   M    M   6 18     35  50
 8  88  75  82   4   0  17 0.52  0.0    0 12.6 30  50   M    M   8 1      44  70
 9  85  74  80   2   0  15 0.05  0.0    0  9.0 20  50   M    M   3        28  50
10  84  72  78   0   0  13 0.03  0.0    0  8.2 17 360   M    M   2        22 360
11  85  67  76  -2   0  11 0.09  0.0    0  7.4 17 360   M    M   2        24  10
12  83  71  77  -1   0  12 0.17  0.0    0  6.2 17  30   M    M   4 1      23 360
13  86  71  79   1   0  14 0.13  0.0    0  8.8 22  50   M    M   3        29  60
14  86  73  80   2   0  15 0.13  0.0    0 12.1 25  60   M    M   1        31  60
15  86  67  77  -1   0  12 0.08  0.0    0 12.4 25  60   M    M   1        35  60
16  86  74  80   2   0  15 0.08  0.0    0 13.0 24  50   M    M   4        35  50
17  87  73  80   2   0  15 0.13  0.0    0 11.9 22  40   M    M   2 1      30  30
18  86  73  80   2   0  15 0.10  0.0    0 11.6 23  50   M    M   2        31  40
19  85  72  79   1   0  14 0.08  0.0    0 10.4 22  50   M    M   2        29  50
20  88  71  80   2   0  15 0.06  0.0    0  9.4 21  50   M    M   4        24  60
21  86  68  77  -2   0  12 0.18  0.0    0  9.8 21  50   M    M   3 1      30  50
22  86  74  80   1   0  15 0.06  0.0    0 12.0 24  60   M    M   3        32  70
23  85  74  80   1   0  15 0.07  0.0    0 10.4 22  30   M    M   3        30  30
24  86  70  78  -1   0  13 0.08  0.0    0  7.1 18  50   M    M   4 1      29 130
25  85  74  80   1   0  15 0.07  0.0    0 10.5 20  30   M    M   3 1      26  40
26  85  70  78  -1   0  13 0.09  0.0    0  9.6 22  60   M    M   5        31  60
27  85  70  78  -1   0  13 0.12  0.0    0 10.0 23  50   M    M   2        31  40
28  85  73  79   0   0  14 0.11  0.0    0  8.6 20  30   M    M   2        29  30
29  85  69  77  -2   0  12 0.16  0.0    0  8.1 18  60   M    M   2        26  40
30  85  68  77  -2   0  12 0.16  0.0    0  7.8 17  40   M    M   2        23  50
31  88  65  77  -2   0  12 0.16  0.0    0  3.7 13 170   M    M   1        18 180
================================================================================
SM 2655 2218         0 430  3.74     0.0 318.4          M       82
================================================================================
AV 85.6 71.5                              10.3 FASTST   M    M   3    MAX(MPH)
                                 MISC ---->  # 30  50               # 44   70
================================================================================
NOTES:
# LAST OF SEVERAL OCCURRENCES

COLUMN 17 PEAK WIND IN M.P.H.

PRELIMINARY LOCAL CLIMATOLOGICAL DATA (WS FORM: F-6) , PAGE 2

                                          STATION:  MOLOKAI HI
                                          MONTH:    AUGUST
                                          YEAR:     2014
                                          LATITUDE:   21  8 N
                                          LONGITUDE: 157  6 W

[TEMPERATURE DATA]      [PRECIPITATION DATA]       SYMBOLS USED IN COLUMN 16

AVERAGE MONTHLY: 78.6   TOTAL FOR MONTH:   3.74    1 = FOG OR MIST
DPTR FM NORMAL:   0.1   DPTR FM NORMAL:    3.11    2 = FOG REDUCING VISIBILITY
HIGHEST:    89 ON  2    GRTST 24HR  1.03 ON  7- 8      TO 1/4 MILE OR LESS
LOWEST:     65 ON 31                               3 = THUNDER
                        SNOW, ICE PELLETS, HAIL    4 = ICE PELLETS
                        TOTAL MONTH:   0.0 INCH    5 = HAIL
                        GRTST 24HR     0.0         6 = FREEZING RAIN OR DRIZZLE
                        GRTST DEPTH:   0           7 = DUSTSTORM OR SANDSTORM:
                                                       VSBY 1/2 MILE OR LESS
                                                   8 = SMOKE OR HAZE
[NO. OF DAYS WITH]      [WEATHER - DAYS WITH]      9 = BLOWING SNOW
                                                   X = TORNADO
MAX 32 OR BELOW:   0    0.01 INCH OR MORE:  30
MAX 90 OR ABOVE:   0    0.10 INCH OR MORE:  13
MIN 32 OR BELOW:   0    0.50 INCH OR MORE:   2
MIN  0 OR BELOW:   0    1.00 INCH OR MORE:   0

[HDD (BASE 65) ]
TOTAL THIS MO.     0    CLEAR  (SCALE 0-3)  21
DPTR FM NORMAL     0    PTCLDY (SCALE 4-7)  10
TOTAL FM JUL 1     0    CLOUDY (SCALE 8-10)  0
DPTR FM NORMAL     0

[CDD (BASE 65) ]
TOTAL THIS MO.   430
DPTR FM NORMAL    13    [PRESSURE DATA]
TOTAL FM JAN 1  2326    HIGHEST SLP 30.09 ON 11
DPTR FM NORMAL   149    LOWEST  SLP 29.85 ON 28

[REMARKS]
#FINAL-08-14#
