000
CXUS53 KMPX 221000
CF6MKT
PRELIMINARY LOCAL CLIMATOLOGICAL DATA (WS FORM: F-6)

                                          STATION:   MANKATO MN
                                          MONTH:     JANUARY
                                          YEAR:      2018
                                          LATITUDE:   44 13 N
                                          LONGITUDE:  93 55 W

  TEMPERATURE IN F:       :PCPN:    SNOW:  WIND      :SUNSHINE: SKY     :PK WND
================================================================================
1   2   3   4   5  6A  6B    7    8   9   10  11  12  13   14  15   16   17  18
                                     12Z  AVG MX 2MIN
DY MAX MIN AVG DEP HDD CDD  WTR  SNW DPTH SPD SPD DIR MIN PSBL S-S WX    SPD DR
================================================================================

 1  -2 -17  -9 -24  74   0    M    M    M  7.9 12 290   M    M   0         M  M
 2  15 -17  -1 -16  66   0    M    M    M 12.5 24 220   M    M   3        32 230
 3   9  -6   2 -13  63   0    M    M    M 13.0 23 330   M    M   1 8       M  M
 4  11  -4   4 -10  61   0    M    M    M  4.0  9  40   M    M  10         M  M
 5  10 -10   0 -14  65   0    M    M    M  5.6  8 340   M    M   0         M  M
 6  12 -14  -1 -15  66   0    M    M    M 11.2 22 160   M    M   3        31 160
 7  33  12  23   9  42   0    M    M    M 11.6 21 180   M    M   5        32 180
 8  37  22  30  16  35   0    M    M    M  7.6 13 260   M    M   0         M  M
 9  41  27  34  20  31   0    M    M    M 15.0 24 150   M    M   1        30 160
10  37  25  31  17  34   0    M    M    M 13.2 21 180   M    M   9 1      33 180
11  25  -5  10  -4  55   0    M    M    M 21.0 28 290   M    M   8 1      40 310
12   4 -13  -4 -18  69   0    M    M    M 11.5 21 320   M    M   0         M  M
13   M -13   M   M   M   M    M    M    M  5.3  9 320   M    M   0         M  M
14  20  -8   6  -8  59   0    M    M    M 13.1 23 300   M    M   9 1      31 300
15   7  -8   0 -14  65   0    M    M    M 19.0 22 330   M    M  10 18     32 310
16   4  -7  -1 -15  66   0    M    M    M 10.3 16 310   M    M   6 18      M  M
17  29  -3  13  -1  52   0    M    M    M 11.5 20 220   M    M   0         M  M
18  42  19  31  17  34   0    M    M    M 10.2 14 230   M    M   0 8       M  M
19  44  26  35  21  30   0    M    M    M  9.4 21 210   M    M   0         M  M
20  42  26  34  20  31   0    M    M    M  2.8 10 320   M    M   1 1       M  M
21   M   M   M   M   M   M    M    M    M   M   M   M   M    M   M 1       M  M
================================================================================
SM  420   32       998   0    M     M    215.7          M       66
================================================================================
AV 22.1  1.6                              10.8 FASTST   M    M   3    MAX(MPH)
                                 MISC ---->  # 28 290               # 40  310
================================================================================
NOTES:
# LAST OF SEVERAL OCCURRENCES

COLUMN 17 PEAK WIND IN M.P.H.

PRELIMINARY LOCAL CLIMATOLOGICAL DATA (WS FORM: F-6) , PAGE 2

                                          STATION:  MANKATO MN
                                          MONTH:    JANUARY
                                          YEAR:     2018
                                          LATITUDE:   44 13 N
                                          LONGITUDE:  93 55 W

[TEMPERATURE DATA]      [PRECIPITATION DATA]       SYMBOLS USED IN COLUMN 16

AVERAGE MONTHLY: 11.9   TOTAL FOR MONTH:      M    1 = FOG OR MIST
DPTR FM NORMAL:  -2.3   DPTR FM NORMAL:       M    2 = FOG REDUCING VISIBILITY
HIGHEST:    44 ON 19    GRTST 24HR    M  ON   M        TO 1/4 MILE OR LESS
LOWEST:    -17 ON  2, 1                            3 = THUNDER
                        SNOW, ICE PELLETS, HAIL    4 = ICE PELLETS
                        TOTAL MONTH:    M          5 = HAIL
                        GRTST 24HR    M  ON   M    6 = FREEZING RAIN OR DRIZZLE
                        GRTST DEPTH:  M  ON   M    7 = DUSTSTORM OR SANDSTORM:
                                                       VSBY 1/2 MILE OR LESS
                                                   8 = SMOKE OR HAZE
[NO. OF DAYS WITH]      [WEATHER - DAYS WITH]      9 = BLOWING SNOW
                                                   X = TORNADO
MAX 32 OR BELOW:  12    0.01 INCH OR MORE:   0
MAX 90 OR ABOVE:   0    0.10 INCH OR MORE:   0
MIN 32 OR BELOW:  20    0.50 INCH OR MORE:   0
MIN  0 OR BELOW:  13    1.00 INCH OR MORE:   0

[HDD (BASE 65) ]
TOTAL THIS MO.   998    CLEAR  (SCALE 0-3)  13
DPTR FM NORMAL   -69    PTCLDY (SCALE 4-7)   3
TOTAL FM JUL 1  3923    CLOUDY (SCALE 8-10)  4
DPTR FM NORMAL  -234

[CDD (BASE 65) ]
TOTAL THIS MO.     0
DPTR FM NORMAL     0    [PRESSURE DATA]
TOTAL FM JAN 1     0    HIGHEST SLP M ON M
DPTR FM NORMAL     0    LOWEST  SLP M ON M

[REMARKS]
