000
CXUS53 KMPX 231000
CF6MKT
PRELIMINARY LOCAL CLIMATOLOGICAL DATA (WS FORM: F-6)

                                          STATION:   MANKATO MN
                                          MONTH:     APRIL
                                          YEAR:      2017
                                          LATITUDE:   44 13 N
                                          LONGITUDE:  93 55 W

  TEMPERATURE IN F:       :PCPN:    SNOW:  WIND      :SUNSHINE: SKY     :PK WND
================================================================================
1   2   3   4   5  6A  6B    7    8   9   10  11  12  13   14  15   16   17  18
                                     12Z  AVG MX 2MIN
DY MAX MIN AVG DEP HDD CDD  WTR  SNW DPTH SPD SPD DIR MIN PSBL S-S WX    SPD DR
================================================================================

 1  63  36  50  11  15   0 0.00    M    M  3.9  9 190   M    M   0         M  M
 2  53  39  46   6  19   0 0.02    M    M  9.8 16 170   M    M   8 1      23 170
 3  51  46  49   9  16   0 0.18    M    M 10.3 16  30   M    M  10 12      M  M
 4  61  41  51  10  14   0 0.03    M    M 10.5 20  30   M    M   3        25  30
 5  53  37  45   4  20   0 0.00    M    M 10.3 18  10   M    M   5        23 360
 6  53  29  41  -1  24   0 0.00    M    M 11.2 18  30   M    M   0        24  10
 7  60  29  45   3  20   0 0.00    M    M  8.5 16 170   M    M   0        23 180
 8  78  45  62  19   3   0 0.00    M    M 15.4 24 190   M    M   0        35 190
 9  69  49  59  16   6   0    T    M    M 10.2 21  10   M    M   5        27  10
10  52  34  43  -1  22   0    M    M    M 15.9 21  10   M    M  10 1      29  10
11  53  33  43  -1  22   0    M    M    M  6.3 10 360   M    M   5 1       M  M
12  58  40  49   4  16   0 0.13    M    M 10.9 16 130   M    M   6 18     17 200
13  54  45  50   5  15   0    T    M    M 10.5 15  90   M    M   8 1       M  M
14  66  48  57  11   8   0 0.33    M    M 16.8 22 120   M    M   7 138    27 150
15  71  52  62  16   3   0 1.02    M    M 11.1 22 330   M    M   5 13     35 350
16  65  44  55   8  10   0 0.00    M    M 12.4 30 270   M    M   2        37 270
17  58  43  51   4  14   0    T    M    M  8.3 13 350   M    M   3         M  M
18  66  46  56   8   9   0 0.09    M    M 18.4 27 190   M    M   9 1      44 190
19  48  44  46  -2  19   0 0.84    M    M 12.3 23  50   M    M  10 13     30  50
20  47  40  44  -4  21   0 0.01    M    M 13.3 20 310   M    M   9 1      25 310
21  59  35  47  -2  18   0 0.00    M    M  5.1 14 360   M    M   1 1       M  M
22  67  38  53   4  12   0 0.00    M    M  4.6 12 320   M    M   0 1       M  M
================================================================================
SM 1305  893       326   0  2.65    M    236.0          M      106
================================================================================
AV 59.3 40.6                              10.7 FASTST   M    M   5    MAX(MPH)
                                 MISC ---->    30   M                 44    M
================================================================================
NOTES:
# LAST OF SEVERAL OCCURRENCES

COLUMN 17 PEAK WIND IN M.P.H.

PRELIMINARY LOCAL CLIMATOLOGICAL DATA (WS FORM: F-6) , PAGE 2

                                          STATION:  MANKATO MN
                                          MONTH:    APRIL
                                          YEAR:     2017
                                          LATITUDE:   44 13 N
                                          LONGITUDE:  93 55 W

[TEMPERATURE DATA]      [PRECIPITATION DATA]       SYMBOLS USED IN COLUMN 16

AVERAGE MONTHLY: 50.0   TOTAL FOR MONTH:   2.65    1 = FOG OR MIST
DPTR FM NORMAL:   5.5   DPTR FM NORMAL:    0.50    2 = FOG REDUCING VISIBILITY
HIGHEST:    78 ON  8    GRTST 24HR  1.02 ON 15-15      TO 1/4 MILE OR LESS
LOWEST:     29 ON  7, 6                            3 = THUNDER
                        SNOW, ICE PELLETS, HAIL    4 = ICE PELLETS
                        TOTAL MONTH:    M          5 = HAIL
                        GRTST 24HR    M  ON   M    6 = FREEZING RAIN OR DRIZZLE
                        GRTST DEPTH:  M  ON   M    7 = DUSTSTORM OR SANDSTORM:
                                                       VSBY 1/2 MILE OR LESS
                                                   8 = SMOKE OR HAZE
[NO. OF DAYS WITH]      [WEATHER - DAYS WITH]      9 = BLOWING SNOW
                                                   X = TORNADO
MAX 32 OR BELOW:   0    0.01 INCH OR MORE:   9
MAX 90 OR ABOVE:   0    0.10 INCH OR MORE:   5
MIN 32 OR BELOW:   2    0.50 INCH OR MORE:   2
MIN  0 OR BELOW:   0    1.00 INCH OR MORE:   1

[HDD (BASE 65) ]
TOTAL THIS MO.   326    CLEAR  (SCALE 0-3)   9
DPTR FM NORMAL  -129    PTCLDY (SCALE 4-7)   7
TOTAL FM JUL 1  6135    CLOUDY (SCALE 8-10)  6
DPTR FM NORMAL -1274

[CDD (BASE 65) ]
TOTAL THIS MO.     0
DPTR FM NORMAL     0    [PRESSURE DATA]
TOTAL FM JAN 1     0    HIGHEST SLP M ON M
DPTR FM NORMAL     0    LOWEST  SLP M ON M

[REMARKS]
