000
CXUS52 KMLB 020002 CCA
CF6MLB

PRELIMINARY LOCAL CLIMATOLOGICAL DATA (WS FORM: F-6)

                                          STATION:   MELBOURNE
                                          MONTH:     SEPTEMBER
                                          YEAR:      2014
                                          LATITUDE:   28  6 N
                                          LONGITUDE:  80 39 W

  TEMPERATURE IN F:       :PCPN:    SNOW:  WIND      :SUNSHINE: SKY     :PK WND
================================================================================
1   2   3   4   5  6A  6B    7    8   9   10  11  12  13   14  15   16   17  18
                                     12Z  AVG MX 2MIN
DY MAX MIN AVG DEP HDD CDD  WTR  SNW DPTH SPD SPD DIR MIN PSBL S-S WX    SPD DR
================================================================================

 1  90  76  83   2   0  18 0.00  0.0    0  6.8 16 100   M    M   1        20  90
 2  90  75  83   2   0  18 0.00  0.0    0  6.6 16  90   M    M   3        22  90
 3  88  74  81   0   0  16    T  0.0    0  6.5 22 110   M    M   2        27 100
 4  88  75  82   1   0  17 0.08  0.0    0  5.6 17 150   M    M   2 13     22 140
 5  90  73  82   1   0  17 0.73  0.0    0  5.3 38 300   M    M   4 13     50 290
 6  87  73  80  -1   0  15 0.16  0.0    0  3.9 21 140   M    M   3 13     30 140
 7  88  74  81   0   0  16 0.18  0.0    0  4.6 17 160   M    M   2 138    23 140
 8  89  72  81   0   0  16 0.01  0.0    0  4.5 16 140   M    M   2 13     21 100
 9  89  74  82   1   0  17    T  0.0    0  7.3 15 110   M    M   2        20 120
10  89  75  82   1   0  17 0.01  0.0    0  7.3 15  80   M    M   2        19  90
11  90  74  82   1   0  17 0.09  0.0    0 10.2 22  50   M    M   4 13     30  60
12  88  80  84   3   0  19    T  0.0    0 10.4 16 120   M    M   4 3      21 100
13  88  76  82   1   0  17    T  0.0    0  7.3 16 100   M    M   2        21 100
14  87  72  80  -1   0  15 0.14  0.0    0  6.1 18 200   M    M   1 13     23 190
15  89  73  81   0   0  16 0.00  0.0    0  5.2 13 100   M    M   3        16 100
16  92  73  83   2   0  18 0.07  0.0    0  5.4 17  10   M    M   3 38     20 360
17  86  74  80  -1   0  15    T  0.0    0  7.7 15 260   M    M   2        19 290
18  89  74  82   2   0  17 0.00  0.0    0  7.4 13  60   M    M   4 12     16  50
19  88  72  80   0   0  15 1.40  0.0    0  7.7 21 100   M    M   5 18     26 100
20  80  72  76  -4   0  11 1.47  0.0    0  6.4 17 310   M    M   7 18     21 300
21  86  71  79  -1   0  14 0.64  0.0    0  4.1 12 170   M    M   3 1      14  50
22  86  72  79  -1   0  14 1.41  0.0    0  5.4 26 180   M    M   3 138    32 180
23  85  72  79  -1   0  14 1.28  0.0    0  5.3 26 160   M    M   5 13     33 150
24  82  73  78  -2   0  13 1.25  0.0    0  6.5 21 160   M    M   4 1238   25 160
25  86  74  80   0   0  15 0.55  0.0    0  6.3 15  10   M    M   5 13     18 360
26  87  74  81   1   0  16 0.52  0.0    0  2.5 15 190   M    M   5 138    20 120
27  88  74  81   1   0  16 0.04  0.0    0  5.4 16  80   M    M   4        20  90
28  88  76  82   2   0  17    T  0.0    0  6.0 15 110   M    M   2        20 110
29  88  74  81   2   0  16 2.48  0.0    0  4.4 26 320   M    M   4 13     32 320
30  89  74  82   3   0  17 0.02  0.0    0  6.5 21 230   M    M   3 13     27 240
================================================================================
SM 2630 2215         0 479 12.53     0.0 184.6          M       96
================================================================================
AV 87.7 73.8                               6.2 FASTST   M    M   3    MAX(MPH)
                                 MISC ---->  # 38 300               # 50  290
================================================================================
NOTES:
# LAST OF SEVERAL OCCURRENCES

COLUMN 17 PEAK WIND IN M.P.H.

PRELIMINARY LOCAL CLIMATOLOGICAL DATA (WS FORM: F-6) , PAGE 2

                                          STATION:  MELBOURNE
                                          MONTH:    SEPTEMBER
                                          YEAR:     2014
                                          LATITUDE:   28  6 N
                                          LONGITUDE:  80 39 W

[TEMPERATURE DATA]      [PRECIPITATION DATA]       SYMBOLS USED IN COLUMN 16

AVERAGE MONTHLY: 80.8   TOTAL FOR MONTH:  12.53    1 = FOG OR MIST
DPTR FM NORMAL:   0.2   DPTR FM NORMAL:    4.89    2 = FOG REDUCING VISIBILITY
HIGHEST:    92 ON 16    GRTST 24HR  2.82 ON 19-20      TO 1/4 MILE OR LESS
LOWEST:     71 ON 21                               3 = THUNDER
                        SNOW, ICE PELLETS, HAIL    4 = ICE PELLETS
                        TOTAL MONTH:   0.0 INCH    5 = HAIL
                        GRTST 24HR     0.0         6 = FREEZING RAIN OR DRIZZLE
                        GRTST DEPTH:   0           7 = DUSTSTORM OR SANDSTORM:
                                                       VSBY 1/2 MILE OR LESS
                                                   8 = SMOKE OR HAZE
[NO. OF DAYS WITH]      [WEATHER - DAYS WITH]      9 = BLOWING SNOW
                                                   X = TORNADO
MAX 32 OR BELOW:   0    0.01 INCH OR MORE:  20
MAX 90 OR ABOVE:   5    0.10 INCH OR MORE:  13
MIN 32 OR BELOW:   0    0.50 INCH OR MORE:  10
MIN  0 OR BELOW:   0    1.00 INCH OR MORE:   6

[HDD (BASE 65) ]
TOTAL THIS MO.     0    CLEAR  (SCALE 0-3)  17
DPTR FM NORMAL     0    PTCLDY (SCALE 4-7)  13
TOTAL FM JUL 1     0    CLOUDY (SCALE 8-10)  0
DPTR FM NORMAL     0

[CDD (BASE 65) ]
TOTAL THIS MO.   479
DPTR FM NORMAL    13    [PRESSURE DATA]
TOTAL FM JAN 1  2966    HIGHEST SLP 30.17 ON 15
DPTR FM NORMAL   274    LOWEST  SLP 29.80 ON 30

[REMARKS]
KMLB TIPPING BUCKET FAILED ON THE 5TH; MLBF1 COOP PRECIPITATION USED.
KMLB MAX TEMPERATURE UNREPRESENTATIVE; MLBF1 COOP TEMPERATURE USED.
#FINAL-09-14#
