000
CXUS54 KTSA 281208
CF6MLC
PRELIMINARY LOCAL CLIMATOLOGICAL DATA (WS FORM: F-6)

                                          STATION:   MCALESTER OKLAHOMA
                                          MONTH:     FEBRUARY
                                          YEAR:      2017
                                          LATITUDE:   34 52 N
                                          LONGITUDE:  95 47 W

  TEMPERATURE IN F:       :PCPN:    SNOW:  WIND      :SUNSHINE: SKY     :PK WND
================================================================================
1   2   3   4   5  6A  6B    7    8   9   10  11  12  13   14  15   16   17  18
                                     12Z  AVG MX 2MIN
DY MAX MIN AVG DEP HDD CDD  WTR  SNW DPTH SPD SPD DIR MIN PSBL S-S WX    SPD DR
================================================================================

 1  69  43  56  14   9   0 0.00  0.0    0 10.2 23  10   M    M   3 8      29  30
 2  43  36  40  -2  25   0 0.00  0.0    0 14.9 23  10   M    M   9        30  10
 3  49  28  39  -3  26   0 0.00  0.0    0  8.5 16  10   M    M   5        21  10
 4  46  26  36  -6  29   0 0.00  0.0    0  8.4 16 180   M    M   9        26 180
 5  61  43  52  10  13   0 0.00  0.0    0  4.8 12 180   M    M   9 18     16 170
 6  78  54  66  24   0   1 0.00  0.0    0 12.3 22 200   M    M   7 18     33 200
 7  79  46  63  20   2   0 0.00  0.0    0  6.2 21 210   M    M   2        27 220
 8  59  34  47   4  18   0 0.00  0.0    0 12.5 25 360   M    M   2 8      35  10
 9  58  27  43   0  22   0 0.00  0.0    0  6.8 14  30   M    M   1        20 170
10  74  48  61  18   4   0 0.00  0.0    0 14.3 24 200   M    M   3        34 190
11  87  63  75  31   0  10 0.00  0.0    0 14.4 28 210   M    M   4 8      36 190
12  74  52  63  19   2   0 0.00  0.0    0 16.6 30 360   M    M   4 18     38 360
13  59  43  51   7  14   0 0.65  0.0    0  7.2 15  10   M    M  10 1      19  20
14  45  40  43  -1  22   0 1.72  0.0    0  9.5 29 360   M    M  10 1      38 360
15  56  31  44  -1  21   0 0.00  0.0    0  6.8 16  10   M    M   3        21 340
16  66  26  46   1  19   0 0.00  0.0    0  6.5 20 200   M    M   2        26 210
17  63  48  56  11   9   0 0.00  0.0    0  7.6 16 190   M    M   3        23 210
18  65  46  56  10   9   0 0.00  0.0    0  4.6 12 150   M    M   8        15 170
19  72  50  61  15   4   0 0.00  0.0    0  6.3 14 130   M    M   8 18     21 110
20  70  47  59  13   6   0 0.35  0.0    0  7.6 20 260   M    M   8 123    30 150
21  73  47  60  14   5   0 0.00  0.0    0  5.2 18 320   M    M   6 128    23 310
22  82  39  61  14   4   0 0.00  0.0    0  5.2 16 200   M    M   1 1      23 170
23  89  62  76  29   0  11 0.00  0.0    0 10.9 22 180   M    M   1        35 170
24  72  37  55   8  10   0    T  0.0    0 14.6 23 330   M    M   4        36  20
25  51  28  40  -8  25   0 0.00  0.0    0  5.7 17 360   M    M   2        21  10
26  59  32  46  -2  19   0 0.00  0.0    0  6.8 18 190   M    M   4 8      28 170
27  66  50  58  10   7   0 0.00  0.0    0  8.1 16 150   M    M   9 8      25 160
================================================================================
SM 1765 1126       324  22  2.72     0.0 242.5          M      137
================================================================================
AV 65.4 41.7                               9.0 FASTST   M    M   5    MAX(MPH)
                                 MISC ---->  # 30 360               # 38  360
================================================================================
NOTES:
# LAST OF SEVERAL OCCURRENCES

COLUMN 17 PEAK WIND IN M.P.H.

PRELIMINARY LOCAL CLIMATOLOGICAL DATA (WS FORM: F-6) , PAGE 2

                                          STATION:  MCALESTER OKLAHOMA
                                          MONTH:    FEBRUARY
                                          YEAR:     2017
                                          LATITUDE:   34 52 N
                                          LONGITUDE:  95 47 W

[TEMPERATURE DATA]      [PRECIPITATION DATA]       SYMBOLS USED IN COLUMN 16

AVERAGE MONTHLY: 53.5   TOTAL FOR MONTH:   2.72    1 = FOG OR MIST
DPTR FM NORMAL:   8.9   DPTR FM NORMAL:    0.20    2 = FOG REDUCING VISIBILITY
HIGHEST:    89 ON 23    GRTST 24HR  2.34 ON 13-14      TO 1/4 MILE OR LESS
LOWEST:     26 ON 16, 4                            3 = THUNDER
                        SNOW, ICE PELLETS, HAIL    4 = ICE PELLETS
                        TOTAL MONTH:   0.0 INCH    5 = HAIL
                        GRTST 24HR     0.0         6 = FREEZING RAIN OR DRIZZLE
                        GRTST DEPTH:   0           7 = DUSTSTORM OR SANDSTORM:
                                                       VSBY 1/2 MILE OR LESS
                                                   8 = SMOKE OR HAZE
[NO. OF DAYS WITH]      [WEATHER - DAYS WITH]      9 = BLOWING SNOW
                                                   X = TORNADO
MAX 32 OR BELOW:   0    0.01 INCH OR MORE:   3
MAX 90 OR ABOVE:   0    0.10 INCH OR MORE:   3
MIN 32 OR BELOW:   7    0.50 INCH OR MORE:   2
MIN  0 OR BELOW:   0    1.00 INCH OR MORE:   1

[HDD (BASE 65) ]
TOTAL THIS MO.   324    CLEAR  (SCALE 0-3)   8
DPTR FM NORMAL  -229    PTCLDY (SCALE 4-7)  13
TOTAL FM JUL 1  1899    CLOUDY (SCALE 8-10)  6
DPTR FM NORMAL  -693

[CDD (BASE 65) ]
TOTAL THIS MO.    22
DPTR FM NORMAL    22    [PRESSURE DATA]
TOTAL FM JAN 1    22    HIGHEST SLP M ON M
DPTR FM NORMAL    21    LOWEST  SLP 29.31 ON 23

[REMARKS]
