000
CXUS51 KCAR 240600
CF6MLT
PRELIMINARY LOCAL CLIMATOLOGICAL DATA (WS FORM: F-6)

                                          STATION:   MILLINOCKET ME
                                          MONTH:     OCTOBER
                                          YEAR:      2014
                                          LATITUDE:   45 39 N
                                          LONGITUDE:  68 41 W

  TEMPERATURE IN F:       :PCPN:    SNOW:  WIND      :SUNSHINE: SKY     :PK WND
================================================================================
1   2   3   4   5  6A  6B    7    8   9   10  11  12  13   14  15   16   17  18
                                     12Z  AVG MX 2MIN
DY MAX MIN AVG DEP HDD CDD  WTR  SNW DPTH SPD SPD DIR MIN PSBL S-S WX    SPD DR
================================================================================

 1  59  51  55   4  10   0 0.00    M    M  5.3 12  20   M    M  10        16  20
 2  64  43  54   4  11   0 0.00    M    M  5.1 13  60   M    M   3        17  50
 3  68  40  54   4  11   0 0.00    M    M  3.0 13  90   M    M   5        17  60
 4  62  50  56   6   9   0    T    M    M  6.4 14 130   M    M  10 1      23 110
 5  63  39  51   2  14   0 0.75    M    M  5.3 18 300   M    M   6 1      28 310
 6  63  34  49   0  16   0 0.00    M    M  2.7 12 180   M    M   3 12     16 160
 7  65  38  52   4  13   0 0.04    M    M  3.6 20 170   M    M   8 1      28 150
 8  65  50  58  10   7   0 1.30    M    M  4.6 14 230   M    M   9 13     24 170
 9  57  42  50   2  15   0 0.00    M    M  5.5 16 280   M    M   4        25 300
10  60  38  49   2  16   0 0.00    M    M  6.0 16 300   M    M   3        26 270
11  52  35  44  -3  21   0 0.00    M    M  1.2  6 300   M    M   3 1       8 240
12  57  32  45  -2  20   0 0.00    M    M  5.4 16 320   M    M   1        21 310
13  65  31  48   2  17   0 0.00    M    M  2.4  9 210   M    M   0        15 150
14  71  40  56  10   9   0 0.00    M    M  3.2 10 170   M    M   2 1      17 200
15  73  63  68  22   0   3 0.00    M    M  2.8  9 180   M    M   3        16 200
16  70  62  66  21   0   1    T    M    M  5.2 12 120   M    M   9 1      17 120
17  67  49  58  13   7   0 1.10    M    M  3.8 12 120   M    M   6 1      17 200
18  64  50  57  12   8   0 0.27    M    M  2.3  8 190   M    M   9 1      15 180
19  54  41  48   4  17   0 0.00    M    M 11.4 21 300   M    M  10 1      30 300
20  49  35  42  -2  23   0 0.00    M    M  8.4 21 300   M    M   5        29 290
21  48  34  41  -3  24   0    T    M    M  3.0  8 360   M    M   9        11  60
22  55  43  49   6  16   0 0.14    M    M 10.4 20  50   M    M   8 1      27  60
23  48  44  46   3  19   0 1.44    M    M 11.1 17  20   M    M  10 1      27  40
================================================================================
SM 1399  984       303   4  5.04    M    118.1          M      136
================================================================================
AV 60.8 42.8                               5.1 FASTST   M    M   6    MAX(MPH)
                                 MISC ---->  # 21 300                 30    M
================================================================================
NOTES:
# LAST OF SEVERAL OCCURRENCES

COLUMN 17 PEAK WIND IN M.P.H.

PRELIMINARY LOCAL CLIMATOLOGICAL DATA (WS FORM: F-6) , PAGE 2

                                          STATION:  MILLINOCKET ME
                                          MONTH:    OCTOBER
                                          YEAR:     2014
                                          LATITUDE:   45 39 N
                                          LONGITUDE:  68 41 W

[TEMPERATURE DATA]      [PRECIPITATION DATA]       SYMBOLS USED IN COLUMN 16

AVERAGE MONTHLY: 51.8   TOTAL FOR MONTH:   5.04    1 = FOG OR MIST
DPTR FM NORMAL:   5.1   DPTR FM NORMAL:    1.92    2 = FOG REDUCING VISIBILITY
HIGHEST:    73 ON 15    GRTST 24HR  1.44 ON 23-23      TO 1/4 MILE OR LESS
LOWEST:     31 ON 13                               3 = THUNDER
                        SNOW, ICE PELLETS, HAIL    4 = ICE PELLETS
                        TOTAL MONTH:    M          5 = HAIL
                        GRTST 24HR    M  ON   M    6 = FREEZING RAIN OR DRIZZLE
                        GRTST DEPTH:  M  ON   M    7 = DUSTSTORM OR SANDSTORM:
                                                       VSBY 1/2 MILE OR LESS
                                                   8 = SMOKE OR HAZE
[NO. OF DAYS WITH]      [WEATHER - DAYS WITH]      9 = BLOWING SNOW
                                                   X = TORNADO
MAX 32 OR BELOW:   0    0.01 INCH OR MORE:   7
MAX 90 OR ABOVE:   0    0.10 INCH OR MORE:   6
MIN 32 OR BELOW:   2    0.50 INCH OR MORE:   4
MIN  0 OR BELOW:   0    1.00 INCH OR MORE:   3

[HDD (BASE 65) ]
TOTAL THIS MO.   303    CLEAR  (SCALE 0-3)   8
DPTR FM NORMAL  -117    PTCLDY (SCALE 4-7)   7
TOTAL FM JUL 1   567    CLOUDY (SCALE 8-10)  8
DPTR FM NORMAL  -181

[CDD (BASE 65) ]
TOTAL THIS MO.     4
DPTR FM NORMAL     4    [PRESSURE DATA]
TOTAL FM JAN 1   375    HIGHEST SLP M ON M
DPTR FM NORMAL   107    LOWEST  SLP 29.40 ON M

[REMARKS]
