000
CXUS54 KSHV 241300
CF6MLU
PRELIMINARY LOCAL CLIMATOLOGICAL DATA (WS FORM: F-6)

                                          STATION:   MONROE
                                          MONTH:     AUGUST
                                          YEAR:      2016
                                          LATITUDE:   32 30 N
                                          LONGITUDE:  92  2 W

  TEMPERATURE IN F:       :PCPN:    SNOW:  WIND      :SUNSHINE: SKY     :PK WND
================================================================================
1   2   3   4   5  6A  6B    7    8   9   10  11  12  13   14  15   16   17  18
                                     12Z  AVG MX 2MIN
DY MAX MIN AVG DEP HDD CDD  WTR  SNW DPTH SPD SPD DIR MIN PSBL S-S WX    SPD DR
================================================================================

 1  95  75  85   2   0  20 0.00  0.0    0  3.5  9 210   M    M   1 18     13 200
 2  96  79  88   5   0  23 0.00  0.0    0  3.1  9 260   M    M   1        12 270
 3  99  77  88   5   0  23 0.00  0.0    0  1.8  8 290   M    M   1 1      10 280
 4  97  79  88   5   0  23 0.00  0.0    0  4.3 10 150   M    M   1 8      15 170
 5  96  76  86   3   0  21 0.00  0.0    0  4.5 14 150   M    M   0 3      22 130
 6  96  76  86   3   0  21 0.00  0.0    0  4.6 29 360   M    M   1 138    35 340
 7  95  73  84   1   0  19 0.07  0.0    0  3.5 26 360   M    M   1 13     35 360
 8  93  73  83   0   0  18 0.00  0.0    0  5.1 14 360   M    M   2        18  20
 9  96  74  85   2   0  20 0.00  0.0    0  3.0 14  10   M    M   1 1      17  20
10  96  78  87   4   0  22    T  0.0    0  3.0 14 360   M    M   1 138    17  10
11  91  78  85   2   0  20 0.15  0.0    0  3.2 13 260   M    M   1 13     16 170
12  94  75  85   2   0  20 0.44  0.0    0  4.7 30  50   M    M   2 13     37  50
13  82  74  78  -5   0  13 0.87  0.0    0  5.7 14 160   M    M  10 1      19 150
14  79  74  77  -6   0  12 0.53  0.0    0  7.8 17 170   M    M   8 1      27 160
15  90  75  83   0   0  18 0.63  0.0    0  4.6 28 200   M    M   4 13     36 210
16  85  73  79  -4   0  14 1.26  0.0    0  3.2 15 300   M    M   7 13     18 290
17  89  73  81  -2   0  16 0.21  0.0    0  1.2 10  50   M    M   7 13     14 150
18  89  72  81  -2   0  16 0.39  0.0    0  2.8 21 230   M    M   3 13     26 240
19  90  74  82  -1   0  17 0.28  0.0    0  3.3 17 180   M    M   7 13     21 180
20  91  75  83   0   0  18    T  0.0    0  6.2 17 260   M    M   3 3      23 220
21  87  76  82  -1   0  17    T  0.0    0  3.0  9 340   M    M   6        11 340
22  91  74  83   1   0  18    T  0.0    0  2.3 12 320   M    M   5 13     16 320
23  93  72  83   1   0  18 0.00  0.0    0  2.5  9 180   M    M   1 12     12 190
================================================================================
SM 2110 1725         0 427  4.83     0.0  86.9          M       74
================================================================================
AV 91.7 75.0                               3.8 FASTST   M    M   3    MAX(MPH)
                                 MISC ---->  # 30  50               # 37   50
================================================================================
NOTES:
# LAST OF SEVERAL OCCURRENCES

COLUMN 17 PEAK WIND IN M.P.H.

PRELIMINARY LOCAL CLIMATOLOGICAL DATA (WS FORM: F-6) , PAGE 2

                                          STATION:  MONROE
                                          MONTH:    AUGUST
                                          YEAR:     2016
                                          LATITUDE:   32 30 N
                                          LONGITUDE:  92  2 W

[TEMPERATURE DATA]      [PRECIPITATION DATA]       SYMBOLS USED IN COLUMN 16

AVERAGE MONTHLY: 83.4   TOTAL FOR MONTH:   4.83    1 = FOG OR MIST
DPTR FM NORMAL:   0.5   DPTR FM NORMAL:    2.52    2 = FOG REDUCING VISIBILITY
HIGHEST:    99 ON  3    GRTST 24HR  1.67 ON 15-16      TO 1/4 MILE OR LESS
LOWEST:     72 ON 23,18                            3 = THUNDER
                        SNOW, ICE PELLETS, HAIL    4 = ICE PELLETS
                        TOTAL MONTH:   0.0 INCH    5 = HAIL
                        GRTST 24HR     0.0         6 = FREEZING RAIN OR DRIZZLE
                        GRTST DEPTH:   0           7 = DUSTSTORM OR SANDSTORM:
                                                       VSBY 1/2 MILE OR LESS
                                                   8 = SMOKE OR HAZE
[NO. OF DAYS WITH]      [WEATHER - DAYS WITH]      9 = BLOWING SNOW
                                                   X = TORNADO
MAX 32 OR BELOW:   0    0.01 INCH OR MORE:  10
MAX 90 OR ABOVE:  17    0.10 INCH OR MORE:   9
MIN 32 OR BELOW:   0    0.50 INCH OR MORE:   4
MIN  0 OR BELOW:   0    1.00 INCH OR MORE:   1

[HDD (BASE 65) ]
TOTAL THIS MO.     0    CLEAR  (SCALE 0-3)  14
DPTR FM NORMAL     0    PTCLDY (SCALE 4-7)   8
TOTAL FM JUL 1     0    CLOUDY (SCALE 8-10)  1
DPTR FM NORMAL     0

[CDD (BASE 65) ]
TOTAL THIS MO.   427
DPTR FM NORMAL    15    [PRESSURE DATA]
TOTAL FM JAN 1  1898    HIGHEST SLP M ON M
DPTR FM NORMAL    26    LOWEST  SLP 29.71 ON 12

[REMARKS]
