000
CXUS54 KSHV 261300
CF6MLU
PRELIMINARY LOCAL CLIMATOLOGICAL DATA (WS FORM: F-6)

                                          STATION:   MONROE
                                          MONTH:     SEPTEMBER
                                          YEAR:      2016
                                          LATITUDE:   32 30 N
                                          LONGITUDE:  92  2 W

  TEMPERATURE IN F:       :PCPN:    SNOW:  WIND      :SUNSHINE: SKY     :PK WND
================================================================================
1   2   3   4   5  6A  6B    7    8   9   10  11  12  13   14  15   16   17  18
                                     12Z  AVG MX 2MIN
DY MAX MIN AVG DEP HDD CDD  WTR  SNW DPTH SPD SPD DIR MIN PSBL S-S WX    SPD DR
================================================================================

 1  94  76  85   4   0  20 0.01  0.0    0  8.2 18  20   M    M   1 1      25  20
 2  88  69  79  -2   0  14 0.00  0.0    0  8.2 16  20   M    M   1        21  20
 3  91  65  78  -3   0  13 0.00  0.0    0  4.5 10 350   M    M   1        12 340
 4  93  68  81   1   0  16 0.04  0.0    0  2.1 16 170   M    M   2 13     22 170
 5  94  74  84   4   0  19    T  0.0    0  3.6 17 190   M    M   4 13     23 200
 6  90  74  82   2   0  17 0.00  0.0    0  2.6  9 280   M    M   6 18     11 280
 7  92  73  83   3   0  18 0.00  0.0    0  2.7 12 320   M    M   3 18     14 320
 8  92  75  84   5   0  19 0.06  0.0    0  4.5 14 170   M    M   3 1      19 160
 9  92  74  83   4   0  18 0.00  0.0    0  4.5 12 170   M    M   3 1      15 170
10  92  72  82   3   0  17 0.11  0.0    0  5.4 22 330   M    M   2 138    28 320
11  88  70  79   1   0  14 0.00  0.0    0  5.9 13  40   M    M   1        16  60
12  92  67  80   2   0  15 0.00  0.0    0  1.8  8  80   M    M   2 1      12  80
13  94  70  82   4   0  17 0.00  0.0    0  2.5 13  50   M    M   1 1      16  70
14  95  70  83   6   0  18 0.00  0.0    0  2.2 13  60   M    M   2        17  50
15  95  71  83   6   0  18 0.00  0.0    0  2.2 12 170   M    M   1 1      15 170
16  93  72  83   6   0  18    T  0.0    0  3.6 10 160   M    M   3        15 150
17  93  76  85   9   0  20 0.00  0.0    0  2.7  9  20   M    M   6 1      12 360
18  90  72  81   5   0  16 0.06  0.0    0  2.8 16 320   M    M   2 13     20  10
19  94  69  82   6   0  17 0.00  0.0    0  3.2 13 330   M    M   2 12     16 340
20  94  67  81   6   0  16 0.00  0.0    0  4.6 13  20   M    M   0 8      17  20
21  96  65  81   6   0  16 0.00  0.0    0  2.6 12  40   M    M   0 1      15  30
22  93  64  79   4   0  14 0.00  0.0    0  1.3  9 320   M    M   1 1      12 240
23  93  70  82   8   0  17 0.00  0.0    0  2.4 15 210   M    M   1 1      19 210
24  94  68  81   7   0  16 0.00  0.0    0  1.6 10 200   M    M   1 1      14 180
25  94  68  81   7   0  16 0.00  0.0    0  2.5 10 240   M    M   1 1      15 160
================================================================================
SM 2316 1759         0 419  0.28     0.0  88.2          M       50
================================================================================
AV 92.6 70.4                               3.5 FASTST   M    M   2    MAX(MPH)
                                 MISC ---->  # 22 330               # 28  320
================================================================================
NOTES:
# LAST OF SEVERAL OCCURRENCES

COLUMN 17 PEAK WIND IN M.P.H.

PRELIMINARY LOCAL CLIMATOLOGICAL DATA (WS FORM: F-6) , PAGE 2

                                          STATION:  MONROE
                                          MONTH:    SEPTEMBER
                                          YEAR:     2016
                                          LATITUDE:   32 30 N
                                          LONGITUDE:  92  2 W

[TEMPERATURE DATA]      [PRECIPITATION DATA]       SYMBOLS USED IN COLUMN 16

AVERAGE MONTHLY: 81.5   TOTAL FOR MONTH:   0.28    1 = FOG OR MIST
DPTR FM NORMAL:   3.9   DPTR FM NORMAL:   -2.69    2 = FOG REDUCING VISIBILITY
HIGHEST:    96 ON 21    GRTST 24HR  0.11 ON 10-10      TO 1/4 MILE OR LESS
LOWEST:     64 ON 22                               3 = THUNDER
                        SNOW, ICE PELLETS, HAIL    4 = ICE PELLETS
                        TOTAL MONTH:   0.0 INCH    5 = HAIL
                        GRTST 24HR     0.0         6 = FREEZING RAIN OR DRIZZLE
                        GRTST DEPTH:   0           7 = DUSTSTORM OR SANDSTORM:
                                                       VSBY 1/2 MILE OR LESS
                                                   8 = SMOKE OR HAZE
[NO. OF DAYS WITH]      [WEATHER - DAYS WITH]      9 = BLOWING SNOW
                                                   X = TORNADO
MAX 32 OR BELOW:   0    0.01 INCH OR MORE:   5
MAX 90 OR ABOVE:  23    0.10 INCH OR MORE:   1
MIN 32 OR BELOW:   0    0.50 INCH OR MORE:   0
MIN  0 OR BELOW:   0    1.00 INCH OR MORE:   0

[HDD (BASE 65) ]
TOTAL THIS MO.     0    CLEAR  (SCALE 0-3)  21
DPTR FM NORMAL     0    PTCLDY (SCALE 4-7)   4
TOTAL FM JUL 1     0    CLOUDY (SCALE 8-10)  0
DPTR FM NORMAL     0

[CDD (BASE 65) ]
TOTAL THIS MO.   419
DPTR FM NORMAL   100    [PRESSURE DATA]
TOTAL FM JAN 1  2473    HIGHEST SLP M ON M
DPTR FM NORMAL   147    LOWEST  SLP 29.86 ON  1

[REMARKS]
