000
CXUS56 KPQR 291200
CF6MMV
PRELIMINARY LOCAL CLIMATOLOGICAL DATA (WS FORM: F-6)

                                          STATION:   MCMINNVILLE OR
                                          MONTH:     AUGUST
                                          YEAR:      2015
                                          LATITUDE:   45 11 N
                                          LONGITUDE: 123  8 W

  TEMPERATURE IN F:       :PCPN:    SNOW:  WIND      :SUNSHINE: SKY     :PK WND
================================================================================
1   2   3   4   5  6A  6B    7    8   9   10  11  12  13   14  15   16   17  18
                                     12Z  AVG MX 2MIN
DY MAX MIN AVG DEP HDD CDD  WTR  SNW DPTH SPD SPD DIR MIN PSBL S-S WX    SPD DR
================================================================================

 1 103  51  77   9   0  12 0.00  0.0    0  4.7 26 230   M    M   0 8       M  M
 2  81  59  70   2   0   5    T  0.0    0  5.1 13 260   M    M   1        15 260
 3  83  59  71   4   0   6 0.00  0.0    0  3.8 13 230   M    M   0        15 240
 4  86  51  69   2   0   4 0.00  0.0    0  3.4 20 360   M    M   0        24  10
 5  83  49  66  -1   0   1 0.00  0.0    0  4.7 15  10   M    M   1        20  10
 6  83  48  66  -1   0   1 0.00  0.0    0  5.0 14  20   M    M   0        20  30
 7  87  52  70   3   0   5 0.00  0.0    0  5.8 16 240   M    M   0        20 240
 8  81  54  68   1   0   3 0.00  0.0    0  6.9 18 250   M    M   4        22 260
 9  85  55  70   3   0   5 0.00  0.0    0  5.3 15 240   M    M   4        18 270
10  85  63  74   7   0   9 0.00  0.0    0  5.3 20 260   M    M   3        23 260
11  88  59  74   7   0   9 0.00  0.0    0  5.5 15 210   M    M   0 3      19 220
12  91  60  76   9   0  11 0.00  0.0    0  8.7 21 230   M    M   0 8      26 230
13  86  55  71   4   0   6 0.00  0.0    0  7.0 20 220   M    M   2        24 230
14  75  58  67   0   0   2    T  0.0    0 10.2 21 210   M    M   6 3      26 200
15  80  59  70   3   0   5 0.00  0.0    0  4.9 15  20   M    M   5        19  30
16  86  49  68   2   0   3 0.00  0.0    0  7.7 17  20   M    M   0        23 360
17  92  51  72   6   0   7 0.00  0.0    0  6.1 16  20   M    M   0        21  10
18  99  52  76  10   0  11 0.00  0.0    0  3.7 10 320   M    M   0        13  30
19  97  57  77  11   0  12 0.00  0.0    0  4.9 16 220   M    M   0        19 220
20  83  55  69   3   0   4 0.00  0.0    0  3.6 14 260   M    M   2        17 260
21  80  49  65  -1   0   0 0.00  0.0    0  4.1 15 360   M    M   2        19  10
22  87  46  67   1   0   2 0.00  0.0    0  7.9 16 360   M    M   6 8      21 350
23  86  51  69   3   0   4 0.00  0.0    0  5.6 18 210   M    M   4 8      22 220
24  84  49  67   1   0   2 0.00  0.0    0  4.3 16 210   M    M   0        19 210
25  86  46  66   0   0   1 0.00  0.0    0  3.8 10 360   M    M   0        14  90
26  88  49  69   3   0   4 0.00  0.0    0  4.8 16 220   M    M   0        21 210
27  88  52  70   5   0   5 0.00  0.0    0  4.0 16 240   M    M   0        19 230
28  78  62  70   5   0   5 0.05  0.0    0  3.9 15 230   M    M   5 1      18 250
================================================================================
SM 2411 1500         0 144  0.05     0.0 150.7          M       45
================================================================================
AV 86.1 53.6                               5.4 FASTST   M    M   2    MAX(MPH)
                                 MISC ---->  # 26 230               # 26  230
================================================================================
NOTES:
# LAST OF SEVERAL OCCURRENCES

COLUMN 17 PEAK WIND IN M.P.H.

PRELIMINARY LOCAL CLIMATOLOGICAL DATA (WS FORM: F-6) , PAGE 2

                                          STATION:  MCMINNVILLE OR
                                          MONTH:    AUGUST
                                          YEAR:     2015
                                          LATITUDE:   45 11 N
                                          LONGITUDE: 123  8 W

[TEMPERATURE DATA]      [PRECIPITATION DATA]       SYMBOLS USED IN COLUMN 16

AVERAGE MONTHLY: 69.8   TOTAL FOR MONTH:   0.05    1 = FOG OR MIST
DPTR FM NORMAL:   3.3   DPTR FM NORMAL:   -0.45    2 = FOG REDUCING VISIBILITY
HIGHEST:   103 ON  1    GRTST 24HR  0.05 ON 28-28      TO 1/4 MILE OR LESS
LOWEST:     46 ON 25,22                            3 = THUNDER
                        SNOW, ICE PELLETS, HAIL    4 = ICE PELLETS
                        TOTAL MONTH:   0.0 INCH    5 = HAIL
                        GRTST 24HR     0.0         6 = FREEZING RAIN OR DRIZZLE
                        GRTST DEPTH:   0           7 = DUSTSTORM OR SANDSTORM:
                                                       VSBY 1/2 MILE OR LESS
                                                   8 = SMOKE OR HAZE
[NO. OF DAYS WITH]      [WEATHER - DAYS WITH]      9 = BLOWING SNOW
                                                   X = TORNADO
MAX 32 OR BELOW:   0    0.01 INCH OR MORE:   1
MAX 90 OR ABOVE:   5    0.10 INCH OR MORE:   0
MIN 32 OR BELOW:   0    0.50 INCH OR MORE:   0
MIN  0 OR BELOW:   0    1.00 INCH OR MORE:   0

[HDD (BASE 65) ]
TOTAL THIS MO.     0    CLEAR  (SCALE 0-3)  21
DPTR FM NORMAL   -33    PTCLDY (SCALE 4-7)   7
TOTAL FM JUL 1     5    CLOUDY (SCALE 8-10)  0
DPTR FM NORMAL   -72

[CDD (BASE 65) ]
TOTAL THIS MO.   144
DPTR FM NORMAL    69    [PRESSURE DATA]
TOTAL FM JAN 1   490    HIGHEST SLP M ON M
DPTR FM NORMAL   315    LOWEST  SLP 29.60 ON 28

[REMARKS]
