000
CXUS54 KMOB 010627
CF6MOB
PRELIMINARY LOCAL CLIMATOLOGICAL DATA (WS FORM: F-6)

                                          STATION:   MOBILE
                                          MONTH:     APRIL
                                          YEAR:      2017
                                          LATITUDE:   30 40 N
                                          LONGITUDE:  88 15 W

  TEMPERATURE IN F:       :PCPN:    SNOW:  WIND      :SUNSHINE: SKY     :PK WND
================================================================================
1   2   3   4   5  6A  6B    7    8   9   10  11  12  13   14  15   16   17  18
                                     12Z  AVG MX 2MIN
DY MAX MIN AVG DEP HDD CDD  WTR  SNW DPTH SPD SPD DIR MIN PSBL S-S WX    SPD DR
================================================================================

 1  86  54  70   7   0   5 0.00  0.0    0  3.4 15 200   M    M   1 1      20  70
 2  82  59  71   8   0   6    T  0.0    0 11.5 24 150   M    M   6 12     31 140
 3  78  60  69   5   0   4 2.44  0.0    0 11.9 37 350   M    M   7 138    45 340
 4  84  62  73   9   0   8 0.29  0.0    0  6.5 16 160   M    M   7 123    21 140
 5  86  60  73   9   0   8 0.02  0.0    0 15.8 25 210   M    M   6 18     35 340
 6  71  49  60  -4   5   0 0.00  0.0    0 10.1 28 340   M    M   1        34 330
 7  72  43  58  -6   7   0 0.00  0.0    0  6.5 16 320   M    M   2        23 310
 8  75  41  58  -7   7   0 0.00  0.0    0  3.9 15 200   M    M   0        19 190
 9  76  48  62  -3   3   0 0.00  0.0    0  5.7 17 130   M    M   0        24 130
10  79  51  65   0   0   0 0.00  0.0    0  7.0 17 110   M    M   3 1      23 130
11  81  59  70   5   0   5 0.00  0.0    0  5.9 15 130   M    M   5 12     21 130
12  80  59  70   4   0   5 0.19  0.0    0  2.7 14  90   M    M   6 123    17  90
13  84  58  71   5   0   6 0.00  0.0    0  4.7 15 110   M    M   4        20 100
14  82  57  70   4   0   5 0.00  0.0    0  6.4 18 160   M    M   5        23 150
15  82  59  71   5   0   6 0.00  0.0    0 10.1 23 130   M    M   3        30 140
16  84  62  73   7   0   8 0.00  0.0    0  9.2 18 130   M    M   4 1      24 130
17  82  61  72   5   0   7 0.00  0.0    0  5.6 17 120   M    M   5 18     24 120
18  84  60  72   5   0   7 0.00  0.0    0  5.3 17 160   M    M   5 12     22 150
19  86  58  72   5   0   7 0.00  0.0    0  7.1 17 130   M    M   3        22 150
20  85  63  74   7   0   9 0.00  0.0    0  5.9 14 180   M    M   3 12     20 110
21  84  60  72   4   0   7 0.00  0.0    0  5.7 17 150   M    M   3 1      23 170
22  84  62  73   5   0   8 0.36  0.0    0  7.0 24 350   M    M   4 13     35 360
23  72  57  65  -3   0   0 0.04  0.0    0  9.1 22 340   M    M   8 13     34 330
24  76  52  64  -4   1   0 0.00  0.0    0  7.6 20 350   M    M   4 18     29 310
25  82  52  67  -2   0   2 0.00  0.0    0  5.6 17 210   M    M   3        24 210
26  81  59  70   1   0   5    T  0.0    0 12.5 22 130   M    M   6 18     27 130
27  88  63  76   7   0  11 0.05  0.0    0  9.2 21 200   M    M   7 18     27 200
28  85  75  80  10   0  15 0.00  0.0    0 14.7 22 170   M    M   9        29 160
29  84  75  80  10   0  15 0.00  0.0    0 17.7 25 160   M    M   9        33 150
30  80  62  71   1   0   6 2.37  0.0    0 18.1 40 120   M    M   8 138    49 130
================================================================================
SM 2435 1740        23 165  5.76     0.0 252.4          M      137
================================================================================
AV 81.2 58.0                               8.4 FASTST   M    M   5    MAX(MPH)
                                 MISC ---->  # 40 120               # 49  130
================================================================================
NOTES:
# LAST OF SEVERAL OCCURRENCES

COLUMN 17 PEAK WIND IN M.P.H.

PRELIMINARY LOCAL CLIMATOLOGICAL DATA (WS FORM: F-6) , PAGE 2

                                          STATION:  MOBILE
                                          MONTH:    APRIL
                                          YEAR:     2017
                                          LATITUDE:   30 40 N
                                          LONGITUDE:  88 15 W

[TEMPERATURE DATA]      [PRECIPITATION DATA]       SYMBOLS USED IN COLUMN 16

AVERAGE MONTHLY: 69.6   TOTAL FOR MONTH:   5.76    1 = FOG OR MIST
DPTR FM NORMAL:   3.2   DPTR FM NORMAL:    0.97    2 = FOG REDUCING VISIBILITY
HIGHEST:    88 ON 27    GRTST 24HR  2.44 ON  3- 3      TO 1/4 MILE OR LESS
LOWEST:     41 ON  8                               3 = THUNDER
                        SNOW, ICE PELLETS, HAIL    4 = ICE PELLETS
                        TOTAL MONTH:   0.0 INCH    5 = HAIL
                        GRTST 24HR     0.0         6 = FREEZING RAIN OR DRIZZLE
                        GRTST DEPTH:   0           7 = DUSTSTORM OR SANDSTORM:
                                                       VSBY 1/2 MILE OR LESS
                                                   8 = SMOKE OR HAZE
[NO. OF DAYS WITH]      [WEATHER - DAYS WITH]      9 = BLOWING SNOW
                                                   X = TORNADO
MAX 32 OR BELOW:   0    0.01 INCH OR MORE:   8
MAX 90 OR ABOVE:   0    0.10 INCH OR MORE:   5
MIN 32 OR BELOW:   0    0.50 INCH OR MORE:   2
MIN  0 OR BELOW:   0    1.00 INCH OR MORE:   2

[HDD (BASE 65) ]
TOTAL THIS MO.    23    CLEAR  (SCALE 0-3)  11
DPTR FM NORMAL   -37    PTCLDY (SCALE 4-7)  17
TOTAL FM JUL 1   913    CLOUDY (SCALE 8-10)  2
DPTR FM NORMAL  -778

[CDD (BASE 65) ]
TOTAL THIS MO.   165
DPTR FM NORMAL    61    [PRESSURE DATA]
TOTAL FM JAN 1   335    HIGHEST SLP 30.26 ON 12
DPTR FM NORMAL   176    LOWEST  SLP 29.69 ON 27

[REMARKS]
#FINAL-04-17#
