000
CXUS53 KBIS 180830
CF6MOT
PRELIMINARY LOCAL CLIMATOLOGICAL DATA (WS FORM: F-6)

                                          STATION:   MINOT ND
                                          MONTH:     OCTOBER
                                          YEAR:      2017
                                          LATITUDE:   48 15 N
                                          LONGITUDE: 101 16 W

  TEMPERATURE IN F:       :PCPN:    SNOW:  WIND      :SUNSHINE: SKY     :PK WND
================================================================================
1   2   3   4   5  6A  6B    7    8   9   10  11  12  13   14  15   16   17  18
                                     12Z  AVG MX 2MIN
DY MAX MIN AVG DEP HDD CDD  WTR  SNW DPTH SPD SPD DIR MIN PSBL S-S WX    SPD DR
================================================================================

 1  64  47  56   5   9   0 0.04    M    M  7.5 20 290   M    M   7 12     26 170
 2  58  40  49  -2  16   0 0.00    M    M 12.5 25 230   M    M   4        33 220
 3  48  35  42  -8  23   0    T    M    M  9.7 18 210   M    M   6        24 270
 4  56  39  48  -2  17   0 0.00    M    M 11.5 23 270   M    M   5        27 280
 5  61  34  48  -1  17   0 0.00    M    M  4.2 12 280   M    M   0        13 280
 6  69  37  53   4  12   0 0.00    M    M 10.2 18 230   M    M   0        25 200
 7  70  48  59  11   6   0 0.00    M    M 16.5 28 250   M    M   0        35 260
 8  59  36  48   0  17   0 0.00    M    M 15.5 29 280   M    M   2        36 260
 9  51  36  44  -4  21   0 0.00    M    M 11.3 20 260   M    M   5        26 270
10  68  40  54   7  11   0 0.00    M    M 11.8 20 210   M    M   0        26 210
11  63  38  51   4  14   0 0.00    M    M 10.1 22 160   M    M   0        27 150
12  55  31  43  -3  22   0 0.00    M    M 13.4 32 280   M    M   1        39 280
13  50  27  39  -7  26   0    T    M    M  7.5 15  20   M    M   4        18  20
14  50  29  40  -6  25   0 0.00    M    M  9.6 17 330   M    M   2 1      20 340
15  56  37  47   2  18   0 0.00    M    M 13.9 30 280   M    M   2        37 300
16  70  41  56  11   9   0 0.00    M    M 13.3 23 260   M    M   0        30 260
17  77  46  62  18   3   0 0.00    M    M 14.6 23 220   M    M   0        30 230
================================================================================
SM 1025  641       266   0  0.04    M    193.1          M       38
================================================================================
AV 60.3 37.7                              11.4 FASTST   M    M   2    MAX(MPH)
                                 MISC ---->  # 32 280               # 39  280
================================================================================
NOTES:
# LAST OF SEVERAL OCCURRENCES

COLUMN 17 PEAK WIND IN M.P.H.

PRELIMINARY LOCAL CLIMATOLOGICAL DATA (WS FORM: F-6) , PAGE 2

                                          STATION:  MINOT ND
                                          MONTH:    OCTOBER
                                          YEAR:     2017
                                          LATITUDE:   48 15 N
                                          LONGITUDE: 101 16 W

[TEMPERATURE DATA]      [PRECIPITATION DATA]       SYMBOLS USED IN COLUMN 16

AVERAGE MONTHLY: 49.0   TOTAL FOR MONTH:   0.04    1 = FOG OR MIST
DPTR FM NORMAL:   1.4   DPTR FM NORMAL:   -0.68    2 = FOG REDUCING VISIBILITY
HIGHEST:    77 ON 17    GRTST 24HR  0.04 ON  1- 1      TO 1/4 MILE OR LESS
LOWEST:     27 ON 13                               3 = THUNDER
                        SNOW, ICE PELLETS, HAIL    4 = ICE PELLETS
                        TOTAL MONTH:    M          5 = HAIL
                        GRTST 24HR    M  ON   M    6 = FREEZING RAIN OR DRIZZLE
                        GRTST DEPTH:  M  ON   M    7 = DUSTSTORM OR SANDSTORM:
                                                       VSBY 1/2 MILE OR LESS
                                                   8 = SMOKE OR HAZE
[NO. OF DAYS WITH]      [WEATHER - DAYS WITH]      9 = BLOWING SNOW
                                                   X = TORNADO
MAX 32 OR BELOW:   0    0.01 INCH OR MORE:   1
MAX 90 OR ABOVE:   0    0.10 INCH OR MORE:   0
MIN 32 OR BELOW:   3    0.50 INCH OR MORE:   0
MIN  0 OR BELOW:   0    1.00 INCH OR MORE:   0

[HDD (BASE 65) ]
TOTAL THIS MO.   266    CLEAR  (SCALE 0-3)  11
DPTR FM NORMAL   -30    PTCLDY (SCALE 4-7)   6
TOTAL FM JUL 1   464    CLOUDY (SCALE 8-10)  0
DPTR FM NORMAL  -152

[CDD (BASE 65) ]
TOTAL THIS MO.     0
DPTR FM NORMAL     0    [PRESSURE DATA]
TOTAL FM JAN 1   580    HIGHEST SLP M ON M
DPTR FM NORMAL   136    LOWEST  SLP 29.40 ON  7

[REMARKS]
