000
CXUS51 KPHI 270800
CF6MPO
PRELIMINARY LOCAL CLIMATOLOGICAL DATA (WS FORM: F-6)

                                          STATION:   MOUNT POCONO PA
                                          MONTH:     MAY
                                          YEAR:      2015
                                          LATITUDE:   41  8 N
                                          LONGITUDE:  75 24 W

  TEMPERATURE IN F:       :PCPN:    SNOW:  WIND      :SUNSHINE: SKY     :PK WND
================================================================================
1   2   3   4   5  6A  6B    7    8   9   10  11  12  13   14  15   16   17  18
                                     12Z  AVG MX 2MIN
DY MAX MIN AVG DEP HDD CDD  WTR  SNW DPTH SPD SPD DIR MIN PSBL S-S WX    SPD DR
================================================================================

 1  60  38  49  -2  16   0 0.01    M    M  3.5 12  30   M    M   9        14  10
 2  70  38  54   3  11   0 0.00    M    M  6.5 17  40   M    M   3 1      23  20
 3  74  37  56   4   9   0 0.00    M    M  3.9 14 350   M    M   2        18 300
 4  79  46  63  11   2   0 0.00    M    M  9.9 25 200   M    M   2        33 190
 5  76  56  66  14   0   1    T    M    M  6.8 17 260   M    M   5        22 310
 6  63  45  54   2  11   0 0.19    M    M  5.1 15  80   M    M   9 1      20  70
 7  77  45  61   8   4   0 0.00    M    M  3.7 15 200   M    M   3        24 180
 8  81  52  67  14   0   2 0.00    M    M  6.7 14 170   M    M   2 18     19 210
 9  74  48  61   8   4   0 0.00    M    M  8.2 17 150   M    M   6 18     25 140
10  80  61  71  17   0   6 0.00    M    M 10.3 18 200   M    M   4 12     24 200
11  81  63  72  18   0   7 0.00    M    M  9.9 20 190   M    M   6        23 200
12  77  52  65  11   0   0 0.00    M    M 15.1 29 260   M    M   4        40 270
13  57  39  48  -6  17   0 0.00    M    M 14.2 24 310   M    M   7        35 300
14  66  35  51  -4  14   0 0.00    M    M  5.3 13  20   M    M   0        18 350
15  69  38  54  -1  11   0    T    M    M  6.5 16 190   M    M   3        24 190
16  76  55  66  11   0   1 0.03    M    M  6.6 14 270   M    M   7 1      20 360
17  78  59  69  14   0   4 0.12    M    M  4.4 10 310   M    M   8 128    14 310
18  75  56  66  10   0   1 0.10    M    M  6.7 15 140   M    M   8 1238   19 130
19  79  52  66  10   0   1 0.09    M    M  9.3 21 260   M    M   5 128    29 340
20  53  42  48  -8  17   0    T    M    M 12.4 22 310   M    M   5        32 320
21  57  41  49  -7  16   0    T    M    M  5.8 13 290   M    M   9        17 150
22  62  40  51  -6  14   0 0.01    M    M  9.7 23 300   M    M   4 1      32 280
23  63  34  49  -8  16   0 0.00    M    M  7.2 17 280   M    M   0        27 300
24  75  43  59   2   6   0 0.00    M    M  7.8 18 270   M    M   0        23 270
25  82  61  72  14   0   7 0.00    M    M 10.0 22 230   M    M   2 8      27 210
26  83  61  72  14   0   7 0.00    M    M  8.1 16 240   M    M   2 8      22 230
================================================================================
SM 1867 1237       168  37  0.55    M    203.6          M      115
================================================================================
AV 71.8 47.6                               7.8 FASTST   M    M   4    MAX(MPH)
                                 MISC ---->  # 29 260               # 40  270
================================================================================
NOTES:
# LAST OF SEVERAL OCCURRENCES

COLUMN 17 PEAK WIND IN M.P.H.

PRELIMINARY LOCAL CLIMATOLOGICAL DATA (WS FORM: F-6) , PAGE 2

                                          STATION:  MOUNT POCONO PA
                                          MONTH:    MAY
                                          YEAR:     2015
                                          LATITUDE:   41  8 N
                                          LONGITUDE:  75 24 W

[TEMPERATURE DATA]      [PRECIPITATION DATA]       SYMBOLS USED IN COLUMN 16

AVERAGE MONTHLY: 59.7   TOTAL FOR MONTH:   0.55    1 = FOG OR MIST
DPTR FM NORMAL:   5.2   DPTR FM NORMAL:   -3.01    2 = FOG REDUCING VISIBILITY
HIGHEST:    83 ON 26    GRTST 24HR  0.19 ON  6- 6      TO 1/4 MILE OR LESS
LOWEST:     34 ON 23                               3 = THUNDER
                        SNOW, ICE PELLETS, HAIL    4 = ICE PELLETS
                        TOTAL MONTH:    M          5 = HAIL
                        GRTST 24HR    M  ON   M    6 = FREEZING RAIN OR DRIZZLE
                        GRTST DEPTH:  M  ON   M    7 = DUSTSTORM OR SANDSTORM:
                                                       VSBY 1/2 MILE OR LESS
                                                   8 = SMOKE OR HAZE
[NO. OF DAYS WITH]      [WEATHER - DAYS WITH]      9 = BLOWING SNOW
                                                   X = TORNADO
MAX 32 OR BELOW:   0    0.01 INCH OR MORE:   7
MAX 90 OR ABOVE:   0    0.10 INCH OR MORE:   3
MIN 32 OR BELOW:   0    0.50 INCH OR MORE:   0
MIN  0 OR BELOW:   0    1.00 INCH OR MORE:   0

[HDD (BASE 65) ]
TOTAL THIS MO.   168    CLEAR  (SCALE 0-3)  11
DPTR FM NORMAL  -117    PTCLDY (SCALE 4-7)  12
TOTAL FM JUL 1  7294    CLOUDY (SCALE 8-10)  3
DPTR FM NORMAL   315

[CDD (BASE 65) ]
TOTAL THIS MO.    37
DPTR FM NORMAL    29    [PRESSURE DATA]
TOTAL FM JAN 1    37    HIGHEST SLP M ON M
DPTR FM NORMAL    25    LOWEST  SLP 29.80 ON M

[REMARKS]
