000
CXUS51 KBTV 290700
CF6MPV
PRELIMINARY LOCAL CLIMATOLOGICAL DATA (WS FORM: F-6)

                                          STATION:   MONTPELIER VT
                                          MONTH:     DECEMBER
                                          YEAR:      2014
                                          LATITUDE:   44 12 N
                                          LONGITUDE:  72 34 W

  TEMPERATURE IN F:       :PCPN:    SNOW:  WIND      :SUNSHINE: SKY     :PK WND
================================================================================
1   2   3   4   5  6A  6B    7    8   9   10  11  12  13   14  15   16   17  18
                                     12Z  AVG MX 2MIN
DY MAX MIN AVG DEP HDD CDD  WTR  SNW DPTH SPD SPD DIR MIN PSBL S-S WX    SPD DR
================================================================================

 1  50  26  38   9  27   0 0.01    M    0  9.4 22 300   M    M   8 1      29 310
 2  28  12  20  -9  45   0 0.14    M    0  7.7 26 170   M    M   6 18     36 160
 3  41  25  33   5  32   0 0.12    M    0  8.1 25 300   M    M  10 16     37 280
 4  32   8  20  -8  45   0    T    M    0 10.0 18 280   M    M   4 1      37 300
 5  29   5  17 -10  48   0 0.04    M    0  5.8 15 160   M    M   5 1      19 200
 6  32  27  30   3  35   0 0.47    M    0  3.3 14 350   M    M  10 16     19  10
 7  28   0  14 -12  51   0 0.00  0.0    0  5.6 13  20   M    M   4        18 350
 8  21  -5   8 -18  57   0 0.00  0.0    0  3.8 14 180   M    M   3 18     17 190
 9  33  20  27   1  38   0 1.16    M    0  4.0 13 340   M    M  10 12     19 350
10  33  30  32   7  33   0 0.66    M    0  7.7 14 360   M    M  10 16     19 340
11  30  27  29   4  36   0 0.15    M    0  4.9 14 300   M    M  10 16     20 290
12  28  23  26   2  39   0 0.01    M    0  6.0 15 310   M    M  10 1      20 310
13  28  24  26   2  39   0 0.00  0.0    0  8.3 20 310   M    M   8 1      27 310
14  32  23  28   4  37   0 0.00  0.0    0  4.6 14 310   M    M  10 1      20 310
15  29  25  27   4  38   0 0.00  0.0    0  3.9  9  50   M    M  10 1      12 340
16  34  26  30   7  35   0    T    M    0  6.7 13 180   M    M  10 1      17 180
17  36  32  34  12  31   0 0.18    M    0  1.7 13 300   M    M  10 12     20 290
18  34  25  30   8  35   0 0.01    M    0 10.9 24 300   M    M  10 168    34 300
19  25  17  21  -1  44   0 0.00  0.0    0  7.3 17 300   M    M  10 1      22 310
20  26   5  16  -5  49   0 0.00  0.0    0  0.4  5 180   M    M   1 1       5 170
21  24  11  18  -3  47   0    T    M    0  0.4  5 250   M    M   9 1       7 310
22  32  22  27   7  38   0    T    M    0  1.2  7 200   M    M  10 18      9 190
23  35  30  33  13  32   0 0.22    M    0  1.5  9 180   M    M   9 12     13 190
24  40  35  38  18  27   0 0.29    M    0  6.5 12 190   M    M  10 1      17 170
25  47  35  41  21  24   0 0.06    M    0 11.3 24 300   M    M  10 12     41 240
26  41  28  35  16  30   0 0.00  0.0    0  7.2 21 280   M    M   6        31 290
27  41  31  36  17  29   0 0.00  0.0    0  4.3 18 180   M    M  10        21 190
28  46  29  38  19  27   0 0.05    M    0 10.2 21 300   M    M   7        27 300
================================================================================
SM  935  596      1048   0  3.57     0.0 162.7          M      230
================================================================================
AV 33.4 21.3                               5.8 FASTST   M    M   8    MAX(MPH)
                                 MISC ---->  # 26 170               # 41  240
================================================================================
NOTES:
# LAST OF SEVERAL OCCURRENCES

COLUMN 17 PEAK WIND IN M.P.H.

PRELIMINARY LOCAL CLIMATOLOGICAL DATA (WS FORM: F-6) , PAGE 2

                                          STATION:  MONTPELIER VT
                                          MONTH:    DECEMBER
                                          YEAR:     2014
                                          LATITUDE:   44 12 N
                                          LONGITUDE:  72 34 W

[TEMPERATURE DATA]      [PRECIPITATION DATA]       SYMBOLS USED IN COLUMN 16

AVERAGE MONTHLY: 27.3   TOTAL FOR MONTH:   3.57    1 = FOG OR MIST
DPTR FM NORMAL:   3.8   DPTR FM NORMAL:    1.05    2 = FOG REDUCING VISIBILITY
HIGHEST:    50 ON  1    GRTST 24HR  1.45 ON  9-10      TO 1/4 MILE OR LESS
LOWEST:     -5 ON  8                               3 = THUNDER
                        SNOW, ICE PELLETS, HAIL    4 = ICE PELLETS
                        TOTAL MONTH:   0.0 INCH    5 = HAIL
                        GRTST 24HR     0.0         6 = FREEZING RAIN OR DRIZZLE
                        GRTST DEPTH:   0           7 = DUSTSTORM OR SANDSTORM:
                                                       VSBY 1/2 MILE OR LESS
                                                   8 = SMOKE OR HAZE
[NO. OF DAYS WITH]      [WEATHER - DAYS WITH]      9 = BLOWING SNOW
                                                   X = TORNADO
MAX 32 OR BELOW:  15    0.01 INCH OR MORE:  15
MAX 90 OR ABOVE:   0    0.10 INCH OR MORE:   9
MIN 32 OR BELOW:  26    0.50 INCH OR MORE:   2
MIN  0 OR BELOW:   2    1.00 INCH OR MORE:   1

[HDD (BASE 65) ]
TOTAL THIS MO.  1048    CLEAR  (SCALE 0-3)   1
DPTR FM NORMAL  -113    PTCLDY (SCALE 4-7)   8
TOTAL FM JUL 1  2866    CLOUDY (SCALE 8-10) 19
DPTR FM NORMAL  -141

[CDD (BASE 65) ]
TOTAL THIS MO.     0
DPTR FM NORMAL     0    [PRESSURE DATA]
TOTAL FM JAN 1   188    HIGHEST SLP M ON M
DPTR FM NORMAL   -76    LOWEST  SLP 29.40 ON 25

[REMARKS]
