000
CXUS53 KMQT 290900
CF6MQT
PRELIMINARY LOCAL CLIMATOLOGICAL DATA (WS FORM: F-6)

                                          STATION:   MARQUETTE MI
                                          MONTH:     APRIL
                                          YEAR:      2016
                                          LATITUDE:   46 31 N
                                          LONGITUDE:  87 33 W

  TEMPERATURE IN F:       :PCPN:    SNOW:  WIND      :SUNSHINE: SKY     :PK WND
================================================================================
1   2   3   4   5  6A  6B    7    8   9   10  11  12  13   14  15   16   17  18
                                     12Z  AVG MX 2MIN
DY MAX MIN AVG DEP HDD CDD  WTR  SNW DPTH SPD SPD DIR MIN PSBL S-S WX    SPD DR
================================================================================

 1  34  14  24  -7  41   0 0.02  0.4    4   M   M   M   M    M   M 9      38 315
 2  21  10  16 -15  49   0 0.32  7.7    4   M   M   M   M    M   M        24  45
 3  21   1  11 -21  54   0 0.41  7.2    8   M   M   M   M    M   M        18  45
 4  24   1  13 -19  52   0 0.09  3.0   14   M   M   M   M    M   M        17  45
 5  39  -7  16 -17  49   0 0.22  3.3   12   M   M   M   M    M   M        22 180
 6  33  25  29  -4  36   0 0.98  8.9   14   M   M   M   M    M   M 6      23  45
 7  30  16  23 -11  42   0 0.20  1.7   19   M   M   M   M    M   M        28  45
 8  23  13  18 -16  47   0 0.03  1.9   17   M   M   M   M    M   M        27 360
 9  28  14  21 -14  44   0 0.23  3.8   20   M   M   M   M    M   M        22 315
10  32  21  27  -8  38   0 0.03  1.3   20   M   M   M   M    M   M 6      31 180
11  32  25  29  -7  36   0 0.04  1.0   18   M   M   M   M    M   M        37 270
12  36  22  29  -7  36   0    T  0.3   18   M   M   M   M    M   M        18 360
13  38  27  33  -4  32   0 0.02  0.3   16   M   M   M   M    M   M        20 180
14  57  30  44   7  21   0 0.00  0.0   14   M   M   M   M    M   M        30 225
15  65  41  53  15  12   0 0.00  0.0    9   M   M   M   M    M   M        24 225
16  76  41  59  21   6   0 0.00  0.0    4   M   M   M   M    M   M        18 180
17  78  43  61  22   4   0 0.00  0.0    T   M   M   M   M    M   M        18 225
18  62  31  47   8  18   0    T  0.0    0   M   M   M   M    M   M        19 360
19  61  28  45   5  20   0 0.00  0.0    0   M   M   M   M    M   M 1      11  90
20  65  32  49   9  16   0 0.00  0.0    0   M   M   M   M    M   M        22 135
21  59  31  45   4  20   0 0.02  0.0    0   M   M   M   M    M   M        25 360
22  40  27  34  -7  31   0 0.01  0.1    T   M   M   M   M    M   M 6      26 315
23  48  25  37  -5  28   0    T  0.0    0   M   M   M   M    M   M        11  90
24  39  33  36  -6  29   0 0.13    T    0   M   M   M   M    M   M 124    12  45
25  34  31  33 -10  32   0 1.05  0.0    0   M   M   M   M    M   M 12     28  90
26  42  30  36  -7  29   0 0.03    T    0   M   M   M   M    M   M 12     23  90
27  43  29  36  -8  29   0 0.00  0.0    0   M   M   M   M    M   M        20  45
28  45  31  38  -6  27   0 0.00  0.0    0   M   M   M   M    M   M        19  45
================================================================================
SM 1205  665       878   0  3.83    40.9     M          M        M
================================================================================
AV 43.0 23.8                                 M FASTST   M    M -nan   MAX(MPH)
                                 MISC ---->     M   M               # 38  315
================================================================================
NOTES:
# LAST OF SEVERAL OCCURRENCES

COLUMN 17 PEAK WIND IN M.P.H.

PRELIMINARY LOCAL CLIMATOLOGICAL DATA (WS FORM: F-6) , PAGE 2

                                          STATION:  MARQUETTE MI
                                          MONTH:    APRIL
                                          YEAR:     2016
                                          LATITUDE:   46 31 N
                                          LONGITUDE:  87 33 W

[TEMPERATURE DATA]      [PRECIPITATION DATA]       SYMBOLS USED IN COLUMN 16

AVERAGE MONTHLY: 33.4   TOTAL FOR MONTH:   3.83    1 = FOG OR MIST
DPTR FM NORMAL:  -4.1   DPTR FM NORMAL:    1.01    2 = FOG REDUCING VISIBILITY
HIGHEST:    78 ON 17    GRTST 24HR  1.05 ON 25-25      TO 1/4 MILE OR LESS
LOWEST:     -7 ON  5                               3 = THUNDER
                        SNOW, ICE PELLETS, HAIL    4 = ICE PELLETS
                        TOTAL MONTH:  40.9 INCHES  5 = HAIL
                        GRTST 24HR   8.9 ON   M    6 = FREEZING RAIN OR DRIZZLE
                        GRTST DEPTH:  20 ON 10, 9  7 = DUSTSTORM OR SANDSTORM:
                                                       VSBY 1/2 MILE OR LESS
                                                   8 = SMOKE OR HAZE
[NO. OF DAYS WITH]      [WEATHER - DAYS WITH]      9 = BLOWING SNOW
                                                   X = TORNADO
MAX 32 OR BELOW:   8    0.01 INCH OR MORE:  17
MAX 90 OR ABOVE:   0    0.10 INCH OR MORE:   8
MIN 32 OR BELOW:  24    0.50 INCH OR MORE:   2
MIN  0 OR BELOW:   1    1.00 INCH OR MORE:   1

[HDD (BASE 65) ]
TOTAL THIS MO.   878    CLEAR  (SCALE 0-3)   0
DPTR FM NORMAL   106    PTCLDY (SCALE 4-7)   0
TOTAL FM JUL 1  7741    CLOUDY (SCALE 8-10)  0
DPTR FM NORMAL  -918

[CDD (BASE 65) ]
TOTAL THIS MO.     0
DPTR FM NORMAL     0    [PRESSURE DATA]
TOTAL FM JAN 1     0    HIGHEST SLP M ON M
DPTR FM NORMAL     0    LOWEST  SLP M ON M

[REMARKS]
