000
CXUS54 KMAF 011100
CF6MRF
PRELIMINARY LOCAL CLIMATOLOGICAL DATA (WS FORM: F-6)

                                          STATION:   Marfa
                                          MONTH:     JULY
                                          YEAR:      2015
                                          LATITUDE:   30 22 N
                                          LONGITUDE: 104  1 W

  TEMPERATURE IN F:       :PCPN:    SNOW:  WIND      :SUNSHINE: SKY     :PK WND
================================================================================
1   2   3   4   5  6A  6B    7    8   9   10  11  12  13   14  15   16   17  18
                                     12Z  AVG MX 2MIN
DY MAX MIN AVG DEP HDD CDD  WTR  SNW DPTH SPD SPD DIR MIN PSBL S-S WX    SPD DR
================================================================================

 1  82  82  82   M   0  17 0.00  0.0    0  6.4 14 110   M    M   2         M  M
 2  91  77  84   M   0  19 0.00  0.0    0  6.6 13 120   M    M   1        21  60
 3  84  79  82   M   0  17 0.00  0.0    0  8.5 16  60   M    M   1        22  40
 4  79  79  79   M   0  14 0.05  0.0    0  4.9 15 110   M    M   2 3       M  M
 5   M   M   M   M   M   M 0.25    M    0  5.1 12 130   M    M   4 3      16 150
 6  81  73  77   M   0  12 0.09  0.0    0  5.5 15 230   M    M   3 3      20 220
 7  79  72  76   M   0  11 0.46  0.0    0  7.4 14  50   M    M   5 3      21  50
 8  82  75  79   M   0  14 1.21  0.0    0  6.8 18 350   M    M   5 3      23 350
 9  82  82  82   M   0  17 0.05  0.0    0  7.0 13 130   M    M   2 3      21 130
10   M   M   M   M   M   M 0.00  0.0    0  6.2 15 110   M    M   4        20 110
11  88  73  81   M   0  16 0.00  0.0    0  6.0 13 110   M    M   2        20 150
12  90  88  89   M   0  24 0.00  0.0    0  6.9 12 150   M    M   0        16 210
13  93  88  91   M   0  26 0.00  0.0    0  4.7 12 180   M    M   0         M  M
14  93  90  92   M   0  27 0.03  0.0    0  4.4 18 140   M    M   3 3      31 140
15  93  72  83   M   0  18 0.49  0.0    0  5.1 12 160   M    M   3 3      40  20
16  90  77  84   M   0  19 0.00  0.0    0  5.1 14 120   M    M   1         M  M
17  91  88  90   M   0  25 0.00  0.0    0  6.2 13 110   M    M   1        17 140
18  93  75  84   M   0  19 0.03  0.0    0  5.9 15  80   M    M   1 3      25 160
19  88  88  88   M   0  23 0.00  0.0    0  4.4 18 290   M    M   1        23 290
20   M   M   M   M   M   M 0.10    M    0  3.5 16 320   M    M   2 3      23 320
21  86  82  84   M   0  19 1.36  0.0    0  5.1 10 350   M    M   3 3       M  M
22  88  68  78   M   0  13 0.14  0.0    0  5.5 18 270   M    M   1 3       M  M
23  91  61  76   M   0  11 0.00  0.0    0  5.5 10 180   M    M   0 3       M  M
24  91  63  77   M   0  12 0.00  0.0    0  5.2 13 120   M    M   1        17 120
25  91  63  77   M   0  12 0.01  0.0    0  6.6 21 230   M    M   2 3      24 230
26  91  59  75   M   0  10 0.00  0.0    0  6.5 12 100   M    M   0        17 140
27  93  63  78   M   0  13 0.53  0.0    0  4.7  9 100   M    M   2 3       M  M
28  90  61  76   M   0  11 0.00  0.0    0  4.3  9 130   M    M   0 3       M  M
29  86  66  76   M   0  11 0.00  0.0    0  9.0 16 350   M    M   5 3      24  30
30  90  63  77   M   0  12 0.00  0.0    0  6.8 13 110   M    M   3        20  50
31  90  55  73   M   0   8 0.00  0.0    0  8.2 18  90   M    M   2        22  90
================================================================================
SM 2466 2062         0 450  4.80     0.0 184.0          M       62
================================================================================
AV 88.1 73.6                               5.9 FASTST   M    M   2    MAX(MPH)
                                 MISC ---->    21   M                 40    M
================================================================================
NOTES:
# LAST OF SEVERAL OCCURRENCES

COLUMN 17 PEAK WIND IN M.P.H.

PRELIMINARY LOCAL CLIMATOLOGICAL DATA (WS FORM: F-6) , PAGE 2

                                          STATION:  Marfa
                                          MONTH:    JULY
                                          YEAR:     2015
                                          LATITUDE:   30 22 N
                                          LONGITUDE: 104  1 W

[TEMPERATURE DATA]      [PRECIPITATION DATA]       SYMBOLS USED IN COLUMN 16

AVERAGE MONTHLY: 80.9   TOTAL FOR MONTH:   4.80    1 = FOG OR MIST
DPTR FM NORMAL:     M   DPTR FM NORMAL:       M    2 = FOG REDUCING VISIBILITY
HIGHEST:    93 ON 27,18 GRTST 24HR  1.36 ON 21-21      TO 1/4 MILE OR LESS
LOWEST:     55 ON 31                               3 = THUNDER
                        SNOW, ICE PELLETS, HAIL    4 = ICE PELLETS
                        TOTAL MONTH:   0.0 INCH    5 = HAIL
                        GRTST 24HR     0.0         6 = FREEZING RAIN OR DRIZZLE
                        GRTST DEPTH:   0           7 = DUSTSTORM OR SANDSTORM:
                                                       VSBY 1/2 MILE OR LESS
                                                   8 = SMOKE OR HAZE
[NO. OF DAYS WITH]      [WEATHER - DAYS WITH]      9 = BLOWING SNOW
                                                   X = TORNADO
MAX 32 OR BELOW:   0    0.01 INCH OR MORE:  14
MAX 90 OR ABOVE:  16    0.10 INCH OR MORE:   8
MIN 32 OR BELOW:   0    0.50 INCH OR MORE:   3
MIN  0 OR BELOW:   0    1.00 INCH OR MORE:   2

[HDD (BASE 65) ]
TOTAL THIS MO.     0    CLEAR  (SCALE 0-3)  24
DPTR FM NORMAL     M    PTCLDY (SCALE 4-7)   7
TOTAL FM JUL 1     0    CLOUDY (SCALE 8-10)  0
DPTR FM NORMAL     M

[CDD (BASE 65) ]
TOTAL THIS MO.   450
DPTR FM NORMAL     M    [PRESSURE DATA]
TOTAL FM JAN 1   842    HIGHEST SLP M ON M
DPTR FM NORMAL     M    LOWEST  SLP M ON M

[REMARKS]
#FINAL-07-15#
