000
CXUS52 KMHX 300700
CF6MRH
PRELIMINARY LOCAL CLIMATOLOGICAL DATA (WS FORM: F-6)

                                          STATION:   BEAUFORT/SMITH FIELD NC
                                          MONTH:     MARCH
                                          YEAR:      2017
                                          LATITUDE:   34 43 N
                                          LONGITUDE:  76 39 W

  TEMPERATURE IN F:       :PCPN:    SNOW:  WIND      :SUNSHINE: SKY     :PK WND
================================================================================
1   2   3   4   5  6A  6B    7    8   9   10  11  12  13   14  15   16   17  18
                                     12Z  AVG MX 2MIN
DY MAX MIN AVG DEP HDD CDD  WTR  SNW DPTH SPD SPD DIR MIN PSBL S-S WX    SPD DR
================================================================================

 1  75  66  71  21   0   6 0.00  0.0    0 18.5 26 210   M    M   5 1      36 210
 2  67  43  55   5  10   0 0.36  0.0    0 12.6 28 290   M    M   4 1      36 280
 3  59  39  49  -1  16   0 0.00  0.0    0 10.9 20 340   M    M   1        25 220
 4  52  35  44  -6  21   0 0.00  0.0    0  7.7 18  10   M    M   0        24  20
 5  50  34  42  -8  23   0 0.00  0.0    0  8.1 20  40   M    M   0        26  30
 6  60  35  48  -3  17   0 0.00  0.0    0  4.5 12 160   M    M   0        17 170
 7  71  45  58   7   7   0    T    M    0  9.6 17 190   M    M   4         M  M
 8  71  48  60   9   5   0    T    M    0 10.3 22 340   M    M   5 12     28 280
 9  75  47  61  10   4   0 0.00  0.0    0  7.7 16 170   M    M   0 1      19 170
10  74  43  59   7   6   0 0.01    M    0 14.9 29 350   M    M   1        37 340
11  54  36  45  -7  20   0 0.00  0.0    0  7.7 16 200   M    M   0        19 210
12  48  35  42 -10  23   0 0.25    M    M  8.5 16  30   M    M   7 1      21  20
13  63  38  51  -1  14   0    T    M    0 13.5 25 140   M    M   7 1      37 140
14  64  40  52  -1  13   0 0.03    M    M 17.5 28 320   M    M   8 1      34 290
15  42  30  36 -17  29   0 0.00  0.0    0 20.4 31 320   M    M   2        40 300
16  48  31  40 -13  25   0 0.00  0.0    0  9.7 18 230   M    M   0        27 210
17  57  30  44  -9  21   0    T    M    0  8.3 17 210   M    M   1        22 220
18  59  51  55   1  10   0    M  0.0    0 12.6 28 260   M    M   9 13     36 250
19  52  39  46  -8  19   0    M    M    0 13.9 31 340   M    M   7        37 330
20  58  38  48  -6  17   0 0.00  0.0    0  8.3 14 320   M    M   0        17  30
21  67  54  61   7   4   0    T  0.0    0  9.3 22 220   M    M   4        27 220
22  63  41  52  -3  13   0 0.15    M    M 11.8 26  20   M    M   5 1      35  20
23  52  36  44 -11  21   0 0.00  0.0    0  9.1 21  20   M    M   0        25  20
24  69  39  54  -1  11   0 0.00  0.0    0  8.9 17 200   M    M   0        21 210
25  73  57  65  10   0   0 0.00  0.0    0  7.8 18 210   M    M   0        23 210
26  76  54  65   9   0   0    T  0.0    0  5.3 15 150   M    M   6        19 140
27  76  56  66  10   0   1 0.00  0.0    0  6.5 14 170   M    M   1        16 160
28   0   0   0 -56  65   0 0.00  0.0    0  0.0  0   0   M    M   5         0   0
29  68  54  61   5   4   0 0.00  0.0    0  9.0 18  20   M    M   3        23  20
================================================================================
SM 1743 1194       418   7  0.80     0.0 292.9          M       85
================================================================================
AV 60.1 41.2                              10.1 FASTST   M    M   3    MAX(MPH)
                                 MISC ---->  # 31 320               # 40  300
================================================================================
NOTES:
# LAST OF SEVERAL OCCURRENCES

COLUMN 17 PEAK WIND IN M.P.H.

PRELIMINARY LOCAL CLIMATOLOGICAL DATA (WS FORM: F-6) , PAGE 2

                                          STATION:  BEAUFORT/SMITH FIELD NC
                                          MONTH:    MARCH
                                          YEAR:     2017
                                          LATITUDE:   34 43 N
                                          LONGITUDE:  76 39 W

[TEMPERATURE DATA]      [PRECIPITATION DATA]       SYMBOLS USED IN COLUMN 16

AVERAGE MONTHLY: 50.6   TOTAL FOR MONTH:   0.80    1 = FOG OR MIST
DPTR FM NORMAL:  -2.3   DPTR FM NORMAL:   -3.11    2 = FOG REDUCING VISIBILITY
HIGHEST:    76 ON 27,26 GRTST 24HR  0.36 ON  2- 2      TO 1/4 MILE OR LESS
LOWEST:      0 ON 28                               3 = THUNDER
                        SNOW, ICE PELLETS, HAIL    4 = ICE PELLETS
                        TOTAL MONTH:   0.0 INCH    5 = HAIL
                        GRTST 24HR     0.0         6 = FREEZING RAIN OR DRIZZLE
                        GRTST DEPTH:   0           7 = DUSTSTORM OR SANDSTORM:
                                                       VSBY 1/2 MILE OR LESS
                                                   8 = SMOKE OR HAZE
[NO. OF DAYS WITH]      [WEATHER - DAYS WITH]      9 = BLOWING SNOW
                                                   X = TORNADO
MAX 32 OR BELOW:   1    0.01 INCH OR MORE:   5
MAX 90 OR ABOVE:   0    0.10 INCH OR MORE:   3
MIN 32 OR BELOW:   4    0.50 INCH OR MORE:   0
MIN  0 OR BELOW:   1    1.00 INCH OR MORE:   0

[HDD (BASE 65) ]
TOTAL THIS MO.   418    CLEAR  (SCALE 0-3)  16
DPTR FM NORMAL    67    PTCLDY (SCALE 4-7)  12
TOTAL FM JUL 1  1891    CLOUDY (SCALE 8-10)  1
DPTR FM NORMAL  -464

[CDD (BASE 65) ]
TOTAL THIS MO.     7
DPTR FM NORMAL     7    [PRESSURE DATA]
TOTAL FM JAN 1    11    HIGHEST SLP M ON M
DPTR FM NORMAL    11    LOWEST  SLP 29.47 ON 14

[REMARKS]
