000
CXUS53 KMKX 250900
CF6MSN
PRELIMINARY LOCAL CLIMATOLOGICAL DATA (WS FORM: F-6)

                                          STATION:   MADISON WI
                                          MONTH:     JULY
                                          YEAR:      2017
                                          LATITUDE:   43  7 N
                                          LONGITUDE:  89 20 W

  TEMPERATURE IN F:       :PCPN:    SNOW:  WIND      :SUNSHINE: SKY     :PK WND
================================================================================
1   2   3   4   5  6A  6B    7    8   9   10  11  12  13   14  15   16   17  18
                                     12Z  AVG MX 2MIN
DY MAX MIN AVG DEP HDD CDD  WTR  SNW DPTH SPD SPD DIR MIN PSBL S-S WX    SPD DR
================================================================================

 1  78  62  70  -1   0   5    T  0.0    0  4.6 14 280   M    M   4        21 290
 2  82  60  71   0   0   6 0.03  0.0    0  4.9 15  20   M    M   5 13     22 240
 3  80  61  71   0   0   6 0.00  0.0    0  6.6 15 110   M    M   5 1      27 350
 4  83  54  69  -2   0   4 0.00  0.0    0  5.5 13 100   M    M   4        15 100
 5  86  62  74   3   0   9 0.05  0.0    0  4.4 30  10   M    M   6 138    36 360
 6  88  63  76   5   0  11 1.52  0.0    0  4.5 32 330   M    M   6 13     43 320
 7  84  61  73   1   0   8 0.01  0.0    0  7.6 20  10   M    M   3 3      24  10
 8  78  58  68  -4   0   3 0.00  0.0    0  4.6 13 350   M    M   2        19 150
 9  82  65  74   2   0   9 0.00  0.0    0  6.1 18 180   M    M   6 3      22 260
10  85  65  75   3   0  10 0.55  0.0    0  4.6 18 190   M    M   6 13     23 190
11  85  66  76   4   0  11    T  0.0    0  4.3 16 160   M    M   7 1      20 160
12  84  67  76   4   0  11 0.70  0.0    0  6.7 25 300   M    M   8 13     43  30
13  81  60  71  -1   0   6 0.00  0.0    0  7.7 14 340   M    M   5        18 310
14  71  58  65  -7   0   0 0.00  0.0    0  5.3 15 350   M    M   8        20 360
15  81  55  68  -4   0   3 0.34  0.0    0  4.6 22  80   M    M   4 13     27  60
16  77  61  69  -3   0   4    T  0.0    0  7.7 15  30   M    M   5 3      19  20
17  80  53  67  -5   0   2 0.00  0.0    0  2.4 10  70   M    M   2 1      13  50
18  86  61  74   2   0   9    T  0.0    0  7.8 16 170   M    M   5 3      21 170
19  83  68  76   4   0  11 0.80  0.0    0  7.8 32 360   M    M   7 13     41  10
20  87  67  77   6   0  12 0.67  0.0    0  4.6 13 110   M    M   7 13     16 220
21  80  65  73   2   0   8 1.66  0.0    0  6.0 28  90   M    M   8 13     46 360
22  83  66  75   4   0  10    T  0.0    0  3.2 10 110   M    M   8 1      12 120
23  83  63  73   2   0   8    T  0.0    0  6.8 18  20   M    M   4 1      22  20
24  77  59  68  -3   0   3 0.00  0.0    0  5.8 14  50   M    M   6        17  50
================================================================================
SM 1964 1480         0 169  6.33     0.0 134.1          M      131
================================================================================
AV 81.8 61.7                               5.6 FASTST   M    M   5    MAX(MPH)
                                 MISC ---->  # 32 330               # 46  360
================================================================================
NOTES:
# LAST OF SEVERAL OCCURRENCES

COLUMN 17 PEAK WIND IN M.P.H.

PRELIMINARY LOCAL CLIMATOLOGICAL DATA (WS FORM: F-6) , PAGE 2

                                          STATION:  MADISON WI
                                          MONTH:    JULY
                                          YEAR:     2017
                                          LATITUDE:   43  7 N
                                          LONGITUDE:  89 20 W

[TEMPERATURE DATA]      [PRECIPITATION DATA]       SYMBOLS USED IN COLUMN 16

AVERAGE MONTHLY: 71.8   TOTAL FOR MONTH:   6.33    1 = FOG OR MIST
DPTR FM NORMAL:   0.2   DPTR FM NORMAL:    3.04    2 = FOG REDUCING VISIBILITY
HIGHEST:    88 ON  6    GRTST 24HR  1.66 ON 21-21      TO 1/4 MILE OR LESS
LOWEST:     53 ON 17                               3 = THUNDER
                        SNOW, ICE PELLETS, HAIL    4 = ICE PELLETS
                        TOTAL MONTH:   0.0 INCH    5 = HAIL
                        GRTST 24HR     0.0         6 = FREEZING RAIN OR DRIZZLE
                        GRTST DEPTH:   0           7 = DUSTSTORM OR SANDSTORM:
                                                       VSBY 1/2 MILE OR LESS
                                                   8 = SMOKE OR HAZE
[NO. OF DAYS WITH]      [WEATHER - DAYS WITH]      9 = BLOWING SNOW
                                                   X = TORNADO
MAX 32 OR BELOW:   0    0.01 INCH OR MORE:  10
MAX 90 OR ABOVE:   0    0.10 INCH OR MORE:   7
MIN 32 OR BELOW:   0    0.50 INCH OR MORE:   6
MIN  0 OR BELOW:   0    1.00 INCH OR MORE:   2

[HDD (BASE 65) ]
TOTAL THIS MO.     0    CLEAR  (SCALE 0-3)   2
DPTR FM NORMAL     0    PTCLDY (SCALE 4-7)  21
TOTAL FM JUL 1     0    CLOUDY (SCALE 8-10)  1
DPTR FM NORMAL     0

[CDD (BASE 65) ]
TOTAL THIS MO.   169
DPTR FM NORMAL     3    [PRESSURE DATA]
TOTAL FM JAN 1   341    HIGHEST SLP M ON M
DPTR FM NORMAL    25    LOWEST  SLP 29.75 ON M

[REMARKS]
