000
CXUS53 KMKX 180900
CF6MSN
PRELIMINARY LOCAL CLIMATOLOGICAL DATA (WS FORM: F-6)

                                          STATION:   MADISON WI
                                          MONTH:     NOVEMBER
                                          YEAR:      2017
                                          LATITUDE:   43  7 N
                                          LONGITUDE:  89 20 W

  TEMPERATURE IN F:       :PCPN:    SNOW:  WIND      :SUNSHINE: SKY     :PK WND
================================================================================
1   2   3   4   5  6A  6B    7    8   9   10  11  12  13   14  15   16   17  18
                                     12Z  AVG MX 2MIN
DY MAX MIN AVG DEP HDD CDD  WTR  SNW DPTH SPD SPD DIR MIN PSBL S-S WX    SPD DR
================================================================================

 1  43  30  37  -6  28   0 0.08  0.0    0 10.4 22 160   M    M  10 1      25 170
 2  50  38  44   1  21   0 0.01  0.0    0  5.1 16 330   M    M   9 1      23 330
 3  44  32  38  -4  27   0 0.00  0.0    0  8.5 17 360   M    M   8        25 350
 4  45  39  42   0  23   0 0.26  0.0    0  8.2 17 110   M    M  10 1      23 110
 5  52  33  43   2  22   0    T  0.0    0  6.1 18 350   M    M  10 1      27 330
 6  40  25  33  -8  32   0 0.00  0.0    0  6.1 15 340   M    M   8        19 350
 7  42  25  34  -6  31   0 0.00  0.0    0  5.1 13  20   M    M   5        16 360
 8  44  22  33  -7  32   0 0.00  0.0    0  4.5 14 240   M    M   2        19 240
 9  41  14  28 -12  37   0    T  0.0    0 11.4 21 320   M    M   6        28 320
10  28   9  19 -20  46   0 0.00  0.0    0  8.7 15 160   M    M   6        19 360
11  35  26  31  -7  34   0    T    T    0 10.6 22 160   M    M  10        26 160
12  39  25  32  -6  33   0 0.00  0.0    0  2.2  7 310   M    M   7 18      9 300
13  42  20  31  -7  34   0 0.00  0.0    0  5.4 16 190   M    M   8 128    20 180
14  46  31  39   2  26   0    T  0.0    0 10.4 18 170   M    M  10 18     30 320
15  50  32  41   5  24   0 0.10  0.0    0 11.2 22 310   M    M  10 1      36 280
16  37  30  34  -2  31   0 0.00  0.0    0  9.0 20 150   M    M   9        28 330
17  40  33  37   1  28   0 0.13  0.0    0 12.2 26 180   M    M  10 13     33 180
================================================================================
SM  718  464       509   0  0.58    T    135.1          M      138
================================================================================
AV 42.2 27.3                               7.9 FASTST   M    M   8    MAX(MPH)
                                 MISC ---->  # 26 180               # 36  280
================================================================================
NOTES:
# LAST OF SEVERAL OCCURRENCES

COLUMN 17 PEAK WIND IN M.P.H.

PRELIMINARY LOCAL CLIMATOLOGICAL DATA (WS FORM: F-6) , PAGE 2

                                          STATION:  MADISON WI
                                          MONTH:    NOVEMBER
                                          YEAR:     2017
                                          LATITUDE:   43  7 N
                                          LONGITUDE:  89 20 W

[TEMPERATURE DATA]      [PRECIPITATION DATA]       SYMBOLS USED IN COLUMN 16

AVERAGE MONTHLY: 34.8   TOTAL FOR MONTH:   0.58    1 = FOG OR MIST
DPTR FM NORMAL:  -4.6   DPTR FM NORMAL:   -0.79    2 = FOG REDUCING VISIBILITY
HIGHEST:    52 ON  5    GRTST 24HR  0.26 ON  4- 4      TO 1/4 MILE OR LESS
LOWEST:      9 ON 10                               3 = THUNDER
                        SNOW, ICE PELLETS, HAIL    4 = ICE PELLETS
                        TOTAL MONTH:    T          5 = HAIL
                        GRTST 24HR    T  ON 11-11  6 = FREEZING RAIN OR DRIZZLE
                        GRTST DEPTH:   0           7 = DUSTSTORM OR SANDSTORM:
                                                       VSBY 1/2 MILE OR LESS
                                                   8 = SMOKE OR HAZE
[NO. OF DAYS WITH]      [WEATHER - DAYS WITH]      9 = BLOWING SNOW
                                                   X = TORNADO
MAX 32 OR BELOW:   1    0.01 INCH OR MORE:   5
MAX 90 OR ABOVE:   0    0.10 INCH OR MORE:   3
MIN 32 OR BELOW:  13    0.50 INCH OR MORE:   0
MIN  0 OR BELOW:   0    1.00 INCH OR MORE:   0

[HDD (BASE 65) ]
TOTAL THIS MO.   509    CLEAR  (SCALE 0-3)   1
DPTR FM NORMAL    75    PTCLDY (SCALE 4-7)   7
TOTAL FM JUL 1   994    CLOUDY (SCALE 8-10)  9
DPTR FM NORMAL  -153

[CDD (BASE 65) ]
TOTAL THIS MO.     0
DPTR FM NORMAL     0    [PRESSURE DATA]
TOTAL FM JAN 1   580    HIGHEST SLP M ON M
DPTR FM NORMAL    12    LOWEST  SLP 29.59 ON 17

[REMARKS]
