000
CXUS55 KGJT 291000
CF6MTJ
PRELIMINARY LOCAL CLIMATOLOGICAL DATA (WS FORM: F-6)

                                          STATION:   MONTROSE CO
                                          MONTH:     JULY
                                          YEAR:      2014
                                          LATITUDE:   38 30 N
                                          LONGITUDE: 107 53 W

  TEMPERATURE IN F:       :PCPN:    SNOW:  WIND      :SUNSHINE: SKY     :PK WND
================================================================================
1   2   3   4   5  6A  6B    7    8   9   10  11  12  13   14  15   16   17  18
                                     12Z  AVG MX 2MIN
DY MAX MIN AVG DEP HDD CDD  WTR  SNW DPTH SPD SPD DIR MIN PSBL S-S WX    SPD DR
================================================================================

 1  90  53  72   0   0   7 0.00    M    M  8.2 16 330   M    M   0        23 310
 2  94  51  73   0   0   8 0.00    M    M  7.0 17 360   M    M   0        24 360
 3  92  59  76   3   0  11 0.00    M    M  9.1 24 190   M    M   0 3      36 180
 4  91  66  79   6   0  14 0.00    M    M  6.5 16 160   M    M   1        19 160
 5  90  64  77   4   0  12 0.00    M    M  9.2 21 180   M    M   0        26 170
 6  96  58  77   4   0  12 0.00    M    M  8.3 23 150   M    M   0        29 360
 7  96  61  79   6   0  14 0.00    M    M 10.5 38 150   M    M   0 8      44 140
 8  96  57  77   3   0  12 0.00    M    M  7.3 25 140   M    M   0        31 150
 9  90  63  77   3   0  12 0.00    M    M  6.9 17 220   M    M   0        22 220
10  90  64  77   3   0  12 0.06    M    M  8.5 32 210   M    M   2 3      44 200
11  90  62  76   2   0  11 0.02    M    M  8.7 25 110   M    M   2 3      33 110
12  93  62  78   4   0  13    T    M    M  8.9 20 100   M    M   1        27 110
13  95  63  79   5   0  14 0.00    M    M  8.8 23 100   M    M   0        29 100
14  94  65  80   6   0  15 0.00    M    M  6.6 15 340   M    M   0        19 300
15  94  63  79   5   0  14 0.00    M    M  5.8 20 210   M    M   1 3      24 210
16  89  60  75   1   0  10 0.02    M    M  7.0 21 140   M    M   1 3      23 140
17  88  56  72  -2   0   7 0.00    M    M  7.1 17 320   M    M   0        24 330
18  91  57  74   0   0   9 0.00    M    M  6.6 13 330   M    M   0        22 190
19  94  62  78   4   0  13 0.00    M    M  7.8 16 350   M    M   0        20 350
20  96  58  77   3   0  12    T    M    M 10.3 26 100   M    M   1 8      32 100
21  94  58  76   2   0  11 0.00    M    M  8.0 16 240   M    M   0        20 330
22  98  58  78   4   0  13 0.00    M    M  7.5 17 130   M    M   0        20 120
23  97  64  81   7   0  16    T    M    M  6.9 29 230   M    M   1 8      38 240
24  89  64  77   3   0  12 0.11    M    M 11.8 32 160   M    M   3 3      40 160
25  88  59  74   0   0   9    T    M    M  6.3 22 340   M    M   2        27 340
26  93  62  78   4   0  13 0.00    M    M  7.4 20 330   M    M   1        25 340
27  91  61  76   2   0  11    T    M    M  6.7 23 180   M    M   2 3      32 230
28  87  61  74   0   0   9 0.37    M    M  7.0 37 150   M    M   4        45 150
================================================================================
SM 2586 1691         0 326  0.58    M    220.7          M       22
================================================================================
AV 92.4 60.4                               7.9 FASTST   M    M   1    MAX(MPH)
                                 MISC ---->  # 38 150               # 45  150
================================================================================
NOTES:
# LAST OF SEVERAL OCCURRENCES

COLUMN 17 PEAK WIND IN M.P.H.

PRELIMINARY LOCAL CLIMATOLOGICAL DATA (WS FORM: F-6) , PAGE 2

                                          STATION:  MONTROSE CO
                                          MONTH:    JULY
                                          YEAR:     2014
                                          LATITUDE:   38 30 N
                                          LONGITUDE: 107 53 W

[TEMPERATURE DATA]      [PRECIPITATION DATA]       SYMBOLS USED IN COLUMN 16

AVERAGE MONTHLY: 76.4   TOTAL FOR MONTH:   0.58    1 = FOG OR MIST
DPTR FM NORMAL:   2.7   DPTR FM NORMAL:   -0.28    2 = FOG REDUCING VISIBILITY
HIGHEST:    98 ON 22    GRTST 24HR  0.37 ON 28-28      TO 1/4 MILE OR LESS
LOWEST:     51 ON  2                               3 = THUNDER
                        SNOW, ICE PELLETS, HAIL    4 = ICE PELLETS
                        TOTAL MONTH:    M          5 = HAIL
                        GRTST 24HR    M  ON   M    6 = FREEZING RAIN OR DRIZZLE
                        GRTST DEPTH:  M  ON   M    7 = DUSTSTORM OR SANDSTORM:
                                                       VSBY 1/2 MILE OR LESS
                                                   8 = SMOKE OR HAZE
[NO. OF DAYS WITH]      [WEATHER - DAYS WITH]      9 = BLOWING SNOW
                                                   X = TORNADO
MAX 32 OR BELOW:   0    0.01 INCH OR MORE:   5
MAX 90 OR ABOVE:  23    0.10 INCH OR MORE:   2
MIN 32 OR BELOW:   0    0.50 INCH OR MORE:   0
MIN  0 OR BELOW:   0    1.00 INCH OR MORE:   0

[HDD (BASE 65) ]
TOTAL THIS MO.     0    CLEAR  (SCALE 0-3)  27
DPTR FM NORMAL     0    PTCLDY (SCALE 4-7)   1
TOTAL FM JUL 1     0    CLOUDY (SCALE 8-10)  0
DPTR FM NORMAL     0

[CDD (BASE 65) ]
TOTAL THIS MO.   326
DPTR FM NORMAL    82    [PRESSURE DATA]
TOTAL FM JAN 1   507    HIGHEST SLP M ON M
DPTR FM NORMAL   111    LOWEST  SLP 29.71 ON 16

[REMARKS]
