000
CXUS53 KILX 232300
CF6MTO
PRELIMINARY LOCAL CLIMATOLOGICAL DATA (WS FORM: F-6)

                                          STATION:   MATTOON IL AIRPORT
                                          MONTH:     AUGUST
                                          YEAR:      2016
                                          LATITUDE:   39 28 N
                                          LONGITUDE:  88 17 W

  TEMPERATURE IN F:       :PCPN:    SNOW:  WIND      :SUNSHINE: SKY     :PK WND
================================================================================
1   2   3   4   5  6A  6B    7    8   9   10  11  12  13   14  15   16   17  18
                                     12Z  AVG MX 2MIN
DY MAX MIN AVG DEP HDD CDD  WTR  SNW DPTH SPD SPD DIR MIN PSBL S-S WX    SPD DR
================================================================================

 1  86  70  78   3   0  13 0.00    M    M  2.9 15  30   M    M   3 1      18  30
 2  84  67  76   1   0  11 0.00    M    M  2.0 14 120   M    M   4 12     16 120
 3  86  70  78   3   0  13 0.00    M    M  3.0 10 160   M    M   1 12     13 140
 4  89  70  80   5   0  15 0.00    M    M  3.1  8 130   M    M   1 128    12 280
 5  87  73  80   5   0  15 0.00    M    M  6.8 14 310   M    M   2 1      17 310
 6  84  65  75   0   0  10 0.00    M    M  6.0 14 340   M    M   4        17 350
 7  83  60  72  -3   0   7 0.00    M    M  5.4 13  30   M    M   0        17  20
 8  87  62  75   0   0  10 0.00    M    M  3.7 13 130   M    M   2        15 130
 9  88  65  77   3   0  12 0.00    M    M  2.0  9 350   M    M   2        15 310
10  90  66  78   4   0  13 0.00    M    M  3.5  9 140   M    M   2 1      12 140
11  91  72  82   8   0  17 0.00    M    M  7.3 15 160   M    M   1 1      19 180
12  91  73  82   8   0  17 0.16    M    M  9.4 18 150   M    M   3 18     23 160
13  82  70  76   2   0  11 0.09    M    M  7.0 16 310   M    M   7 1      20 300
14  74  69  72  -2   0   7 0.15    M    M  3.7 13 300   M    M   6 1      16 300
15  77  68  73  -1   0   8 2.67    M    M 10.4 21 170   M    M  10 1      29 170
16  81  70  76   2   0  11 0.54    M    M  6.2 13 310   M    M   5 1      19 220
17  81  70  76   2   0  11 0.00    M    M  4.3  9 210   M    M   6 1      12 210
18  83  66  75   1   0  10 0.01    M    M  5.7 17 350   M    M   3 1      24 350
19  85  67  76   2   0  11 0.00    M    M  6.3 10 220   M    M   5 12     13 160
20  81  64  73  -1   0   8 0.16    M    M  9.6 24 290   M    M   6 1      32 300
21  77  60  69  -5   0   4 0.00    M    M  7.5 15 320   M    M   1        20 280
22  78  56  67  -7   0   2 0.00    M    M  2.8  9 170   M    M   1        13 170
================================================================================
SM 1845 1473         0 236  3.78    M    118.6          M       75
================================================================================
AV 83.9 67.0                               5.4 FASTST   M    M   3    MAX(MPH)
                                 MISC ---->  # 24 290               # 32  300
================================================================================
NOTES:
# LAST OF SEVERAL OCCURRENCES

COLUMN 17 PEAK WIND IN M.P.H.

PRELIMINARY LOCAL CLIMATOLOGICAL DATA (WS FORM: F-6) , PAGE 2

                                          STATION:  MATTOON IL AIRPORT
                                          MONTH:    AUGUST
                                          YEAR:     2016
                                          LATITUDE:   39 28 N
                                          LONGITUDE:  88 17 W

[TEMPERATURE DATA]      [PRECIPITATION DATA]       SYMBOLS USED IN COLUMN 16

AVERAGE MONTHLY: 75.4   TOTAL FOR MONTH:   3.78    1 = FOG OR MIST
DPTR FM NORMAL:   1.0   DPTR FM NORMAL:    1.66    2 = FOG REDUCING VISIBILITY
HIGHEST:    91 ON 12,11 GRTST 24HR  3.01 ON 15-16      TO 1/4 MILE OR LESS
LOWEST:     56 ON 22                               3 = THUNDER
                        SNOW, ICE PELLETS, HAIL    4 = ICE PELLETS
                        TOTAL MONTH:    M          5 = HAIL
                        GRTST 24HR    M  ON   M    6 = FREEZING RAIN OR DRIZZLE
                        GRTST DEPTH:  M  ON   M    7 = DUSTSTORM OR SANDSTORM:
                                                       VSBY 1/2 MILE OR LESS
                                                   8 = SMOKE OR HAZE
[NO. OF DAYS WITH]      [WEATHER - DAYS WITH]      9 = BLOWING SNOW
                                                   X = TORNADO
MAX 32 OR BELOW:   0    0.01 INCH OR MORE:   7
MAX 90 OR ABOVE:   3    0.10 INCH OR MORE:   5
MIN 32 OR BELOW:   0    0.50 INCH OR MORE:   2
MIN  0 OR BELOW:   0    1.00 INCH OR MORE:   1

[HDD (BASE 65) ]
TOTAL THIS MO.     0    CLEAR  (SCALE 0-3)  13
DPTR FM NORMAL     0    PTCLDY (SCALE 4-7)   8
TOTAL FM JUL 1     5    CLOUDY (SCALE 8-10)  1
DPTR FM NORMAL     4

[CDD (BASE 65) ]
TOTAL THIS MO.   236
DPTR FM NORMAL    26    [PRESSURE DATA]
TOTAL FM JAN 1   957    HIGHEST SLP M ON M
DPTR FM NORMAL   106    LOWEST  SLP 29.69 ON 20

[REMARKS]
