000
CXUS53 KILX 272300
CF6MTO
PRELIMINARY LOCAL CLIMATOLOGICAL DATA (WS FORM: F-6)

                                          STATION:   MATTOON IL AIRPORT
                                          MONTH:     JUNE
                                          YEAR:      2017
                                          LATITUDE:   39 28 N
                                          LONGITUDE:  88 17 W

  TEMPERATURE IN F:       :PCPN:    SNOW:  WIND      :SUNSHINE: SKY     :PK WND
================================================================================
1   2   3   4   5  6A  6B    7    8   9   10  11  12  13   14  15   16   17  18
                                     12Z  AVG MX 2MIN
DY MAX MIN AVG DEP HDD CDD  WTR  SNW DPTH SPD SPD DIR MIN PSBL S-S WX    SPD DR
================================================================================

 1  80  49  65  -3   0   0 0.00  0.0    0  1.2  9 200   M    M   0        12 300
 2  86  55  71   3   0   6 0.00  0.0    0  2.5 10 130   M    M   0        14 130
 3  90  68  79  11   0  14 0.00    M    M  6.1 14 160   M    M   1        18 150
 4  89  67  78   9   0  13    T    M    M  6.9 20 190   M    M   1        26 190
 5  92  64  78   9   0  13 0.00    M    M 10.8 26  30   M    M   2 1      31  30
 6  80  55  68  -1   0   3 0.00    M    M 12.9 20  20   M    M   0        25  20
 7  77  52  65  -5   0   0 0.00    M    M 10.6 24  60   M    M   0        30  50
 8  82  50  66  -4   0   1 0.00    M    M  3.6 13  40   M    M   0        20  50
 9  85  57  71   1   0   6 0.00    M    M  7.9 17 190   M    M   0        23 250
10  85  63  74   4   0   9 0.00    M    M 10.4 21 190   M    M   0        28 200
11  88  67  78   7   0  13 0.00    M    M 11.4 21 200   M    M   0        29 220
12  92  71  82  11   0  17 0.00    M    M  7.9 16 190   M    M   1        23 190
13  93  74  84  13   0  19 0.00    M    M  7.8 15 190   M    M   1        22 210
14  92  67  80   8   0  15 1.28    M    M  8.5 33 220   M    M   2 138    51 200
15  85  68  77   5   0  12 0.02    M    M  6.1 16 190   M    M   1 1      22 200
16  87  67  77   5   0  12 0.00    M    M  5.9 15 170   M    M   0 1      20 150
17  85  70  78   6   0  13 0.03    M    M  8.0 16 160   M    M   2 13     21 150
18  81  66  74   1   0   9 0.28    M    M 10.8 22 170   M    M   2 13     28 170
19  84  62  73   0   0   8 0.39    M    M  9.1 31 340   M    M   2 18     41 330
20  86  61  74   1   0   9 0.13    M    M  7.1 21 350   M    M   1 1      28  10
21  89  67  78   4   0  13 0.00    M    M  6.0 15 210   M    M   1        30 210
22  83  71  77   3   0  12    T    M    M 10.4 20 160   M    M   7 1      27 170
23  80  63  72  -2   0   7 0.67    M    M  9.4 20 360   M    M   6 13     26 360
24  76  58  67  -7   0   2 0.00    M    M 10.7 21 300   M    M   1        27 290
25  77  56  67  -7   0   2 0.00    M    M  9.7 22 300   M    M   1        31 300
26  75  55  65 -10   0   0    T    M    M  7.2 23 310   M    M   4        30 310
================================================================================
SM 2199 1623         0 228  2.80     0.0 208.9          M       36
================================================================================
AV 84.6 62.4                               8.0 FASTST   M    M   1    MAX(MPH)
                                 MISC ---->  # 33 220               # 51  200
================================================================================
NOTES:
# LAST OF SEVERAL OCCURRENCES

COLUMN 17 PEAK WIND IN M.P.H.

PRELIMINARY LOCAL CLIMATOLOGICAL DATA (WS FORM: F-6) , PAGE 2

                                          STATION:  MATTOON IL AIRPORT
                                          MONTH:    JUNE
                                          YEAR:     2017
                                          LATITUDE:   39 28 N
                                          LONGITUDE:  88 17 W

[TEMPERATURE DATA]      [PRECIPITATION DATA]       SYMBOLS USED IN COLUMN 16

AVERAGE MONTHLY: 73.5   TOTAL FOR MONTH:   2.80    1 = FOG OR MIST
DPTR FM NORMAL:   2.1   DPTR FM NORMAL:   -0.90    2 = FOG REDUCING VISIBILITY
HIGHEST:    93 ON 13    GRTST 24HR  1.28 ON 14-14      TO 1/4 MILE OR LESS
LOWEST:     49 ON  1                               3 = THUNDER
                        SNOW, ICE PELLETS, HAIL    4 = ICE PELLETS
                        TOTAL MONTH:   0.0 INCH    5 = HAIL
                        GRTST 24HR     0.0         6 = FREEZING RAIN OR DRIZZLE
                        GRTST DEPTH:   0           7 = DUSTSTORM OR SANDSTORM:
                                                       VSBY 1/2 MILE OR LESS
                                                   8 = SMOKE OR HAZE
[NO. OF DAYS WITH]      [WEATHER - DAYS WITH]      9 = BLOWING SNOW
                                                   X = TORNADO
MAX 32 OR BELOW:   0    0.01 INCH OR MORE:   7
MAX 90 OR ABOVE:   5    0.10 INCH OR MORE:   5
MIN 32 OR BELOW:   0    0.50 INCH OR MORE:   2
MIN  0 OR BELOW:   0    1.00 INCH OR MORE:   1

[HDD (BASE 65) ]
TOTAL THIS MO.     0    CLEAR  (SCALE 0-3)  23
DPTR FM NORMAL   -14    PTCLDY (SCALE 4-7)   3
TOTAL FM JUL 1  4405    CLOUDY (SCALE 8-10)  0
DPTR FM NORMAL  -999

[CDD (BASE 65) ]
TOTAL THIS MO.   228
DPTR FM NORMAL    46    [PRESSURE DATA]
TOTAL FM JAN 1   334    HIGHEST SLP M ON M
DPTR FM NORMAL    64    LOWEST  SLP 29.66 ON 23

[REMARKS]
