000
CXUS53 KGRB 010725
CF6MTW
PRELIMINARY LOCAL CLIMATOLOGICAL DATA (WS FORM: F-6)

                                          STATION:   MANITOWOC AWOS
                                          MONTH:     MAY
                                          YEAR:      2015
                                          LATITUDE:   44  7 N
                                          LONGITUDE:  87 40 W

  TEMPERATURE IN F:       :PCPN:    SNOW:  WIND      :SUNSHINE: SKY     :PK WND
================================================================================
1   2   3   4   5  6A  6B    7    8   9   10  11  12  13   14  15   16   17  18
                                     12Z  AVG MX 2MIN
DY MAX MIN AVG DEP HDD CDD  WTR  SNW DPTH SPD SPD DIR MIN PSBL S-S WX    SPD DR
================================================================================

 1  59  34  47   M  18   0 0.00  0.0    0  5.8 14 170   M    M   0         M  M
 2  72  47  60   M   5   0 0.00  0.0    0 10.6 23 180   M    M   5        31 180
 3  76  45  61   M   4   0    T    M    0  8.6 18 180   M    M   3 3      24 230
 4  69  51  60   M   5   0 0.27  0.0    0  8.1 13  80   M    M   1 123    17 360
 5  58  45  52   M  13   0    T    M    0  4.3  9 140   M    M   1         M  M
 6   M   M   M   M   M   M 0.05    M    0  2.7  7 110   M    M  10 12      M  M
 7   M   M   M   M   M   M 0.00  0.0    0   M   M   M   M    M   0         M  M
 8   M   M   M   M   M   M 0.00  0.0    0   M   M   M   M    M   0         M  M
 9   M   M   M   M   M   M 0.00  0.0    0   M   M   M   M    M   0         M  M
10   M   M   M   M   M   M 0.00  0.0    0   M   M   M   M    M   0         M  M
11   M   M   M   M   M   M 0.13    M    0 13.1 20 260   M    M   5 1      31 260
12   M   M   M   M   M   M    T    M    0 13.3 20 300   M    M  10 1      30 280
13  52  35  44   M  21   0 0.00  0.0    0  5.5 15 120   M    M   1        17  70
14  55  37  46   M  19   0 0.09    M    0  8.2 17 160   M    M   1 1      21 170
15   M   M   M   M   M   M 0.19    M    0  6.6 15 130   M    M  10 12     18 310
16  62  49  56   M   9   0    T    M    0  4.7 13 130   M    M   8 12      M  M
17   M   M   M   M   M   M 0.01    M    0 10.9 22 180   M    M   8 12     33 150
18  71  49  60   M   5   0 0.00  0.0    0 15.5 27 270   M    M   2 1      39 270
19  51  35  43   M  22   0    T    M    0 11.2 20 350   M    M   8        30 320
20  55  31  43   M  22   0 0.00  0.0    0  5.9 12 180   M    M   1         M  M
21  73  42  58   M   7   0    T    M    0 11.3 18 280   M    M   2        31 260
22  56  36  46   M  19   0 0.00  0.0    0  6.3 13 140   M    M   0         M  M
23  70  40  55   M  10   0 0.00  0.0    0  7.5 21 180   M    M   0        30 190
24  69  46  58   M   7   0 1.64    M    0  6.6 16 210   M    M   6 1      28 210
25  78  51  65   M   0   0 0.09  0.0    0 11.9 21 240   M    M   7 1      35 230
26  70  50  60   M   5   0 0.10  0.0    0  9.7 24 230   M    M   6 12     31 230
27  74  52  63   M   2   0    T  0.0    0 11.8 21 240   M    M   7 1      31 240
28  74  50  62   M   3   0 0.00  0.0    0  6.8 20 180   M    M   1 1      27 180
29  72  58  65   M   0   0 0.01  0.0    0  6.9 14 170   M    M   5 13     20 170
30  64  40  52   M  13   0 0.25    M    0  7.9 14  40   M    M   7 1      23  30
31  54  39  47   M  18   0 0.02    M    0  9.8 20  50   M    M   0        33  30
================================================================================
SM 1434  962       227   0  2.85     0.0 231.5          M      115
================================================================================
AV 65.2 43.7                               8.6 FASTST   M    M   4    MAX(MPH)
                                 MISC ---->  # 27 270                 39    M
================================================================================
NOTES:
# LAST OF SEVERAL OCCURRENCES

COLUMN 17 PEAK WIND IN M.P.H.

PRELIMINARY LOCAL CLIMATOLOGICAL DATA (WS FORM: F-6) , PAGE 2

                                          STATION:  MANITOWOC AWOS
                                          MONTH:    MAY
                                          YEAR:     2015
                                          LATITUDE:   44  7 N
                                          LONGITUDE:  87 40 W

[TEMPERATURE DATA]      [PRECIPITATION DATA]       SYMBOLS USED IN COLUMN 16

AVERAGE MONTHLY: 54.5   TOTAL FOR MONTH:   2.85    1 = FOG OR MIST
DPTR FM NORMAL:     M   DPTR FM NORMAL:       M    2 = FOG REDUCING VISIBILITY
HIGHEST:    78 ON 25    GRTST 24HR  1.64 ON 24-24      TO 1/4 MILE OR LESS
LOWEST:     31 ON 20                               3 = THUNDER
                        SNOW, ICE PELLETS, HAIL    4 = ICE PELLETS
                        TOTAL MONTH:   0.0 INCH    5 = HAIL
                        GRTST 24HR     0.0         6 = FREEZING RAIN OR DRIZZLE
                        GRTST DEPTH:   0           7 = DUSTSTORM OR SANDSTORM:
                                                       VSBY 1/2 MILE OR LESS
                                                   8 = SMOKE OR HAZE
[NO. OF DAYS WITH]      [WEATHER - DAYS WITH]      9 = BLOWING SNOW
                                                   X = TORNADO
MAX 32 OR BELOW:   0    0.01 INCH OR MORE:  12
MAX 90 OR ABOVE:   0    0.10 INCH OR MORE:   6
MIN 32 OR BELOW:   1    0.50 INCH OR MORE:   1
MIN  0 OR BELOW:   0    1.00 INCH OR MORE:   1

[HDD (BASE 65) ]
TOTAL THIS MO.   227    CLEAR  (SCALE 0-3)  16
DPTR FM NORMAL     M    PTCLDY (SCALE 4-7)  11
TOTAL FM JUL 1  7079    CLOUDY (SCALE 8-10)  4
DPTR FM NORMAL  5284

[CDD (BASE 65) ]
TOTAL THIS MO.     0
DPTR FM NORMAL     M    [PRESSURE DATA]
TOTAL FM JAN 1     0    HIGHEST SLP M ON M
DPTR FM NORMAL     0    LOWEST  SLP M ON M

[REMARKS]
#FINAL-05-15#
