000
CXUS55 KBOI 281002
CF6MUO
PRELIMINARY LOCAL CLIMATOLOGICAL DATA (WS FORM: F-6)
STATION: MOUNTAIN HOME AFB
MONTH: MARCH
YEAR: 2024
LATITUDE: 43 2 N
LONGITUDE: 115 52 W
TEMPERATURE IN F: :PCPN: SNOW: WIND :SUNSHINE: SKY :PK WND
================================================================================
1 2 3 4 5 6A 6B 7 8 9 10 11 12 13 14 15 16 17 18
12Z AVG MX 2MIN
DY MAX MIN AVG DEP HDD CDD WTR SNW DPTH SPD SPD DIR MIN PSBL S-S WX SPD DR
================================================================================
1 53 33 43 4 22 0 0.12 M M 11.0 18 330 M M 7 1 33 170
2 44 26 35 -4 30 0 0.02 M M 11.6 28 280 M M 4 40 220
3 34 23 29 -10 36 0 0.07 M M 8.5 16 100 M M 4 M M
4 38 18 28 -12 37 0 0.03 M 2 9.4 17 90 M M 6 1 M M
5 45 30 38 -2 27 0 0.16 M M 13.5 21 90 M M 9 M M
6 34 24 29 -11 36 0 T M M 7.1 13 310 M M 8 18 M M
7 36 18 27 -13 38 0 T M M 4.7 10 300 M M 6 12 M M
8 42 20 31 -10 34 0 T M M 7.5 18 100 M M 0 1 M M
9 46 24 35 -6 30 0 0.00 M M 22.7 32 110 M M 2 44 100
10 53 31 42 1 23 0 T M M 15.7 23 100 M M 5 M M
11 57 34 46 4 19 0 0.05 M M 7.8 16 90 M M 4 M M
12 53 36 45 3 20 0 0.11 M M 7.6 25 260 M M 6 40 260
13 47 33 40 -2 25 0 0.01 M M 20.4 33 300 M M 2 44 300
14 53 27 40 -2 25 0 0.00 M M 11.7 17 310 M M 0 M M
15 56 28 42 -1 23 0 0.00 M M 3.6 10 320 M M 0 M M
16 58 25 42 -1 23 0 0.00 M M 4.4 10 330 M M 0 M M
17 64 29 47 4 18 0 0.00 M M 5.0 12 100 M M 0 M M
18 67 31 49 6 16 0 0.00 M M 3.6 8 120 M M 0 M M
19 67 33 50 6 15 0 0.00 M M 5.8 10 90 M M 0 M M
20 70 34 52 8 13 0 0.00 M M 6.6 13 80 M M 0 M M
21 63 40 52 8 13 0 0.00 M M 8.2 20 300 M M 3 24 280
22 66 34 50 6 15 0 T M M 9.8 21 100 M M 2 30 90
23 55 37 46 1 19 0 0.15 M M 9.6 28 310 M M 7 37 300
24 54 33 44 -1 21 0 T M M 10.6 21 300 M M 6 32 300
25 52 33 43 -2 22 0 T M M 11.8 21 310 M M 5 28 310
26 52 28 40 -5 25 0 T M M 10.5 22 300 M M 5 31 310
27 58 29 44 -1 21 0 0.01 M M 11.9 20 100 M M 8 26 200
================================================================================
SM 1417 791 646 0 0.73 M 260.8 M 99
================================================================================
AV 52.5 29.3 9.7 FASTST M M 4 MAX(MPH)
MISC ----> 33 300 # 44 100
================================================================================
NOTES:
# LAST OF SEVERAL OCCURRENCES
COLUMN 17 PEAK WIND IN M.P.H.
PRELIMINARY LOCAL CLIMATOLOGICAL DATA (WS FORM: F-6) , PAGE 2
STATION: MOUNTAIN HOME AFB
MONTH: MARCH
YEAR: 2024
LATITUDE: 43 2 N
LONGITUDE: 115 52 W
[TEMPERATURE DATA] [PRECIPITATION DATA] SYMBOLS USED IN COLUMN 16
AVERAGE MONTHLY: 40.9 TOTAL FOR MONTH: 0.73 1 = FOG OR MIST
DPTR FM NORMAL: -1.3 DPTR FM NORMAL: -0.30 2 = FOG REDUCING VISIBILITY
HIGHEST: 70 ON 20 GRTST 24HR 0.16 ON 5- 5 TO 1/4 MILE OR LESS
LOWEST: 18 ON 7, 4 3 = THUNDER
SNOW, ICE PELLETS, HAIL 4 = ICE PELLETS
TOTAL MONTH: M 5 = HAIL
GRTST 24HR M ON M 6 = FREEZING RAIN OR DRIZZLE
GRTST DEPTH: 2 ON 4 7 = DUSTSTORM OR SANDSTORM:
VSBY 1/2 MILE OR LESS
8 = SMOKE OR HAZE
[NO. OF DAYS WITH] [WEATHER - DAYS WITH] 9 = BLOWING SNOW
X = TORNADO
MAX 32 OR BELOW: 0 0.01 INCH OR MORE: 10
MAX 90 OR ABOVE: 0 0.10 INCH OR MORE: 4
MIN 32 OR BELOW: 16 0.50 INCH OR MORE: 0
MIN 0 OR BELOW: 0 1.00 INCH OR MORE: 0
[HDD (BASE 65) ]
TOTAL THIS MO. 646 CLEAR (SCALE 0-3) 12
DPTR FM NORMAL 26 PTCLDY (SCALE 4-7) 14
TOTAL FM JUL 1 4538 CLOUDY (SCALE 8-10) 1
DPTR FM NORMAL -418
[CDD (BASE 65) ]
TOTAL THIS MO. 0
DPTR FM NORMAL 0 [PRESSURE DATA]
TOTAL FM JAN 1 0 HIGHEST SLP M ON M
DPTR FM NORMAL 0 LOWEST SLP M ON M
[REMARKS]