000
CXUS54 KFWD 270730
CF6MWL
PRELIMINARY LOCAL CLIMATOLOGICAL DATA (WS FORM: F-6)

                                          STATION:   MINERAL WELLS
                                          MONTH:     MARCH
                                          YEAR:      2015
                                          LATITUDE:   32 46 N
                                          LONGITUDE:  98  4 W

  TEMPERATURE IN F:       :PCPN:    SNOW:  WIND      :SUNSHINE: SKY     :PK WND
================================================================================
1   2   3   4   5  6A  6B    7    8   9   10  11  12  13   14  15   16   17  18
                                     12Z  AVG MX 2MIN
DY MAX MIN AVG DEP HDD CDD  WTR  SNW DPTH SPD SPD DIR MIN PSBL S-S WX    SPD DR
================================================================================

 1  35  30  33 -20  32   0    T  0.0    M  7.5 15 360   M    M  10 16     17 360
 2  37  32  35 -18  30   0    T  0.0    M  5.3 13 340   M    M  10 12     16 330
 3  56  36  46  -7  19   0    T  0.0    0  5.6 14 140   M    M  10 128    16 140
 4  51  26  39 -15  26   0 0.27    M    0 13.1 28 340   M    M  10 126    34 360
 5  42  21  32 -22  33   0    T    M    M  8.4 21 350   M    M   2 1      28 340
 6  54  24  39 -15  26   0 0.00  0.0    M  5.3 12 140   M    M   0        17 160
 7  62  29  46  -8  19   0 0.00  0.0    0  5.8 14 130   M    M   4        18 120
 8  55  46  51  -4  14   0 0.08  0.0    0  9.7 16 140   M    M   9 1      19 140
 9  51  47  49  -6  16   0 0.31  0.0    0  5.9 10  30   M    M  10 12     13 110
10  57  48  53  -2  12   0 0.01  0.0    0  5.3 14 310   M    M  10 1      16 320
11  70  41  56   0   9   0 0.00  0.0    0  4.8 15 100   M    M   3 12     23  40
12  73  44  59   3   6   0 0.00  0.0    0  4.8 16  80   M    M   1        19  80
13  71  46  59   3   6   0    T  0.0    0  8.9 22 350   M    M   7 12     25 350
14  72  55  64   8   1   0 0.00  0.0    0 11.4 25 340   M    M   7        32 350
15  69  48  59   2   6   0 0.00  0.0    0  4.0 13 110   M    M   7        15 110
16  81  48  65   8   0   0 0.00  0.0    0  5.7 15 190   M    M   0 12     22 140
17  80  57  69  12   0   4 0.05  0.0    0  6.8 16 360   M    M   4        21 360
18  65  51  58   0   7   0 0.53  0.0    0  5.1 12 320   M    M   8 1      13 320
19  77  54  66   8   0   1 0.00  0.0    0  7.5 21 360   M    M   6 1      24 360
20  62  51  57  -1   8   0 0.30  0.0    0  8.1 18  30   M    M   9 13     23  40
21  61  51  56  -2   9   0 0.19  0.0    0  4.2 10  20   M    M   6 18     13  20
22  67  54  61   2   4   0 0.03  0.0    0  3.5 12 150   M    M   7 1      13 150
23  76  48  62   3   3   0 0.00  0.0    0 10.5 18 150   M    M   4 12     24 130
24  88  55  72  13   0   7 0.00  0.0    0 10.4 22 210   M    M   0        26 200
25  85  55  70  10   0   5 0.06  0.0    0 13.9 31 350   M    M   0 13     42 360
26  64  43  54  -6  11   0 0.00  0.0    0 16.7 31 340   M    M   4 3      42 320
================================================================================
SM 1661 1140       297  17  1.83     0.0 198.2          M      148
================================================================================
AV 63.9 43.8                               7.6 FASTST   M    M   6    MAX(MPH)
                                 MISC ---->  # 31 350               # 42  360
================================================================================
NOTES:
# LAST OF SEVERAL OCCURRENCES

COLUMN 17 PEAK WIND IN M.P.H.

PRELIMINARY LOCAL CLIMATOLOGICAL DATA (WS FORM: F-6) , PAGE 2

                                          STATION:  MINERAL WELLS
                                          MONTH:    MARCH
                                          YEAR:     2015
                                          LATITUDE:   32 46 N
                                          LONGITUDE:  98  4 W

[TEMPERATURE DATA]      [PRECIPITATION DATA]       SYMBOLS USED IN COLUMN 16

AVERAGE MONTHLY: 53.9   TOTAL FOR MONTH:   1.83    1 = FOG OR MIST
DPTR FM NORMAL:  -2.4   DPTR FM NORMAL:   -0.87    2 = FOG REDUCING VISIBILITY
HIGHEST:    88 ON 24    GRTST 24HR  0.53 ON 18-18      TO 1/4 MILE OR LESS
LOWEST:     21 ON  5                               3 = THUNDER
                        SNOW, ICE PELLETS, HAIL    4 = ICE PELLETS
                        TOTAL MONTH:   0.0 INCH    5 = HAIL
                        GRTST 24HR     0.0         6 = FREEZING RAIN OR DRIZZLE
                        GRTST DEPTH:   0           7 = DUSTSTORM OR SANDSTORM:
                                                       VSBY 1/2 MILE OR LESS
                                                   8 = SMOKE OR HAZE
[NO. OF DAYS WITH]      [WEATHER - DAYS WITH]      9 = BLOWING SNOW
                                                   X = TORNADO
MAX 32 OR BELOW:   0    0.01 INCH OR MORE:  10
MAX 90 OR ABOVE:   0    0.10 INCH OR MORE:   5
MIN 32 OR BELOW:   6    0.50 INCH OR MORE:   1
MIN  0 OR BELOW:   0    1.00 INCH OR MORE:   0

[HDD (BASE 65) ]
TOTAL THIS MO.   297    CLEAR  (SCALE 0-3)   6
DPTR FM NORMAL    47    PTCLDY (SCALE 4-7)  12
TOTAL FM JUL 1  2419    CLOUDY (SCALE 8-10)  8
DPTR FM NORMAL    71

[CDD (BASE 65) ]
TOTAL THIS MO.    17
DPTR FM NORMAL    -7    [PRESSURE DATA]
TOTAL FM JAN 1    17    HIGHEST SLP M ON M
DPTR FM NORMAL   -12    LOWEST  SLP 29.71 ON 25

[REMARKS]
