000
CXUS56 KMTR 191000
CF6NUQ
PRELIMINARY LOCAL CLIMATOLOGICAL DATA (WS FORM: F-6)

                                          STATION:   MOFFETT FIELD
                                          MONTH:     JANUARY
                                          YEAR:      2018
                                          LATITUDE:   37 25 N
                                          LONGITUDE: 122  3 W

  TEMPERATURE IN F:       :PCPN:    SNOW:  WIND      :SUNSHINE: SKY     :PK WND
================================================================================
1   2   3   4   5  6A  6B    7    8   9   10  11  12  13   14  15   16   17  18
                                     12Z  AVG MX 2MIN
DY MAX MIN AVG DEP HDD CDD  WTR  SNW DPTH SPD SPD DIR MIN PSBL S-S WX    SPD DR
================================================================================

 1  62  41  52   2  13   0 0.00  0.0    0  1.8  7  10   M    M   0 18      9  10
 2  58  46  52   2  13   0 0.00  0.0    0  0.7  7 360   M    M   0 8       7 360
 3  58  47  53   3  12   0 0.35    M    0  2.0 12  80   M    M   6 1      14  90
 4  68  53  61  11   4   0 0.00  0.0    0  7.3 15 160   M    M   6 1      22 150
 5  66  53  60  10   5   0 0.04  0.0    0  7.4 15 350   M    M   9 1      18 350
 6  59  46  53   3  12   0 0.04  0.0    0  2.9 10 350   M    M   3 1      12 360
 7  54  44  49  -1  16   0 0.01  0.0    0  1.4  6 350   M    M   5 1       7 350
 8  59  50  55   5  10   0 1.50  0.0    0  3.9 14 140   M    M  10 1      19 140
 9  57  50  54   4  11   0 0.43  0.0    0  6.9 17 290   M    M   9 1      26 280
10  56  44  50   0  15   0 0.00  0.0    0  4.5 15 130   M    M   7        19 320
11  62  51  57   7   8   0 0.00  0.0    0  2.8 12 360   M    M   6        13 360
12  56  49  53   3  12   0 0.00  0.0    0  4.7 13  10   M    M   5 1      15 330
13  60  41  51   1  14   0 0.00  0.0    0  2.9 10 360   M    M   0 1      12 360
14  54  45  50  -1  15   0 0.00  0.0    0  2.6 10 290   M    M   3 1      16 290
15  59  43  51   0  14   0 0.00  0.0    0  3.0 10 330   M    M   1 18     13 330
16  61  51  56   5   9   0 0.00  0.0    0  3.5 12 350   M    M   5        13 350
17  60  50  55   4  10   0 0.00  0.0    0  2.6 12 350   M    M   3 1      14 350
18  64  48  56   5   9   0 0.07    M    0  5.1 14 270   M    M   9 128    21 270
================================================================================
SM 1073  852       202   0  2.44     0.0  66.0          M       87
================================================================================
AV 59.6 47.3                               3.7 FASTST   M    M   5    MAX(MPH)
                                 MISC ---->  # 17 290               # 26  280
================================================================================
NOTES:
# LAST OF SEVERAL OCCURRENCES

COLUMN 17 PEAK WIND IN M.P.H.

PRELIMINARY LOCAL CLIMATOLOGICAL DATA (WS FORM: F-6) , PAGE 2

                                          STATION:  MOFFETT FIELD
                                          MONTH:    JANUARY
                                          YEAR:     2018
                                          LATITUDE:   37 25 N
                                          LONGITUDE: 122  3 W

[TEMPERATURE DATA]      [PRECIPITATION DATA]       SYMBOLS USED IN COLUMN 16

AVERAGE MONTHLY: 53.5   TOTAL FOR MONTH:   2.44    1 = FOG OR MIST
DPTR FM NORMAL:   3.2   DPTR FM NORMAL:    0.73    2 = FOG REDUCING VISIBILITY
HIGHEST:    68 ON  4    GRTST 24HR  1.50 ON  8- 8      TO 1/4 MILE OR LESS
LOWEST:     41 ON 13, 1                            3 = THUNDER
                        SNOW, ICE PELLETS, HAIL    4 = ICE PELLETS
                        TOTAL MONTH:   0.0 INCH    5 = HAIL
                        GRTST 24HR     0.0         6 = FREEZING RAIN OR DRIZZLE
                        GRTST DEPTH:   0           7 = DUSTSTORM OR SANDSTORM:
                                                       VSBY 1/2 MILE OR LESS
                                                   8 = SMOKE OR HAZE
[NO. OF DAYS WITH]      [WEATHER - DAYS WITH]      9 = BLOWING SNOW
                                                   X = TORNADO
MAX 32 OR BELOW:   0    0.01 INCH OR MORE:   7
MAX 90 OR ABOVE:   0    0.10 INCH OR MORE:   3
MIN 32 OR BELOW:   0    0.50 INCH OR MORE:   1
MIN  0 OR BELOW:   0    1.00 INCH OR MORE:   1

[HDD (BASE 65) ]
TOTAL THIS MO.   202    CLEAR  (SCALE 0-3)   4
DPTR FM NORMAL   -62    PTCLDY (SCALE 4-7)  10
TOTAL FM JUL 1   922    CLOUDY (SCALE 8-10)  4
DPTR FM NORMAL  -160

[CDD (BASE 65) ]
TOTAL THIS MO.     0
DPTR FM NORMAL     0    [PRESSURE DATA]
TOTAL FM JAN 1     0    HIGHEST SLP M ON M
DPTR FM NORMAL     0    LOWEST  SLP 29.54 ON  9

[REMARKS]
