907
CXUS56 KMTR 291000
CF6NUQ
PRELIMINARY LOCAL CLIMATOLOGICAL DATA (WS FORM: F-6)

                                          STATION:   MOFFETT FIELD
                                          MONTH:     SEPTEMBER
                                          YEAR:      2016
                                          LATITUDE:   37 25 N
                                          LONGITUDE: 122  3 W

  TEMPERATURE IN F:       :PCPN:    SNOW:  WIND      :SUNSHINE: SKY     :PK WND
================================================================================
1   2   3   4   5  6A  6B    7    8   9   10  11  12  13   14  15   16   17  18
                                     12Z  AVG MX 2MIN
DY MAX MIN AVG DEP HDD CDD  WTR  SNW DPTH SPD SPD DIR MIN PSBL S-S WX    SPD DR
================================================================================

 1  72  59  66  -2   0   1 0.00  0.0    0  6.8 21 360   M    M   3        25 350
 2  78  55  67  -1   0   2 0.00  0.0    0  6.0 21 350   M    M   0        25 350
 3  75  56  66  -2   0   1 0.00  0.0    0  6.0 20 350   M    M   0        23 350
 4  75  54  65  -3   0   0 0.00  0.0    0  7.7 20 360   M    M   0        24 360
 5  76  52  64  -4   1   0 0.00  0.0    0  6.0 17 350   M    M   0        22 350
 6  82  55  69   1   0   4 0.00  0.0    0  4.3 16 350   M    M   0 8      21 320
 7  91  58  75   7   0  10 0.00  0.0    0  4.9 16 350   M    M   0 8      20 330
 8  75  60  68   0   0   3 0.00  0.0    0  7.2 17 340   M    M   1        22 340
 9  73  59  66  -2   0   1 0.00  0.0    0  5.4 15 350   M    M   4 8      18 350
10  72  59  66  -2   0   1 0.00  0.0    0  5.5 13 360   M    M   4 8      18 360
11  72  60  66  -2   0   1 0.00  0.0    0  6.4 18 350   M    M   6        22 350
12  73  56  65  -3   0   0 0.00  0.0    0  7.2 23 350   M    M   2        27  10
13  74  54  64  -4   1   0 0.00  0.0    0  6.4 17 130   M    M   2        26 130
14  76  55  66  -2   0   1 0.00  0.0    0  7.5 18 350   M    M   0        22 350
15  71  57  64  -4   1   0 0.00  0.0    0  5.6 16 360   M    M   2        19 350
16  76  57  67  -1   0   2 0.00  0.0    0  4.4 13 350   M    M   3        16 350
17  80  59  70   2   0   5 0.00  0.0    0  3.9 12 350   M    M   3 18     14 350
18  91  57  74   6   0   9 0.00  0.0    0  3.7 13 350   M    M   0        15 350
19  91  62  77   9   0  12 0.00  0.0    0  4.0 15 350   M    M   0        18 350
20  77  59  68   1   0   3 0.00  0.0    0  6.5 14 360   M    M   1        16 350
21  74  59  67   0   0   2 0.00  0.0    0  7.3 20 350   M    M   0        27 350
22  72  54  63  -4   2   0 0.00  0.0    0  7.5 21 350   M    M   1        27 360
23  78  52  65  -2   0   0 0.00  0.0    0  5.1 18 350   M    M   0        22 350
24  86  58  72   5   0   7 0.00  0.0    0  4.8 15 340   M    M   0        19 350
25  96  57  77  10   0  12 0.00  0.0    0  3.4 10 350   M    M   0        13 360
26  95  62  79  12   0  14 0.00  0.0    0  3.8 15 330   M    M   0 8      19 320
27  90  60  75   8   0  10 0.00  0.0    0  4.2 13 340   M    M   0        18 350
28  76  59  68   2   0   3 0.00  0.0    0  5.9 15 340   M    M   1        18 340
================================================================================
SM 2217 1604         5 104  0.00     0.0 157.4          M       33
================================================================================
AV 79.2 57.3                               5.6 FASTST   M    M   1    MAX(MPH)
                                 MISC ---->  # 23 350               # 27   10
================================================================================
NOTES:
# LAST OF SEVERAL OCCURRENCES

COLUMN 17 PEAK WIND IN M.P.H.

PRELIMINARY LOCAL CLIMATOLOGICAL DATA (WS FORM: F-6) , PAGE 2

                                          STATION:  MOFFETT FIELD
                                          MONTH:    SEPTEMBER
                                          YEAR:     2016
                                          LATITUDE:   37 25 N
                                          LONGITUDE: 122  3 W

[TEMPERATURE DATA]      [PRECIPITATION DATA]       SYMBOLS USED IN COLUMN 16

AVERAGE MONTHLY: 68.2   TOTAL FOR MONTH:   0.00    1 = FOG OR MIST
DPTR FM NORMAL:   0.6   DPTR FM NORMAL:   -0.16    2 = FOG REDUCING VISIBILITY
HIGHEST:    96 ON 25    GRTST 24HR  0.00 ON 28-28      TO 1/4 MILE OR LESS
LOWEST:     52 ON 23, 5                            3 = THUNDER
                        SNOW, ICE PELLETS, HAIL    4 = ICE PELLETS
                        TOTAL MONTH:   0.0 INCH    5 = HAIL
                        GRTST 24HR     0.0         6 = FREEZING RAIN OR DRIZZLE
                        GRTST DEPTH:   0           7 = DUSTSTORM OR SANDSTORM:
                                                       VSBY 1/2 MILE OR LESS
                                                   8 = SMOKE OR HAZE
[NO. OF DAYS WITH]      [WEATHER - DAYS WITH]      9 = BLOWING SNOW
                                                   X = TORNADO
MAX 32 OR BELOW:   0    0.01 INCH OR MORE:   0
MAX 90 OR ABOVE:   6    0.10 INCH OR MORE:   0
MIN 32 OR BELOW:   0    0.50 INCH OR MORE:   0
MIN  0 OR BELOW:   0    1.00 INCH OR MORE:   0

[HDD (BASE 65) ]
TOTAL THIS MO.     5    CLEAR  (SCALE 0-3)  22
DPTR FM NORMAL    -7    PTCLDY (SCALE 4-7)   6
TOTAL FM JUL 1    12    CLOUDY (SCALE 8-10)  0
DPTR FM NORMAL   -15

[CDD (BASE 65) ]
TOTAL THIS MO.   104
DPTR FM NORMAL    12    [PRESSURE DATA]
TOTAL FM JAN 1   440    HIGHEST SLP M ON M
DPTR FM NORMAL    15    LOWEST  SLP 29.81 ON M

[REMARKS]
