000
CXUS56 KMTR 311000
CF6NUQ
PRELIMINARY LOCAL CLIMATOLOGICAL DATA (WS FORM: F-6)

                                          STATION:   MOFFETT FIELD
                                          MONTH:     JANUARY
                                          YEAR:      2015
                                          LATITUDE:   37 25 N
                                          LONGITUDE: 122  3 W

  TEMPERATURE IN F:       :PCPN:    SNOW:  WIND      :SUNSHINE: SKY     :PK WND
================================================================================
1   2   3   4   5  6A  6B    7    8   9   10  11  12  13   14  15   16   17  18
                                     12Z  AVG MX 2MIN
DY MAX MIN AVG DEP HDD CDD  WTR  SNW DPTH SPD SPD DIR MIN PSBL S-S WX    SPD DR
================================================================================

 1  54  32  43  -7  22   0 0.00  0.0    0  2.2 14  20   M    M   0        16  20
 2  53  32  43  -7  22   0 0.00  0.0    0  1.6  8 330   M    M   0         9 320
 3  55  31  43  -7  22   0 0.00  0.0    0  1.1  9 340   M    M   0        22  20
 4  56  36  46  -4  19   0    T  0.0    0  1.6  9 350   M    M   0 8      10 350
 5  60  38  49  -1  16   0 0.00  0.0    0  1.6 12 330   M    M   0 18     18 340
 6  63  41  52   2  13   0    T  0.0    0  1.2  8 340   M    M   0 8      10 330
 7  67  39  53   3  12   0 0.00  0.0    0  0.8  6 360   M    M   0        16 190
 8  59  44  52   2  13   0 0.00  0.0    0  1.3  7 360   M    M   0         7 360
 9  65  47  56   6   9   0 0.00  0.0    0  0.9  8 360   M    M   0 18      9 360
10  60  46  53   3  12   0 0.00  0.0    0  1.5  8 360   M    M   2 18      8 340
11  56  42  49  -1  16   0 0.00  0.0    0  1.4  9 340   M    M   3 18     13 340
12  60  41  51   1  14   0 0.01  0.0    0  1.4 10 340   M    M   0        12 340
13  64  41  53   3  12   0 0.00  0.0    0  3.3 22  20   M    M   1 12     25  20
14  63  37  50  -1  15   0 0.00  0.0    0  1.7  8 350   M    M   0 8       9 350
15  62  39  51   0  14   0 0.00  0.0    0  2.0 12 340   M    M   0 18     14 350
16  64  44  54   3  11   0 0.00  0.0    0  2.1  8 310   M    M   4 18     10 310
17  61  47  54   3  11   0 0.00  0.0    0  1.9  8 340   M    M   3 18     10 270
18  61  48  55   4  10   0 0.00  0.0    0  1.3 10 350   M    M   3 18     12 350
19  61  46  54   3  11   0 0.00  0.0    0  2.5  9 360   M    M   6 1      12 360
20  62  45  54   3  11   0 0.00  0.0    0  2.3  7 340   M    M   3 128     M  M
21  62  42  52   1  13   0 0.00  0.0    0  2.8 12 340   M    M   0        28  80
22  58  41  50  -1  15   0 0.00  0.0    0  3.0 12 340   M    M   0 8      15  30
23  68  40  54   3  11   0 0.00  0.0    0  2.5  9 350   M    M   0        13 350
24  70  48  59   8   6   0 0.00  0.0    0  4.9 16  20   M    M   0        21  30
25  65  44  55   4  10   0 0.00  0.0    0  2.5  9 360   M    M   0        12 360
26  66  42  54   3  11   0 0.00  0.0    0  1.0  8 360   M    M   0         9 360
27  69  50  60   8   5   0 0.00  0.0    0  5.4 14 130   M    M   6        18 140
28  67  44  56   4   9   0 0.00  0.0    0  2.2  8  10   M    M   0        10 330
29  67  45  56   4   9   0 0.00  0.0    0  1.7 12 360   M    M   2 18     13 330
30  64  48  56   4   9   0 0.00  0.0    0  1.8 13 320   M    M   3 1      17 320
================================================================================
SM 1862 1260       383   0  0.01     0.0  61.5          M       36
================================================================================
AV 62.1 42.0                               2.1 FASTST   M    M   1    MAX(MPH)
                                 MISC ---->  # 22  20               # 28   80
================================================================================
NOTES:
# LAST OF SEVERAL OCCURRENCES

COLUMN 17 PEAK WIND IN M.P.H.

PRELIMINARY LOCAL CLIMATOLOGICAL DATA (WS FORM: F-6) , PAGE 2

                                          STATION:  MOFFETT FIELD
                                          MONTH:    JANUARY
                                          YEAR:     2015
                                          LATITUDE:   37 25 N
                                          LONGITUDE: 122  3 W

[TEMPERATURE DATA]      [PRECIPITATION DATA]       SYMBOLS USED IN COLUMN 16

AVERAGE MONTHLY: 52.0   TOTAL FOR MONTH:   0.01    1 = FOG OR MIST
DPTR FM NORMAL:   1.3   DPTR FM NORMAL:   -2.64    2 = FOG REDUCING VISIBILITY
HIGHEST:    70 ON 24    GRTST 24HR  0.02 ON 18-19      TO 1/4 MILE OR LESS
LOWEST:     31 ON  3                               3 = THUNDER
                        SNOW, ICE PELLETS, HAIL    4 = ICE PELLETS
                        TOTAL MONTH:   0.0 INCH    5 = HAIL
                        GRTST 24HR     0.0         6 = FREEZING RAIN OR DRIZZLE
                        GRTST DEPTH:   0           7 = DUSTSTORM OR SANDSTORM:
                                                       VSBY 1/2 MILE OR LESS
                                                   8 = SMOKE OR HAZE
[NO. OF DAYS WITH]      [WEATHER - DAYS WITH]      9 = BLOWING SNOW
                                                   X = TORNADO
MAX 32 OR BELOW:   0    0.01 INCH OR MORE:   1
MAX 90 OR ABOVE:   0    0.10 INCH OR MORE:   0
MIN 32 OR BELOW:   3    0.50 INCH OR MORE:   0
MIN  0 OR BELOW:   0    1.00 INCH OR MORE:   0

[HDD (BASE 65) ]
TOTAL THIS MO.   383    CLEAR  (SCALE 0-3)  27
DPTR FM NORMAL   -46    PTCLDY (SCALE 4-7)   3
TOTAL FM JUL 1   901    CLOUDY (SCALE 8-10)  0
DPTR FM NORMAL  -346

[CDD (BASE 65) ]
TOTAL THIS MO.     0
DPTR FM NORMAL     0    [PRESSURE DATA]
TOTAL FM JAN 1     0    HIGHEST SLP M ON M
DPTR FM NORMAL     0    LOWEST  SLP 29.90 ON 30

[REMARKS]
