000
CXUS55 KPSR 211005
CF6NYL
PRELIMINARY LOCAL CLIMATOLOGICAL DATA (WS FORM: F-6)

                                          STATION:   YUMA AZ
                                          MONTH:     JULY
                                          YEAR:      2017
                                          LATITUDE:   32 39 N
                                          LONGITUDE: 114 37 W

  TEMPERATURE IN F:       :PCPN:    SNOW:  WIND      :SUNSHINE: SKY     :PK WND
================================================================================
1   2   3   4   5  6A  6B    7    8   9   10  11  12  13   14  15   16   17  18
                                     12Z  AVG MX 2MIN
DY MAX MIN AVG DEP HDD CDD  WTR  SNW DPTH SPD SPD DIR MIN PSBL S-S WX    SPD DR
================================================================================

 1 108  80  94   1   0  29 0.00  0.0    0 10.9 22 160   M    M   0        26 160
 2 106  81  94   1   0  29 0.00  0.0    0 14.0 22 150   M    M   0        27 150
 3 108  82  95   2   0  30 0.00  0.0    0 11.2 24 160   M    M   0 8      29 150
 4 111  81  96   3   0  31 0.00  0.0    0  5.8 15 160   M    M   0        17 160
 5 113  87 100   6   0  35 0.00  0.0    0  9.1 21 230   M    M   3        27 230
 6 114  84  99   5   0  34 0.00  0.0    0  7.5 23 150   M    M   2        27 150
 7 118  87 103   9   0  38 0.00  0.0    0  5.8 13 250   M    M   3        18 240
 8 108  88  98   4   0  33 0.00  0.0    0 15.3 30 160   M    M   0        38 140
 9 106  84  95   1   0  30    T  0.0    0  9.1 38 150   M    M   1 38     45 150
10 109  86  98   4   0  33 0.00  0.0    0  9.3 18 230   M    M   1        24 240
11 107  85  96   2   0  31 0.00  0.0    0 10.8 23 150   M    M   1        26 170
12 110  84  97   3   0  32 0.00  0.0    0  8.6 23 190   M    M   1        26 180
13 108  84  96   1   0  31 0.00  0.0    0  9.9 18 160   M    M   2        22 190
14 109  85  97   2   0  32 0.00  0.0    0 10.2 20 200   M    M   1        25 200
15 106  85  96   1   0  31 0.00  0.0    M 15.0 30 150   M    M   0        36 150
16 105  88  97   2   0  32 0.00  0.0    0 12.4 22 130   M    M   0        25 130
17 104  87  96   1   0  31 0.00  0.0    0 13.3 22 150   M    M   1        26 150
18 106  87  97   2   0  32 0.00  0.0    0 11.7 18 200   M    M   3        28 200
19 104  89  97   2   0  32 0.00  0.0    0  9.7 20 160   M    M   3        23 160
20 106  86  96   1   0  31 0.00  0.0    0 10.1 16 190   M    M   2        22 170
================================================================================
SM 2166 1700         0 637    T      0.0 209.7          M       24
================================================================================
AV108.3 85.0                              10.5 FASTST   M    M   1    MAX(MPH)
                                 MISC ---->  # 38 150               # 45  150
================================================================================
NOTES:
# LAST OF SEVERAL OCCURRENCES

COLUMN 17 PEAK WIND IN M.P.H.

PRELIMINARY LOCAL CLIMATOLOGICAL DATA (WS FORM: F-6) , PAGE 2

                                          STATION:  YUMA AZ
                                          MONTH:    JULY
                                          YEAR:     2017
                                          LATITUDE:   32 39 N
                                          LONGITUDE: 114 37 W

[TEMPERATURE DATA]      [PRECIPITATION DATA]       SYMBOLS USED IN COLUMN 16

AVERAGE MONTHLY: 96.7   TOTAL FOR MONTH:      T    1 = FOG OR MIST
DPTR FM NORMAL:   2.5   DPTR FM NORMAL:   -0.12    2 = FOG REDUCING VISIBILITY
HIGHEST:   118 ON  7    GRTST 24HR    T  ON  9- 9      TO 1/4 MILE OR LESS
LOWEST:     80 ON  1                               3 = THUNDER
                        SNOW, ICE PELLETS, HAIL    4 = ICE PELLETS
                        TOTAL MONTH:   0.0 INCH    5 = HAIL
                        GRTST 24HR     0.0         6 = FREEZING RAIN OR DRIZZLE
                        GRTST DEPTH:   0           7 = DUSTSTORM OR SANDSTORM:
                                                       VSBY 1/2 MILE OR LESS
                                                   8 = SMOKE OR HAZE
[NO. OF DAYS WITH]      [WEATHER - DAYS WITH]      9 = BLOWING SNOW
                                                   X = TORNADO
MAX 32 OR BELOW:   0    0.01 INCH OR MORE:   0
MAX 90 OR ABOVE:  20    0.10 INCH OR MORE:   0
MIN 32 OR BELOW:   0    0.50 INCH OR MORE:   0
MIN  0 OR BELOW:   0    1.00 INCH OR MORE:   0

[HDD (BASE 65) ]
TOTAL THIS MO.     0    CLEAR  (SCALE 0-3)  20
DPTR FM NORMAL     0    PTCLDY (SCALE 4-7)   0
TOTAL FM JUL 1     0    CLOUDY (SCALE 8-10)  0
DPTR FM NORMAL     0

[CDD (BASE 65) ]
TOTAL THIS MO.   637
DPTR FM NORMAL    53    [PRESSURE DATA]
TOTAL FM JAN 1  2460    HIGHEST SLP M ON M
DPTR FM NORMAL   243    LOWEST  SLP 28.60 ON  8

[REMARKS]
