000
CXHW52 PHFO 271250
CF6OGG
PRELIMINARY LOCAL CLIMATOLOGICAL DATA (WS FORM: F-6)

                                          STATION:   KAHULUI HI
                                          MONTH:     FEBRUARY
                                          YEAR:      2017
                                          LATITUDE:   20 53 N
                                          LONGITUDE: 156 26 W

  TEMPERATURE IN F:       :PCPN:    SNOW:  WIND      :SUNSHINE: SKY     :PK WND
================================================================================
1   2   3   4   5  6A  6B    7    8   9   10  11  12  13   14  15   16   17  18
                                     12Z  AVG MX 2MIN
DY MAX MIN AVG DEP HDD CDD  WTR  SNW DPTH SPD SPD DIR MIN PSBL S-S WX    SPD DR
================================================================================

 1  80  65  73   1   0   8 0.00  0.0    0 10.3 22  40   M    M   6        25  30
 2  81  57  69  -3   0   4 0.00  0.0    0  5.7 16  40   M    M   2        20  30
 3  81  57  69  -3   0   4 0.00  0.0    0  6.1 13 360   M    M   1        17 360
 4  82  57  70  -2   0   5 0.00  0.0    0  9.3 20 200   M    M   2 8      24 180
 5  82  70  76   4   0  11    T  0.0    0 22.7 37 200   M    M   3        46 200
 6  84  70  77   5   0  12 0.40  0.0    0 23.2 37 210   M    M   6 1      49 200
 7  85  68  77   5   0  12    T  0.0    0  7.9 21 210   M    M   5        25 340
 8  80  62  71  -1   0   6    T  0.0    0  8.4 13  10   M    M   6        26  10
 9  79  58  69  -3   0   4 0.00  0.0    0  7.7 18  40   M    M   3        22  30
10  80  57  69  -3   0   4 0.00  0.0    0 10.3 22 200   M    M   3        29 200
11  77  68  73   1   0   8 1.21  0.0    0 18.4 41 210   M    M   6 138    48 210
12  82  71  77   5   0  12 0.02  0.0    0 18.1 25 210   M    M   4        31 200
13  82  72  77   5   0  12 0.00  0.0    0 23.2 37 210   M    M   2        45 210
14  82  73  78   6   0  13 0.00  0.0    0 21.2 33 200   M    M   3        40 190
15  83  74  79   7   0  14 0.00  0.0    0 11.6 21 190   M    M   5 8      26 190
16  81  71  76   4   0  11 0.14  0.0    0 11.5 21  20   M    M   8 1      25  30
17  85  66  76   4   0  11 0.00  0.0    0  5.2 15  40   M    M   4        17  30
18  83  65  74   2   0   9 0.06  0.0    0  6.5 24  20   M    M   3 1      29  10
19  80  71  76   4   0  11    T  0.0    0 20.7 28  40   M    M   6 1      32  40
20  80  70  75   3   0  10    T  0.0    0 17.9 28  40   M    M   7        35  50
21  80  69  75   3   0  10    T  0.0    0 16.1 29  50   M    M   5        37  40
22  81  69  75   3   0  10 0.01  0.0    0 15.8 30  50   M    M   3        38  50
23  81  65  73   1   0   8 0.00  0.0    0 11.5 23  30   M    M   3        29  30
24  80  63  72   0   0   7    T  0.0    0 13.2 23  40   M    M   4        28  30
25  76  59  68  -4   0   3 0.00  0.0    0  8.0 16  40   M    M   3        21  40
26  84  62  73   1   0   8 0.00  0.0    0  7.7 18  30   M    M   2        23  40
================================================================================
SM 2111 1709         0 227  1.84     0.0 338.2          M      105
================================================================================
AV 81.2 65.7                              13.0 FASTST   M    M   4    MAX(MPH)
                                 MISC ---->  # 41 210               # 49  200
================================================================================
NOTES:
# LAST OF SEVERAL OCCURRENCES

COLUMN 17 PEAK WIND IN M.P.H.

PRELIMINARY LOCAL CLIMATOLOGICAL DATA (WS FORM: F-6) , PAGE 2

                                          STATION:  KAHULUI HI
                                          MONTH:    FEBRUARY
                                          YEAR:     2017
                                          LATITUDE:   20 53 N
                                          LONGITUDE: 156 26 W

[TEMPERATURE DATA]      [PRECIPITATION DATA]       SYMBOLS USED IN COLUMN 16

AVERAGE MONTHLY: 73.5   TOTAL FOR MONTH:   1.84    1 = FOG OR MIST
DPTR FM NORMAL:   1.5   DPTR FM NORMAL:    0.09    2 = FOG REDUCING VISIBILITY
HIGHEST:    85 ON 17, 7 GRTST 24HR  1.22 ON 11-12      TO 1/4 MILE OR LESS
LOWEST:     57 ON 10, 4                            3 = THUNDER
                        SNOW, ICE PELLETS, HAIL    4 = ICE PELLETS
                        TOTAL MONTH:   0.0 INCH    5 = HAIL
                        GRTST 24HR     0.0         6 = FREEZING RAIN OR DRIZZLE
                        GRTST DEPTH:   0           7 = DUSTSTORM OR SANDSTORM:
                                                       VSBY 1/2 MILE OR LESS
                                                   8 = SMOKE OR HAZE
[NO. OF DAYS WITH]      [WEATHER - DAYS WITH]      9 = BLOWING SNOW
                                                   X = TORNADO
MAX 32 OR BELOW:   0    0.01 INCH OR MORE:   6
MAX 90 OR ABOVE:   0    0.10 INCH OR MORE:   3
MIN 32 OR BELOW:   0    0.50 INCH OR MORE:   1
MIN  0 OR BELOW:   0    1.00 INCH OR MORE:   1

[HDD (BASE 65) ]
TOTAL THIS MO.     0    CLEAR  (SCALE 0-3)  11
DPTR FM NORMAL     0    PTCLDY (SCALE 4-7)  15
TOTAL FM JUL 1     0    CLOUDY (SCALE 8-10)  0
DPTR FM NORMAL     0

[CDD (BASE 65) ]
TOTAL THIS MO.   227
DPTR FM NORMAL    45    [PRESSURE DATA]
TOTAL FM JAN 1   454    HIGHEST SLP M ON M
DPTR FM NORMAL    55    LOWEST  SLP 29.76 ON  6

[REMARKS]
