000
CXUS55 KEAX 170736
CF6OJC
PRELIMINARY LOCAL CLIMATOLOGICAL DATA (WS FORM: F-6)

                                          STATION:   Johnson County Executive KS
                                          MONTH:     JANUARY
                                          YEAR:      2017
                                          LATITUDE:   38 50 N
                                          LONGITUDE:  94 44 W

  TEMPERATURE IN F:       :PCPN:    SNOW:  WIND      :SUNSHINE: SKY     :PK WND
================================================================================
1   2   3   4   5  6A  6B    7    8   9   10  11  12  13   14  15   16   17  18
                                     12Z  AVG MX 2MIN
DY MAX MIN AVG DEP HDD CDD  WTR  SNW DPTH SPD SPD DIR MIN PSBL S-S WX    SPD DR
================================================================================

 1  45  22  34   4  31   0 0.00    M    M  7.9 14 110   M    M   3        20 110
 2  48  36  42  12  23   0 0.05    M    M  6.7 13 350   M    M  10 12     17 350
 3  45  16  31   1  34   0 0.00    M    M 15.0 23 330   M    M   6 1      30 320
 4  22  10  16 -14  49   0 0.02    M    M  8.4 15  20   M    M   3 1      20  40
 5  14   5  10 -20  55   0 0.02    M    M  9.3 16 330   M    M   6 1      22 320
 6  13   0   7 -23  58   0 0.00    M    M  4.6 12 330   M    M   0        14 330
 7  23   0  12 -18  53   0 0.00    M    M  5.5 12 350   M    M   0        16 300
 8  36   6  21  -9  44   0 0.00    M    M 10.5 24 160   M    M   1 1      28 160
 9  48  23  36   6  29   0 0.00  0.0    0 12.1 24 190   M    M   0        37 190
10  56  30  43  13  22   0    T    M    0 13.2 26 240   M    M   0        37 200
11  63  25  44  14  21   0 0.00  0.0    0 13.7 26 200   M    M   2 1      37 210
12  28  17  23  -7  42   0 0.00  0.0    0 10.9 17 350   M    M   5 1      22 350
13  26  20  23  -7  42   0    T    M    0  9.6 18  60   M    M   6        27 360
14  31  24  28  -2  37   0 0.00  0.0    0  5.6 10  10   M    M  10 18     12  80
15  32  28  30   0  35   0 0.14    M    0  7.3 14  80   M    M  10 126    18  80
16  52  32  42  12  23   0 0.59    M    0 10.0 18 190   M    M  10 12     30 190
================================================================================
SM  582  294       598   0  0.82     0.0 150.3          M       72
================================================================================
AV 36.4 18.4                               9.4 FASTST   M    M   5    MAX(MPH)
                                 MISC ---->  # 26 240               # 37  190
================================================================================
NOTES:
# LAST OF SEVERAL OCCURRENCES

COLUMN 17 PEAK WIND IN M.P.H.

PRELIMINARY LOCAL CLIMATOLOGICAL DATA (WS FORM: F-6) , PAGE 2

                                          STATION:  Johnson County Executive KS
                                          MONTH:    JANUARY
                                          YEAR:     2017
                                          LATITUDE:   38 50 N
                                          LONGITUDE:  94 44 W

[TEMPERATURE DATA]      [PRECIPITATION DATA]       SYMBOLS USED IN COLUMN 16

AVERAGE MONTHLY: 27.4   TOTAL FOR MONTH:   0.82    1 = FOG OR MIST
DPTR FM NORMAL:  -2.6   DPTR FM NORMAL:    0.34    2 = FOG REDUCING VISIBILITY
HIGHEST:    63 ON 11    GRTST 24HR  0.63 ON 15-16      TO 1/4 MILE OR LESS
LOWEST:      0 ON  7, 6                            3 = THUNDER
                        SNOW, ICE PELLETS, HAIL    4 = ICE PELLETS
                        TOTAL MONTH:   0.0 INCH    5 = HAIL
                        GRTST 24HR     0.0         6 = FREEZING RAIN OR DRIZZLE
                        GRTST DEPTH:   0           7 = DUSTSTORM OR SANDSTORM:
                                                       VSBY 1/2 MILE OR LESS
                                                   8 = SMOKE OR HAZE
[NO. OF DAYS WITH]      [WEATHER - DAYS WITH]      9 = BLOWING SNOW
                                                   X = TORNADO
MAX 32 OR BELOW:   8    0.01 INCH OR MORE:   5
MAX 90 OR ABOVE:   0    0.10 INCH OR MORE:   2
MIN 32 OR BELOW:  15    0.50 INCH OR MORE:   1
MIN  0 OR BELOW:   2    1.00 INCH OR MORE:   0

[HDD (BASE 65) ]
TOTAL THIS MO.   598    CLEAR  (SCALE 0-3)   8
DPTR FM NORMAL    38    PTCLDY (SCALE 4-7)   4
TOTAL FM JUL 1  2176    CLOUDY (SCALE 8-10)  4
DPTR FM NORMAL  -349

[CDD (BASE 65) ]
TOTAL THIS MO.     0
DPTR FM NORMAL     0    [PRESSURE DATA]
TOTAL FM JAN 1     0    HIGHEST SLP  0.00 ON M
DPTR FM NORMAL     0    LOWEST  SLP  0.00 ON M

[REMARKS]
