000
CXUS54 KOUN 010800
CF6OKC
PRELIMINARY LOCAL CLIMATOLOGICAL DATA (WS FORM: F-6)

                                          STATION:   OKLAHOMA CITY
                                          MONTH:     FEBRUARY
                                          YEAR:      2015
                                          LATITUDE:   35 24 N
                                          LONGITUDE:  97 36 W

  TEMPERATURE IN F:       :PCPN:    SNOW:  WIND      :SUNSHINE: SKY     :PK WND
================================================================================
1   2   3   4   5  6A  6B    7    8   9   10  11  12  13   14  15   16   17  18
                                     12Z  AVG MX 2MIN
DY MAX MIN AVG DEP HDD CDD  WTR  SNW DPTH SPD SPD DIR MIN PSBL S-S WX    SPD DR
================================================================================

 1  47  22  35  -6  30   0 0.04  0.0    0 23.2 37 340   M    M   7 1      44 330
 2  39  16  28 -13  37   0 0.00  0.0    0  9.2 31 340   M    M   2        38 340
 3  59  25  42   1  23   0 0.00  0.0    0 12.6 25 200   M    M   2        30 190
 4  48  27  38  -3  27   0    T  0.0    0 14.3 33  10   M    M   7 18     43 360
 5  43  19  31 -10  34   0 0.00  0.0    0  8.7 23  20   M    M   4        30  20
 6  62  27  45   3  20   0 0.00  0.0    0 16.1 30 200   M    M   3        38 200
 7  72  40  56  14   9   0 0.00  0.0    0 14.7 24 200   M    M   0 1      30 190
 8  78  39  59  17   6   0 0.00  0.0    0  8.3 21 360   M    M   1 18     26 350
 9  70  41  56  14   9   0 0.00  0.0    0  8.2 16 110   M    M   0        20 110
10  71  39  55  13  10   0 0.00  0.0    0 10.9 26 150   M    M   0 8      31 150
11  54  38  46   3  19   0    T  0.0    0 15.1 30  10   M    M   5        35  10
12  49  28  39  -4  26   0 0.00  0.0    0  6.9 20  30   M    M   4        23  20
13  67  30  49   6  16   0 0.00  0.0    0  9.6 21 210   M    M   4        25 220
14  80  34  57  14   8   0 0.00  0.0    0 11.0 26  50   M    M   0        33  50
15  44  29  37  -7  28   0 0.04    T    0 13.2 23 360   M    M   8 146    30 360
16  36  21  29 -15  36   0 0.09  0.3    T 13.4 18 350   M    M   7 1346   22 350
17  52  22  37  -7  28   0    T  0.0    0  8.7 38 320   M    M   6        59 330
18  44  21  33 -11  32   0 0.00  0.0    0  7.5 17  10   M    M   5        22  10
19  53  22  38  -7  27   0 0.00  0.0    0 12.7 24 150   M    M   3        30 150
20  50  37  44  -1  21   0    T  0.0    0 14.1 23 160   M    M   8 18     30 160
21  59  38  49   4  16   0    T  0.0    0 12.7 23 360   M    M   7 1      31  10
22  45  23  34 -12  31   0    T    T    0 20.0 30  30   M    M  10        39  10
23  25  19  22 -24  43   0 0.09  2.1    T 12.2 25  20   M    M  10 4      32  20
24  41  19  30 -16  35   0    T    T    1  5.3 13 300   M    M   7        16 290
25  57  24  41  -5  24   0 0.00  0.0    T  6.3 30 350   M    M   5 18     35 350
26  37  21  29 -18  36   0 0.00  0.0    0 20.6 36 360   M    M   8        44  10
27  23  18  21 -26  44   0 0.03  0.8    0 10.9 22  40   M    M  10 8      26  40
28  28  19  24 -24  41   0 0.12  1.4    1  4.8 10 110   M    M  10 168    13  70
================================================================================
SM 1433  758       716   0  0.41     4.6 331.2          M      143
================================================================================
AV 51.2 27.1                              11.8 FASTST   M    M   5    MAX(MPH)
                                 MISC ---->  # 38 320               # 59  330
================================================================================
NOTES:
# LAST OF SEVERAL OCCURRENCES

COLUMN 17 PEAK WIND IN M.P.H.

PRELIMINARY LOCAL CLIMATOLOGICAL DATA (WS FORM: F-6) , PAGE 2

                                          STATION:  OKLAHOMA CITY
                                          MONTH:    FEBRUARY
                                          YEAR:     2015
                                          LATITUDE:   35 24 N
                                          LONGITUDE:  97 36 W

[TEMPERATURE DATA]      [PRECIPITATION DATA]       SYMBOLS USED IN COLUMN 16

AVERAGE MONTHLY: 39.1   TOTAL FOR MONTH:   0.41    1 = FOG OR MIST
DPTR FM NORMAL:  -4.6   DPTR FM NORMAL:   -1.17    2 = FOG REDUCING VISIBILITY
HIGHEST:    80 ON 14    GRTST 24HR  0.62 ON 31- 1      TO 1/4 MILE OR LESS
LOWEST:     16 ON  2                               3 = THUNDER
                        SNOW, ICE PELLETS, HAIL    4 = ICE PELLETS
                        TOTAL MONTH:   4.6 INCHES  5 = HAIL
                        GRTST 24HR   2.1 ON   M    6 = FREEZING RAIN OR DRIZZLE
                        GRTST DEPTH:   1 ON 28,24  7 = DUSTSTORM OR SANDSTORM:
                                                       VSBY 1/2 MILE OR LESS
                                                   8 = SMOKE OR HAZE
[NO. OF DAYS WITH]      [WEATHER - DAYS WITH]      9 = BLOWING SNOW
                                                   X = TORNADO
MAX 32 OR BELOW:   3    0.01 INCH OR MORE:   6
MAX 90 OR ABOVE:   0    0.10 INCH OR MORE:   1
MIN 32 OR BELOW:  20    0.50 INCH OR MORE:   0
MIN  0 OR BELOW:   0    1.00 INCH OR MORE:   0

[HDD (BASE 65) ]
TOTAL THIS MO.   716    CLEAR  (SCALE 0-3)   8
DPTR FM NORMAL   119    PTCLDY (SCALE 4-7)  16
TOTAL FM JUL 1  2775    CLOUDY (SCALE 8-10)  4
DPTR FM NORMAL    25

[CDD (BASE 65) ]
TOTAL THIS MO.     0
DPTR FM NORMAL    -1    [PRESSURE DATA]
TOTAL FM JAN 1     0    HIGHEST SLP M ON M
DPTR FM NORMAL    -1    LOWEST  SLP 29.66 ON 20

[REMARKS]
#FINAL-02-15#
