000
CXUS55 KGGW 280800
CF6OLF
PRELIMINARY LOCAL CLIMATOLOGICAL DATA (WS FORM: F-6)

                                          STATION:   WOLF POINT MT
                                          MONTH:     NOVEMBER
                                          YEAR:      2014
                                          LATITUDE:   48  5 N
                                          LONGITUDE: 105 35 W

  TEMPERATURE IN F:       :PCPN:    SNOW:  WIND      :SUNSHINE: SKY     :PK WND
================================================================================
1   2   3   4   5  6A  6B    7    8   9   10  11  12  13   14  15   16   17  18
                                     12Z  AVG MX 2MIN
DY MAX MIN AVG DEP HDD CDD  WTR  SNW DPTH SPD SPD DIR MIN PSBL S-S WX    SPD DR
================================================================================

 1  55  27  41   5  24   0 0.00  0.0    0  7.5 15  70   M    M   0        18  70
 2  52  32  42   7  23   0 0.00  0.0    0 11.4 25 260   M    M   5        34 260
 3  50  30  40   5  25   0 0.00  0.0    0 11.5 23 300   M    M   6        28 260
 4  46  18  32  -2  33   0    T    M    0  5.2 14 260   M    M   5        17 250
 5  55  24  40   6  25   0 0.00  0.0    0 11.3 26 300   M    M   3 8      34 290
 6  59  24  42   9  23   0    T    M    0  5.6 14 200   M    M   2 8      17 210
 7  58  29  44  12  21   0    T    M    0 14.0 29 320   M    M   4        38 310
 8  56  32  44  12  21   0 0.00  0.0    0  7.3 20 280   M    M   4        26 270
 9  33  18  26  -5  39   0 0.06    M    0 13.3 23  60   M    M  10 1      27  60
10  18   2  10 -21  55   0    T    M    0  9.3 20  20   M    M   8 8      24  20
11  13  -3   5 -25  60   0    T    M    0 10.7 20 300   M    M   8 8      22 300
12  16  -6   5 -25  60   0 0.00  0.0    0  7.4 17 310   M    M   8        20 300
13  15 -11   2 -27  63   0 0.00  0.0    0  2.9  9 190   M    M   3 12     10 190
14  10 -17  -3 -31  68   0 0.00  0.0    0  5.4 13 260   M    M   3 128    15 260
15   8 -12  -2 -30  67   0    T    M    0 12.2 21 280   M    M   4 8      27 280
16  22   3  13 -14  52   0    T    M    0 16.1 28 320   M    M   9        33 310
17  18  -5   7 -20  58   0    T    M    0  8.7 18 300   M    M   5        21 300
18  36  -7  15 -11  50   0 0.01    M    0 12.7 30 320   M    M   6 128    37 330
19  24   9  17  -9  48   0    T    M    0  7.4 17 310   M    M  10        21 330
20  30  11  21  -4  44   0 0.00  0.0    0  2.8  8 110   M    M   5        10 120
21  45  12  29   4  36   0 0.00  0.0    0  5.6 17 250   M    M   0 1      22 260
22  51  20  36  12  29   0    T    M    0  8.7 29 260   M    M   4        37 260
23  40  10  25   1  40   0    T    M    0 16.1 35 300   M    M   8        46 290
24  37  10  24   1  41   0 0.00  0.0    0  5.1 20 260   M    M   4        26 260
25  41  18  30   7  35   0 0.03    M    0 10.7 31 310   M    M   8 1      39 300
26  23  14  19  -3  46   0    T    M    0  7.6 14  80   M    M   8        16  80
27  35  14  25   3  40   0 0.03    M    0 10.6 18  70   M    M   9 168    23  70
================================================================================
SM  946  296      1126   0  0.13     0.0 247.1          M      149
================================================================================
AV 35.0 11.0                               9.2 FASTST   M    M   6    MAX(MPH)
                                 MISC ---->  # 35 300               # 46  290
================================================================================
NOTES:
# LAST OF SEVERAL OCCURRENCES

COLUMN 17 PEAK WIND IN M.P.H.

PRELIMINARY LOCAL CLIMATOLOGICAL DATA (WS FORM: F-6) , PAGE 2

                                          STATION:  WOLF POINT MT
                                          MONTH:    NOVEMBER
                                          YEAR:     2014
                                          LATITUDE:   48  5 N
                                          LONGITUDE: 105 35 W

[TEMPERATURE DATA]      [PRECIPITATION DATA]       SYMBOLS USED IN COLUMN 16

AVERAGE MONTHLY: 23.0   TOTAL FOR MONTH:   0.13    1 = FOG OR MIST
DPTR FM NORMAL:  -5.6   DPTR FM NORMAL:   -0.23    2 = FOG REDUCING VISIBILITY
HIGHEST:    59 ON  6    GRTST 24HR  0.06 ON  9- 9      TO 1/4 MILE OR LESS
LOWEST:    -17 ON 14                               3 = THUNDER
                        SNOW, ICE PELLETS, HAIL    4 = ICE PELLETS
                        TOTAL MONTH:   0.0 INCH    5 = HAIL
                        GRTST 24HR     0.0         6 = FREEZING RAIN OR DRIZZLE
                        GRTST DEPTH:   0           7 = DUSTSTORM OR SANDSTORM:
                                                       VSBY 1/2 MILE OR LESS
                                                   8 = SMOKE OR HAZE
[NO. OF DAYS WITH]      [WEATHER - DAYS WITH]      9 = BLOWING SNOW
                                                   X = TORNADO
MAX 32 OR BELOW:  11    0.01 INCH OR MORE:   4
MAX 90 OR ABOVE:   0    0.10 INCH OR MORE:   0
MIN 32 OR BELOW:  27    0.50 INCH OR MORE:   0
MIN  0 OR BELOW:   7    1.00 INCH OR MORE:   0

[HDD (BASE 65) ]
TOTAL THIS MO.  1126    CLEAR  (SCALE 0-3)   6
DPTR FM NORMAL   142    PTCLDY (SCALE 4-7)  14
TOTAL FM JUL 1  1922    CLOUDY (SCALE 8-10)  7
DPTR FM NORMAL   -47

[CDD (BASE 65) ]
TOTAL THIS MO.     0
DPTR FM NORMAL     0    [PRESSURE DATA]
TOTAL FM JAN 1   493    HIGHEST SLP M ON M
DPTR FM NORMAL    45    LOWEST  SLP 29.26 ON 22

[REMARKS]
