000
CXUS55 KSEW 300930
CF6OLM
PRELIMINARY LOCAL CLIMATOLOGICAL DATA (WS FORM: F-6)

                                          STATION:   OLYMPIA WA AIRPORT
                                          MONTH:     MAY
                                          YEAR:      2016
                                          LATITUDE:   46 58 N
                                          LONGITUDE: 122 54 W

  TEMPERATURE IN F:       :PCPN:    SNOW:  WIND      :SUNSHINE: SKY     :PK WND
================================================================================
1   2   3   4   5  6A  6B    7    8   9   10  11  12  13   14  15   16   17  18
                                     12Z  AVG MX 2MIN
DY MAX MIN AVG DEP HDD CDD  WTR  SNW DPTH SPD SPD DIR MIN PSBL S-S WX    SPD DR
================================================================================

 1  79  37  58   7   7   0 0.00  0.0    0  5.1 15  20   M    M   0        19  10
 2  87  43  65  14   0   0 0.00  0.0    0  4.6 16 200   M    M   1        22 210
 3  72  53  63  11   2   0    T  0.0    0  5.1 12 240   M    M   2        16 230
 4  59  52  56   4   9   0    T  0.0    0  4.9 13  10   M    M  10        16  20
 5  68  48  58   6   7   0 0.00  0.0    0  5.2 13  70   M    M   4        20  60
 6  78  41  60   8   5   0 0.00  0.0    0  5.6 17  40   M    M   0 1      25  40
 7  84  42  63  11   2   0 0.00  0.0    0  4.5 15 210   M    M   0        18 210
 8  63  47  55   2  10   0 0.00  0.0    0 10.6 21 270   M    M   4        27 270
 9  68  37  53   0  12   0    T  0.0    0  4.0 16 360   M    M   3        22 350
10  76  37  57   4   8   0 0.00  0.0    0  4.5 15  70   M    M   0 1      19  60
11  83  39  61   8   4   0 0.00  0.0    0  3.0 13 260   M    M   0        18 280
12  77  39  58   4   7   0 0.00  0.0    0  3.4 13 260   M    M   0        16 260
13  85  40  63   9   2   0 0.00  0.0    0  5.0 12  10   M    M   0        17  10
14  57  50  54   0  11   0 0.01  0.0    0  6.9 13 210   M    M   8        16 230
15  60  52  56   2   9   0    T  0.0    0  6.7 13 220   M    M  10 1      16 210
16  62  52  57   3   8   0 0.00  0.0    0  3.6 10 350   M    M  10        13 340
17  72  52  62   7   3   0 0.00  0.0    0  3.3 12 350   M    M   4        15 350
18  65  44  55   0  10   0 0.00  0.0    0  7.9 16 240   M    M   5        22 200
19  58  45  52  -3  13   0 0.03  0.0    0  9.3 18 220   M    M   6 1      25 260
20  67  48  58   3   7   0    T  0.0    0  4.1 13  20   M    M   6 1      16  10
21  57  45  51  -4  14   0 0.06  0.0    0  6.8 12 240   M    M   9 1      16 240
22  63  49  56   0   9   0 0.01  0.0    0  7.6 18 210   M    M   8        24 210
23  68  50  59   3   6   0 0.00  0.0    0  3.9 12  10   M    M   9        14 180
24  68  45  57   1   8   0 0.00  0.0    0  1.8 10 340   M    M   6 1      13 310
25  60  42  51  -5  14   0 0.00  0.0    0  6.2 15 230   M    M   7        19 250
26  62  46  54  -2  11   0 0.00  0.0    0  9.3 17 240   M    M   6        23 230
27  64  47  56   0   9   0 0.00  0.0    0  9.3 18 270   M    M   5        29 230
28  62  49  56   0   9   0 0.04  0.0    0  8.0 17 200   M    M   9 1      23 200
29  68  45  57   0   8   0    T  0.0    0  7.6 15 250   M    M   7        20 230
================================================================================
SM 1992 1316       224   0  0.15     0.0 167.8          M      139
================================================================================
AV 68.7 45.4                               5.8 FASTST   M    M   5    MAX(MPH)
                                 MISC ---->  # 21 270               # 29  230
================================================================================
NOTES:
# LAST OF SEVERAL OCCURRENCES

COLUMN 17 PEAK WIND IN M.P.H.

PRELIMINARY LOCAL CLIMATOLOGICAL DATA (WS FORM: F-6) , PAGE 2

                                          STATION:  OLYMPIA WA AIRPORT
                                          MONTH:    MAY
                                          YEAR:     2016
                                          LATITUDE:   46 58 N
                                          LONGITUDE: 122 54 W

[TEMPERATURE DATA]      [PRECIPITATION DATA]       SYMBOLS USED IN COLUMN 16

AVERAGE MONTHLY: 57.0   TOTAL FOR MONTH:   0.15    1 = FOG OR MIST
DPTR FM NORMAL:   3.0   DPTR FM NORMAL:   -2.04    2 = FOG REDUCING VISIBILITY
HIGHEST:    87 ON  2    GRTST 24HR  0.06 ON 21-21      TO 1/4 MILE OR LESS
LOWEST:     37 ON 10, 9                            3 = THUNDER
                        SNOW, ICE PELLETS, HAIL    4 = ICE PELLETS
                        TOTAL MONTH:   0.0 INCH    5 = HAIL
                        GRTST 24HR     0.0         6 = FREEZING RAIN OR DRIZZLE
                        GRTST DEPTH:   0           7 = DUSTSTORM OR SANDSTORM:
                                                       VSBY 1/2 MILE OR LESS
                                                   8 = SMOKE OR HAZE
[NO. OF DAYS WITH]      [WEATHER - DAYS WITH]      9 = BLOWING SNOW
                                                   X = TORNADO
MAX 32 OR BELOW:   0    0.01 INCH OR MORE:   5
MAX 90 OR ABOVE:   0    0.10 INCH OR MORE:   0
MIN 32 OR BELOW:   0    0.50 INCH OR MORE:   0
MIN  0 OR BELOW:   0    1.00 INCH OR MORE:   0

[HDD (BASE 65) ]
TOTAL THIS MO.   224    CLEAR  (SCALE 0-3)   9
DPTR FM NORMAL   -98    PTCLDY (SCALE 4-7)  13
TOTAL FM JUL 1  4509    CLOUDY (SCALE 8-10)  7
DPTR FM NORMAL  -672

[CDD (BASE 65) ]
TOTAL THIS MO.     0
DPTR FM NORMAL     0    [PRESSURE DATA]
TOTAL FM JAN 1     1    HIGHEST SLP M ON M
DPTR FM NORMAL     1    LOWEST  SLP 29.75 ON 21

[REMARKS]
