000
CXUS53 KARX 200930
CF6OLZ
PRELIMINARY LOCAL CLIMATOLOGICAL DATA (WS FORM: F-6)

                                          STATION:   OELWEIN IA
                                          MONTH:     NOVEMBER
                                          YEAR:      2017
                                          LATITUDE:   42 40 N
                                          LONGITUDE:  91 58 W

  TEMPERATURE IN F:       :PCPN:    SNOW:  WIND      :SUNSHINE: SKY     :PK WND
================================================================================
1   2   3   4   5  6A  6B    7    8   9   10  11  12  13   14  15   16   17  18
                                     12Z  AVG MX 2MIN
DY MAX MIN AVG DEP HDD CDD  WTR  SNW DPTH SPD SPD DIR MIN PSBL S-S WX    SPD DR
================================================================================

 1  41  30  36   M  29   0 0.00  0.0    0 13.0 24 150   M    M   7 1      27 160
 2  48  36  42   M  23   0 0.00  0.0    0  8.9 18 350   M    M   8 12     17 310
 3  45  30  38   M  27   0 0.00  0.0    0  9.8 15  80   M    M   5        18  30
 4  45  37  41   M  24   0 0.02    M    0  9.3 15  80   M    M  10 12     22  80
 5  46  30  38   M  27   0 0.00  0.0    0 10.9 22 330   M    M  10 12     25 340
 6  37  23  30   M  35   0 0.00  0.0    0  7.7 13 350   M    M   7         M  M
 7  41  25  33   M  32   0 0.00  0.0    0  8.3 14 360   M    M   4         M  M
 8  45  19  32   M  33   0 0.00  0.0    0  7.8 16 240   M    M   2        20 240
 9  41  16  29   M  36   0 0.00  0.0    0 17.1 28 310   M    M   3        31 320
10  30  14  22   M  43   0 0.00  0.0    M 14.2 20 120   M    M   5        29 150
11  39  30  35   M  30   0 0.03    M    0 11.4 18 160   M    M  10 1      24 150
12  41  28  35   M  30   0 0.21    M    0  5.1  9 300   M    M   6 1       M  M
13  41  23  32   M  33   0 0.00  0.0    0  7.6 15 160   M    M   5 1      20 160
14  45  36  41   M  24   0 0.00  0.0    0 12.5 18 150   M    M  10 1      18 160
15  48  25  37   M  28   0 0.01  0.0    0 19.5 29 310   M    M   8 12     36 310
16  34  25  30   M  35   0 0.00  0.0    0 11.6 23 150   M    M   8        31 150
17  39  32  36   M  29   0 0.05    M    0 14.3 25 150   M    M  10 1      31 150
18  43  23  33   M  32   0 0.06  0.0    0 19.2 30 310   M    M   6 1      35 320
19  37  18  28   M  37   0 0.00  0.0    0 12.4 21 310   M    M   1        30 310
================================================================================
SM  786  500       587   0  0.38     0.0 220.6          M      125
================================================================================
AV 41.4 26.3                              11.6 FASTST   M    M   7    MAX(MPH)
                                 MISC ---->  # 30 310               # 36  310
================================================================================
NOTES:
# LAST OF SEVERAL OCCURRENCES

COLUMN 17 PEAK WIND IN M.P.H.

PRELIMINARY LOCAL CLIMATOLOGICAL DATA (WS FORM: F-6) , PAGE 2

                                          STATION:  OELWEIN IA
                                          MONTH:    NOVEMBER
                                          YEAR:     2017
                                          LATITUDE:   42 40 N
                                          LONGITUDE:  91 58 W

[TEMPERATURE DATA]      [PRECIPITATION DATA]       SYMBOLS USED IN COLUMN 16

AVERAGE MONTHLY: 33.8   TOTAL FOR MONTH:   0.38    1 = FOG OR MIST
DPTR FM NORMAL:     M   DPTR FM NORMAL:       M    2 = FOG REDUCING VISIBILITY
HIGHEST:    48 ON 15, 2 GRTST 24HR  0.21 ON 12-12      TO 1/4 MILE OR LESS
LOWEST:     14 ON 10                               3 = THUNDER
                        SNOW, ICE PELLETS, HAIL    4 = ICE PELLETS
                        TOTAL MONTH:   0.0 INCH    5 = HAIL
                        GRTST 24HR     0.0         6 = FREEZING RAIN OR DRIZZLE
                        GRTST DEPTH:   0           7 = DUSTSTORM OR SANDSTORM:
                                                       VSBY 1/2 MILE OR LESS
                                                   8 = SMOKE OR HAZE
[NO. OF DAYS WITH]      [WEATHER - DAYS WITH]      9 = BLOWING SNOW
                                                   X = TORNADO
MAX 32 OR BELOW:   1    0.01 INCH OR MORE:   6
MAX 90 OR ABOVE:   0    0.10 INCH OR MORE:   1
MIN 32 OR BELOW:  16    0.50 INCH OR MORE:   0
MIN  0 OR BELOW:   0    1.00 INCH OR MORE:   0

[HDD (BASE 65) ]
TOTAL THIS MO.   587    CLEAR  (SCALE 0-3)   2
DPTR FM NORMAL     M    PTCLDY (SCALE 4-7)  10
TOTAL FM JUL 1  1077    CLOUDY (SCALE 8-10)  7
DPTR FM NORMAL     M

[CDD (BASE 65) ]
TOTAL THIS MO.     0
DPTR FM NORMAL     M    [PRESSURE DATA]
TOTAL FM JAN 1   578    HIGHEST SLP M ON M
DPTR FM NORMAL     M    LOWEST  SLP M ON M

[REMARKS]
