000
CXUS53 KARX 260930
CF6OLZ
PRELIMINARY LOCAL CLIMATOLOGICAL DATA (WS FORM: F-6)

                                          STATION:   OELWEIN IA
                                          MONTH:     AUGUST
                                          YEAR:      2016
                                          LATITUDE:   42 40 N
                                          LONGITUDE:  91 58 W

  TEMPERATURE IN F:       :PCPN:    SNOW:  WIND      :SUNSHINE: SKY     :PK WND
================================================================================
1   2   3   4   5  6A  6B    7    8   9   10  11  12  13   14  15   16   17  18
                                     12Z  AVG MX 2MIN
DY MAX MIN AVG DEP HDD CDD  WTR  SNW DPTH SPD SPD DIR MIN PSBL S-S WX    SPD DR
================================================================================

 1  81  66  74   M   0   9    M  0.0    0  9.0 17 150   M    M   6        21 140
 2  81  68  75   M   0  10 0.00  0.0    0  4.5  9 220   M    M   5 12      M  M
 3  86  66  76   M   0  11 0.00  0.0    0  3.6  7 140   M    M   4 12     13  99
 4  86  70  78   M   0  13 1.28  0.0    0  9.2 18 180   M    M   5 13     29 310
 5  77  59  68   M   0   3 0.00  0.0    0  8.0 14 310   M    M   1        20 310
 6   M  55   M   M   M   M 0.00  0.0    0  4.6  8 350   M    M   0         M  M
 7   M   M   M   M   M   M    M    M    M   M   M   M   M    M   M         M  M
 8  79  66  73   M   0   8 0.00  0.0    M  7.3 14 140   M    M   2        15 130
 9  82  63  73   M   0   8 0.00  0.0    0  6.3 12 180   M    M   3 1      16 190
10  86  68  77   M   0  12 0.00  0.0    0  8.2 15 150   M    M   3 128    18 150
11  86  72  79   M   0  14 0.90  0.0    0  8.5 16 160   M    M   5 1      27 300
12  77  68  73   M   0   8 0.04  0.0    0  7.3 16 110   M    M   9 1      16 340
13  79  66  73   M   0   8 0.00  0.0    0  8.7 14 310   M    M   5        21 310
14  81  59  70   M   0   5 0.00  0.0    0  3.1 10 290   M    M   1 12      M  M
15  81  61  71   M   0   6 0.00  0.0    0  4.5  8  60   M    M   1         M  M
16  82  61  72   M   0   7 0.00  0.0    0  4.7 12 190   M    M   3 12     14 200
17  82  64  73   M   0   8 0.33  0.0    0  3.3  9 220   M    M   2 1       M  M
18  86  64  75   M   0  10 0.07  0.0    0  6.9 15 160   M    M   4 12     13 160
19  79  64  72   M   0   7 0.66  0.0    0  8.9 22 260   M    M   6        29 260
20  72  57  65   M   0   0 0.04  0.0    0 10.2 20 320   M    M   6 1      29 330
21   M  54   M   M   M   M 0.00  0.0    0   M   M   M   M    M   M         M  M
22  77  61  69   M   0   4 0.00  0.0    M 12.9 18 200   M    M   0        28 190
23  79  59  69   M   0   4 0.00  0.0    0 13.0 18 170   M    M   4        27 170
24  81  66  74   M   0   9 0.01  0.0    0  9.6 18 180   M    M   9        24 170
25  75  59  67   M   0   2 0.00  0.0    0  4.7  8 300   M    M   3         M  M
================================================================================
SM 1775 1516         0 166  3.33     0.0 167.0          M       87
================================================================================
AV 80.7 63.2                               7.3 FASTST   M    M   4    MAX(MPH)
                                 MISC ---->    22   M                 29    M
================================================================================
NOTES:
# LAST OF SEVERAL OCCURRENCES

COLUMN 17 PEAK WIND IN M.P.H.

PRELIMINARY LOCAL CLIMATOLOGICAL DATA (WS FORM: F-6) , PAGE 2

                                          STATION:  OELWEIN IA
                                          MONTH:    AUGUST
                                          YEAR:     2016
                                          LATITUDE:   42 40 N
                                          LONGITUDE:  91 58 W

[TEMPERATURE DATA]      [PRECIPITATION DATA]       SYMBOLS USED IN COLUMN 16

AVERAGE MONTHLY: 71.9   TOTAL FOR MONTH:   3.33    1 = FOG OR MIST
DPTR FM NORMAL:     M   DPTR FM NORMAL:       M    2 = FOG REDUCING VISIBILITY
HIGHEST:    86 ON 18,11 GRTST 24HR  1.28 ON  4- 4      TO 1/4 MILE OR LESS
LOWEST:     54 ON 21                               3 = THUNDER
                        SNOW, ICE PELLETS, HAIL    4 = ICE PELLETS
                        TOTAL MONTH:   0.0 INCH    5 = HAIL
                        GRTST 24HR     0.0         6 = FREEZING RAIN OR DRIZZLE
                        GRTST DEPTH:   0           7 = DUSTSTORM OR SANDSTORM:
                                                       VSBY 1/2 MILE OR LESS
                                                   8 = SMOKE OR HAZE
[NO. OF DAYS WITH]      [WEATHER - DAYS WITH]      9 = BLOWING SNOW
                                                   X = TORNADO
MAX 32 OR BELOW:   0    0.01 INCH OR MORE:   8
MAX 90 OR ABOVE:   0    0.10 INCH OR MORE:   4
MIN 32 OR BELOW:   0    0.50 INCH OR MORE:   3
MIN  0 OR BELOW:   0    1.00 INCH OR MORE:   1

[HDD (BASE 65) ]
TOTAL THIS MO.     0    CLEAR  (SCALE 0-3)   8
DPTR FM NORMAL     M    PTCLDY (SCALE 4-7)  13
TOTAL FM JUL 1     3    CLOUDY (SCALE 8-10)  2
DPTR FM NORMAL     M

[CDD (BASE 65) ]
TOTAL THIS MO.   166
DPTR FM NORMAL     M    [PRESSURE DATA]
TOTAL FM JAN 1   612    HIGHEST SLP M ON M
DPTR FM NORMAL     M    LOWEST  SLP M ON M

[REMARKS]
