000
CXUS53 KARX 180930
CF6OLZ
PRELIMINARY LOCAL CLIMATOLOGICAL DATA (WS FORM: F-6)

                                          STATION:   OELWEIN IA
                                          MONTH:     JANUARY
                                          YEAR:      2018
                                          LATITUDE:   42 40 N
                                          LONGITUDE:  91 58 W

  TEMPERATURE IN F:       :PCPN:    SNOW:  WIND      :SUNSHINE: SKY     :PK WND
================================================================================
1   2   3   4   5  6A  6B    7    8   9   10  11  12  13   14  15   16   17  18
                                     12Z  AVG MX 2MIN
DY MAX MIN AVG DEP HDD CDD  WTR  SNW DPTH SPD SPD DIR MIN PSBL S-S WX    SPD DR
================================================================================

 1  -4 -18 -11   M  76   0 0.00  0.0    M  9.7 14 330   M    M   0         M  M
 2  14 -20  -3   M  68   0    M    M    M 11.4 22 210   M    M   3        30 210
 3  16  -9   4   M  61   0    M    M    M 16.0 25 320   M    M   3        32 320
 4   7 -11  -2   M  67   0 0.00  0.0    M  6.3 10 320   M    M   6         M  M
 5   5 -11  -3   M  68   0 0.00  0.0    M  6.9  9 350   M    M   2         M  M
 6  10 -13  -1   M  66   0 0.00  0.0    M 10.8 20 160   M    M   3         M  M
 7  30  10  20   M  45   0 0.00  0.0    M 13.6 18 180   M    M   6        24 170
 8  37  19  28   M  37   0 0.00  0.0    M  8.2 14 320   M    M   2 1      20 320
 9  36  23  30   M  35   0 0.00  0.0    M 12.6 20 150   M    M   4 1       M  M
10  41  30  36   M  29   0 0.00  0.0    M 14.0 23 160   M    M  10 12     25 160
11  43   7  25   M  40   0    M    M    M 19.7 27 310   M    M   9 1      32 310
12   9   0   5   M  60   0 0.00  0.0    M 16.4 23 340   M    M   1        33 340
13   7  -8   0   M  65   0 0.00  0.0    M  7.9 14 350   M    M   0         M  M
14  21  -9   6   M  59   0    M    M    M 11.8 20 180   M    M   7 1      23 170
15  21  -4   9   M  56   0    M    M    M 20.4 31 310   M    M   8 1      37 310
16   9  -4   3   M  62   0    M    M    M 13.0 18 320   M    M   7        24 310
17  21  -6   8   M  57   0 0.00  0.0    M 11.9 23 240   M    M   0        25 240
================================================================================
SM  323  -24       951   0  0.00     0.0 210.6          M       71
================================================================================
AV 19.0 -1.4                              12.4 FASTST   M    M   4    MAX(MPH)
                                 MISC ---->  # 31 310               # 37  310
================================================================================
NOTES:
# LAST OF SEVERAL OCCURRENCES

COLUMN 17 PEAK WIND IN M.P.H.

PRELIMINARY LOCAL CLIMATOLOGICAL DATA (WS FORM: F-6) , PAGE 2

                                          STATION:  OELWEIN IA
                                          MONTH:    JANUARY
                                          YEAR:     2018
                                          LATITUDE:   42 40 N
                                          LONGITUDE:  91 58 W

[TEMPERATURE DATA]      [PRECIPITATION DATA]       SYMBOLS USED IN COLUMN 16

AVERAGE MONTHLY:  8.8   TOTAL FOR MONTH:   0.00    1 = FOG OR MIST
DPTR FM NORMAL:     M   DPTR FM NORMAL:       M    2 = FOG REDUCING VISIBILITY
HIGHEST:    43 ON 11    GRTST 24HR  0.00 ON 17-17      TO 1/4 MILE OR LESS
LOWEST:    -20 ON  2                               3 = THUNDER
                        SNOW, ICE PELLETS, HAIL    4 = ICE PELLETS
                        TOTAL MONTH:   0.0 INCH    5 = HAIL
                        GRTST 24HR     0.0         6 = FREEZING RAIN OR DRIZZLE
                        GRTST DEPTH:  M  ON   M    7 = DUSTSTORM OR SANDSTORM:
                                                       VSBY 1/2 MILE OR LESS
                                                   8 = SMOKE OR HAZE
[NO. OF DAYS WITH]      [WEATHER - DAYS WITH]      9 = BLOWING SNOW
                                                   X = TORNADO
MAX 32 OR BELOW:  13    0.01 INCH OR MORE:   0
MAX 90 OR ABOVE:   0    0.10 INCH OR MORE:   0
MIN 32 OR BELOW:  17    0.50 INCH OR MORE:   0
MIN  0 OR BELOW:  12    1.00 INCH OR MORE:   0

[HDD (BASE 65) ]
TOTAL THIS MO.   951    CLEAR  (SCALE 0-3)   8
DPTR FM NORMAL     M    PTCLDY (SCALE 4-7)   6
TOTAL FM JUL 1  3668    CLOUDY (SCALE 8-10)  3
DPTR FM NORMAL     M

[CDD (BASE 65) ]
TOTAL THIS MO.     0
DPTR FM NORMAL     M    [PRESSURE DATA]
TOTAL FM JAN 1     0    HIGHEST SLP M ON M
DPTR FM NORMAL     M    LOWEST  SLP M ON M

[REMARKS]
